{"version":"1.0","provider_name":"Svenska Magasinet","provider_url":"https:\/\/lightweb.dev\/l\/svm-temp","author_name":"Redaktionen SvM","author_url":"https:\/\/lightweb.dev\/l\/svm-temp\/reporter\/redaktionen\/","title":"Elisabeth kommer efter Mila i Fuengirola","type":"rich","width":600,"height":338,"html":"<blockquote class=\"wp-embedded-content\" data-secret=\"VEk4HHWqgn\"><a href=\"https:\/\/lightweb.dev\/l\/svm-temp\/artiklar\/elisabeth-kommer-efter-mila-i-fuengirola\/\">Elisabeth kommer efter Mila i Fuengirola<\/a><\/blockquote><iframe sandbox=\"allow-scripts\" security=\"restricted\" src=\"https:\/\/lightweb.dev\/l\/svm-temp\/artiklar\/elisabeth-kommer-efter-mila-i-fuengirola\/embed\/#?secret=VEk4HHWqgn\" width=\"600\" height=\"338\" title=\"\u201dElisabeth kommer efter Mila i Fuengirola\u201d &ndash; Svenska Magasinet\" data-secret=\"VEk4HHWqgn\" frameborder=\"0\" marginwidth=\"0\" marginheight=\"0\" scrolling=\"no\" class=\"wp-embedded-content\"><\/iframe><script type=\"text\/javascript\">\n\/* <![CDATA[ *\/\n\/*! This file is auto-generated *\/\n!function(d,l){\"use strict\";l.querySelector&&d.addEventListener&&\"undefined\"!=typeof URL&&(d.wp=d.wp||{},d.wp.receiveEmbedMessage||(d.wp.receiveEmbedMessage=function(e){var t=e.data;if((t||t.secret||t.message||t.value)&&!\/[^a-zA-Z0-9]\/.test(t.secret)){for(var s,r,n,a=l.querySelectorAll('iframe[data-secret=\"'+t.secret+'\"]'),o=l.querySelectorAll('blockquote[data-secret=\"'+t.secret+'\"]'),c=new RegExp(\"^https?:$\",\"i\"),i=0;i<o.length;i++)o[i].style.display=\"none\";for(i=0;i<a.length;i++)s=a[i],e.source===s.contentWindow&&(s.removeAttribute(\"style\"),\"height\"===t.message?(1e3<(r=parseInt(t.value,10))?r=1e3:~~r<200&&(r=200),s.height=r):\"link\"===t.message&&(r=new URL(s.getAttribute(\"src\")),n=new URL(t.value),c.test(n.protocol))&&n.host===r.host&&l.activeElement===s&&(d.top.location.href=t.value))}},d.addEventListener(\"message\",d.wp.receiveEmbedMessage,!1),l.addEventListener(\"DOMContentLoaded\",function(){for(var e,t,s=l.querySelectorAll(\"iframe.wp-embedded-content\"),r=0;r<s.length;r++)(t=(e=s[r]).getAttribute(\"data-secret\"))||(t=Math.random().toString(36).substring(2,12),e.src+=\"#?secret=\"+t,e.setAttribute(\"data-secret\",t)),e.contentWindow.postMessage({message:\"ready\",secret:t},\"*\")},!1)))}(window,document);\n\/* ]]> *\/\n<\/script>\n","thumbnail_url":"https:\/\/lightweb.dev\/l\/svm-temp\/wp-content\/uploads\/2022\/04\/elisabeth-kommer-efter-mila-i-fuengirola.png","thumbnail_width":280,"thumbnail_height":373,"description":"Medans Mila tackar f\u00f6r sig, s\u00e5 h\u00e4lsar Elisabeth v\u00e4lkommen. Efter hela 32 \u00e5r som fris\u00f6r i Fuengirola varav 14 \u00e5r p\u00e5 Calle Almeria, har nu Mila slutat p\u00e5 sin salong. Hon vill p\u00e5 detta vis tacka kunder och v\u00e4nner och skickar en stor kram till alla. Jag kommer att sakna allihop, s\u00e4ger Mila, och passar [&hellip;]"}

Medans Mila tackar för sig, så hälsar Elisabeth välkommen. Efter hela 32 år som frisör i Fuengirola varav 14 år på Calle Almeria, har nu Mila slutat på sin salong. Hon vill på detta vis tacka kunder och vänner och skickar en stor kram till alla. Jag kommer att sakna allihop, säger Mila, och passar [&hellip;]
