{"version":"1.0","provider_name":"Svenska Magasinet","provider_url":"https:\/\/lightweb.dev\/l\/svm-temp","author_name":"Redaktionen SvM","author_url":"https:\/\/lightweb.dev\/l\/svm-temp\/reporter\/redaktionen\/","title":"Fernando Morenos byggvaruhus i San Pedro","type":"rich","width":600,"height":338,"html":"<blockquote class=\"wp-embedded-content\" data-secret=\"BNV9MYFUQQ\"><a href=\"https:\/\/lightweb.dev\/l\/svm-temp\/artiklar\/fernando-morenos-byggvaruhus-i-san-pedro\/\">Fernando Morenos byggvaruhus i San Pedro<\/a><\/blockquote><iframe sandbox=\"allow-scripts\" security=\"restricted\" src=\"https:\/\/lightweb.dev\/l\/svm-temp\/artiklar\/fernando-morenos-byggvaruhus-i-san-pedro\/embed\/#?secret=BNV9MYFUQQ\" width=\"600\" height=\"338\" title=\"\u201dFernando Morenos byggvaruhus i San Pedro\u201d &ndash; Svenska Magasinet\" data-secret=\"BNV9MYFUQQ\" frameborder=\"0\" marginwidth=\"0\" marginheight=\"0\" scrolling=\"no\" class=\"wp-embedded-content\"><\/iframe><script type=\"text\/javascript\">\n\/* <![CDATA[ *\/\n\/*! This file is auto-generated *\/\n!function(d,l){\"use strict\";l.querySelector&&d.addEventListener&&\"undefined\"!=typeof URL&&(d.wp=d.wp||{},d.wp.receiveEmbedMessage||(d.wp.receiveEmbedMessage=function(e){var t=e.data;if((t||t.secret||t.message||t.value)&&!\/[^a-zA-Z0-9]\/.test(t.secret)){for(var s,r,n,a=l.querySelectorAll('iframe[data-secret=\"'+t.secret+'\"]'),o=l.querySelectorAll('blockquote[data-secret=\"'+t.secret+'\"]'),c=new RegExp(\"^https?:$\",\"i\"),i=0;i<o.length;i++)o[i].style.display=\"none\";for(i=0;i<a.length;i++)s=a[i],e.source===s.contentWindow&&(s.removeAttribute(\"style\"),\"height\"===t.message?(1e3<(r=parseInt(t.value,10))?r=1e3:~~r<200&&(r=200),s.height=r):\"link\"===t.message&&(r=new URL(s.getAttribute(\"src\")),n=new URL(t.value),c.test(n.protocol))&&n.host===r.host&&l.activeElement===s&&(d.top.location.href=t.value))}},d.addEventListener(\"message\",d.wp.receiveEmbedMessage,!1),l.addEventListener(\"DOMContentLoaded\",function(){for(var e,t,s=l.querySelectorAll(\"iframe.wp-embedded-content\"),r=0;r<s.length;r++)(t=(e=s[r]).getAttribute(\"data-secret\"))||(t=Math.random().toString(36).substring(2,12),e.src+=\"#?secret=\"+t,e.setAttribute(\"data-secret\",t)),e.contentWindow.postMessage({message:\"ready\",secret:t},\"*\")},!1)))}(window,document);\n\/* ]]> *\/\n<\/script>\n","thumbnail_url":"https:\/\/lightweb.dev\/l\/svm-temp\/wp-content\/uploads\/2022\/04\/fernando-morenos-byggvaruhus-i-san-pedro.png","thumbnail_width":302,"thumbnail_height":200,"description":"K\u00f6k och badrum \u00e4r tv\u00e5 ytterst viktiga utrymmen i varje hem. De ger personlighet f\u00f6r bostaden och kr\u00e4ver funktionell inredning och utrustning. H\u00e4r finns en m\u00e4ngd olika stilar och man kan verkligen markera en differens genom att v\u00e4lja r\u00e4tt detaljer. Det \u00e4r viktigt att hitta kakel med r\u00e4tt finish och design vare sig man vill [&hellip;]"}

Kök och badrum är två ytterst viktiga utrymmen i varje hem. De ger personlighet för bostaden och kräver funktionell inredning och utrustning. Här finns en mängd olika stilar och man kan verkligen markera en differens genom att välja rätt detaljer. Det är viktigt att hitta kakel med rätt finish och design vare sig man vill [&hellip;]
