{"version":"1.0","provider_name":"Svenska Magasinet","provider_url":"https:\/\/lightweb.dev\/l\/svm-temp","author_name":"Redaktionen SvM","author_url":"https:\/\/lightweb.dev\/l\/svm-temp\/reporter\/redaktionen\/","title":"Gener\u00f6sa kraftpaket fr\u00e5n M\u00e1lagas \u00e4ldsta bodega","type":"rich","width":600,"height":338,"html":"<blockquote class=\"wp-embedded-content\" data-secret=\"7mQc8kI8So\"><a href=\"https:\/\/lightweb.dev\/l\/svm-temp\/artiklar\/generosa-kraftpaket-fran-malagas-aldsta-bodega\/\">Gener\u00f6sa kraftpaket fr\u00e5n M\u00e1lagas \u00e4ldsta bodega<\/a><\/blockquote><iframe sandbox=\"allow-scripts\" security=\"restricted\" src=\"https:\/\/lightweb.dev\/l\/svm-temp\/artiklar\/generosa-kraftpaket-fran-malagas-aldsta-bodega\/embed\/#?secret=7mQc8kI8So\" width=\"600\" height=\"338\" title=\"\u201dGener\u00f6sa kraftpaket fr\u00e5n M\u00e1lagas \u00e4ldsta bodega\u201d &ndash; Svenska Magasinet\" data-secret=\"7mQc8kI8So\" frameborder=\"0\" marginwidth=\"0\" marginheight=\"0\" scrolling=\"no\" class=\"wp-embedded-content\"><\/iframe><script type=\"text\/javascript\">\n\/* <![CDATA[ *\/\n\/*! This file is auto-generated *\/\n!function(d,l){\"use strict\";l.querySelector&&d.addEventListener&&\"undefined\"!=typeof URL&&(d.wp=d.wp||{},d.wp.receiveEmbedMessage||(d.wp.receiveEmbedMessage=function(e){var t=e.data;if((t||t.secret||t.message||t.value)&&!\/[^a-zA-Z0-9]\/.test(t.secret)){for(var s,r,n,a=l.querySelectorAll('iframe[data-secret=\"'+t.secret+'\"]'),o=l.querySelectorAll('blockquote[data-secret=\"'+t.secret+'\"]'),c=new RegExp(\"^https?:$\",\"i\"),i=0;i<o.length;i++)o[i].style.display=\"none\";for(i=0;i<a.length;i++)s=a[i],e.source===s.contentWindow&&(s.removeAttribute(\"style\"),\"height\"===t.message?(1e3<(r=parseInt(t.value,10))?r=1e3:~~r<200&&(r=200),s.height=r):\"link\"===t.message&&(r=new URL(s.getAttribute(\"src\")),n=new URL(t.value),c.test(n.protocol))&&n.host===r.host&&l.activeElement===s&&(d.top.location.href=t.value))}},d.addEventListener(\"message\",d.wp.receiveEmbedMessage,!1),l.addEventListener(\"DOMContentLoaded\",function(){for(var e,t,s=l.querySelectorAll(\"iframe.wp-embedded-content\"),r=0;r<s.length;r++)(t=(e=s[r]).getAttribute(\"data-secret\"))||(t=Math.random().toString(36).substring(2,12),e.src+=\"#?secret=\"+t,e.setAttribute(\"data-secret\",t)),e.contentWindow.postMessage({message:\"ready\",secret:t},\"*\")},!1)))}(window,document);\n\/* ]]> *\/\n<\/script>\n","thumbnail_url":"https:\/\/lightweb.dev\/l\/svm-temp\/wp-content\/uploads\/2022\/04\/genersa-kraftpaket-frn-mlagas-ldsta-bodega.png","thumbnail_width":280,"thumbnail_height":373,"description":"Egentligen ganska n\u00e4ra, men \u00e4nd\u00e5 s\u00e5 l\u00e5ngt borta. Vi l\u00e4mnar kustv\u00e4gen efter El Palo strax \u00f6ster om M\u00e1laga. En smal och slingrande v\u00e4g leder oss sedan upp i bergen, Montes de M\u00e1laga, till byn Ol\u00edas. En by s\u00e5 liten att vi knappt hinner in i den f\u00f6rr\u00e4n vi \u00e4r ute igen! N\u00e5gon kilometer senare dyker [&hellip;]"}

Generösa kraftpaket från Málagas äldsta bodega

<blockquote class="wp-embedded-content" data-secret="7mQc8kI8So"><a href="https://lightweb.dev/l/svm-temp/artiklar/generosa-kraftpaket-fran-malagas-aldsta-bodega/">Generösa kraftpaket från Málagas äldsta bodega</a></blockquote><iframe sandbox="allow-scripts" security="restricted" src="https://lightweb.dev/l/svm-temp/artiklar/generosa-kraftpaket-fran-malagas-aldsta-bodega/embed/#?secret=7mQc8kI8So" width="600" height="338" title="”Generösa kraftpaket från Málagas äldsta bodega” &ndash; Svenska Magasinet" data-secret="7mQc8kI8So" frameborder="0" marginwidth="0" marginheight="0" scrolling="no" class="wp-embedded-content"></iframe><script type="text/javascript">
/* <![CDATA[ */
/*! This file is auto-generated */
!function(d,l){"use strict";l.querySelector&&d.addEventListener&&"undefined"!=typeof URL&&(d.wp=d.wp||{},d.wp.receiveEmbedMessage||(d.wp.receiveEmbedMessage=function(e){var t=e.data;if((t||t.secret||t.message||t.value)&&!/[^a-zA-Z0-9]/.test(t.secret)){for(var s,r,n,a=l.querySelectorAll('iframe[data-secret="'+t.secret+'"]'),o=l.querySelectorAll('blockquote[data-secret="'+t.secret+'"]'),c=new RegExp("^https?:$","i"),i=0;i<o.length;i++)o[i].style.display="none";for(i=0;i<a.length;i++)s=a[i],e.source===s.contentWindow&&(s.removeAttribute("style"),"height"===t.message?(1e3<(r=parseInt(t.value,10))?r=1e3:~~r<200&&(r=200),s.height=r):"link"===t.message&&(r=new URL(s.getAttribute("src")),n=new URL(t.value),c.test(n.protocol))&&n.host===r.host&&l.activeElement===s&&(d.top.location.href=t.value))}},d.addEventListener("message",d.wp.receiveEmbedMessage,!1),l.addEventListener("DOMContentLoaded",function(){for(var e,t,s=l.querySelectorAll("iframe.wp-embedded-content"),r=0;r<s.length;r++)(t=(e=s[r]).getAttribute("data-secret"))||(t=Math.random().toString(36).substring(2,12),e.src+="#?secret="+t,e.setAttribute("data-secret",t)),e.contentWindow.postMessage({message:"ready",secret:t},"*")},!1)))}(window,document);
/* ]]> */
</script>

Egentligen ganska nära, men ändå så långt borta. Vi lämnar kustvägen efter El Palo strax öster om Málaga. En smal och slingrande väg leder oss sedan upp i bergen, Montes de Málaga, till byn Olías. En by så liten att vi knappt hinner in i den förrän vi är ute igen! Någon kilometer senare dyker [&hellip;]
