{"version":"1.0","provider_name":"Svenska Magasinet","provider_url":"https:\/\/lightweb.dev\/l\/svm-temp","author_name":"Redaktionen SvM","author_url":"https:\/\/lightweb.dev\/l\/svm-temp\/reporter\/redaktionen\/","title":"Gottlieb Hair\u00b4s nya look","type":"rich","width":600,"height":338,"html":"<blockquote class=\"wp-embedded-content\" data-secret=\"pC5I4wJwxb\"><a href=\"https:\/\/lightweb.dev\/l\/svm-temp\/artiklar\/gottlieb-hairs-nya-look\/\">Gottlieb Hair\u00b4s nya look<\/a><\/blockquote><iframe sandbox=\"allow-scripts\" security=\"restricted\" src=\"https:\/\/lightweb.dev\/l\/svm-temp\/artiklar\/gottlieb-hairs-nya-look\/embed\/#?secret=pC5I4wJwxb\" width=\"600\" height=\"338\" title=\"\u201dGottlieb Hair\u00b4s nya look\u201d &ndash; Svenska Magasinet\" data-secret=\"pC5I4wJwxb\" frameborder=\"0\" marginwidth=\"0\" marginheight=\"0\" scrolling=\"no\" class=\"wp-embedded-content\"><\/iframe><script type=\"text\/javascript\">\n\/* <![CDATA[ *\/\n\/*! This file is auto-generated *\/\n!function(d,l){\"use strict\";l.querySelector&&d.addEventListener&&\"undefined\"!=typeof URL&&(d.wp=d.wp||{},d.wp.receiveEmbedMessage||(d.wp.receiveEmbedMessage=function(e){var t=e.data;if((t||t.secret||t.message||t.value)&&!\/[^a-zA-Z0-9]\/.test(t.secret)){for(var s,r,n,a=l.querySelectorAll('iframe[data-secret=\"'+t.secret+'\"]'),o=l.querySelectorAll('blockquote[data-secret=\"'+t.secret+'\"]'),c=new RegExp(\"^https?:$\",\"i\"),i=0;i<o.length;i++)o[i].style.display=\"none\";for(i=0;i<a.length;i++)s=a[i],e.source===s.contentWindow&&(s.removeAttribute(\"style\"),\"height\"===t.message?(1e3<(r=parseInt(t.value,10))?r=1e3:~~r<200&&(r=200),s.height=r):\"link\"===t.message&&(r=new URL(s.getAttribute(\"src\")),n=new URL(t.value),c.test(n.protocol))&&n.host===r.host&&l.activeElement===s&&(d.top.location.href=t.value))}},d.addEventListener(\"message\",d.wp.receiveEmbedMessage,!1),l.addEventListener(\"DOMContentLoaded\",function(){for(var e,t,s=l.querySelectorAll(\"iframe.wp-embedded-content\"),r=0;r<s.length;r++)(t=(e=s[r]).getAttribute(\"data-secret\"))||(t=Math.random().toString(36).substring(2,12),e.src+=\"#?secret=\"+t,e.setAttribute(\"data-secret\",t)),e.contentWindow.postMessage({message:\"ready\",secret:t},\"*\")},!1)))}(window,document);\n\/* ]]> *\/\n<\/script>\n","thumbnail_url":"https:\/\/lightweb.dev\/l\/svm-temp\/wp-content\/uploads\/2022\/04\/gottlieb-hair-s-nya-look.png","thumbnail_width":299,"thumbnail_height":200,"description":"Efter att ha varit verksam i Fuengirola i 20 \u00e5r har nu Gottlieb Hair flyttat sin salong till nya, fr\u00e4scha lokaler mitt i stan p\u00e5 Avda. Jes\u00fas Santos Rein nr 9. Kim Gottlieb driver numera salongen tillsammans med sin dotter Sofie. Den nya salongen \u00e4r ljus och luftig, den \u00e4r l\u00e4tt att hitta till och [&hellip;]"}

Efter att ha varit verksam i Fuengirola i 20 år har nu Gottlieb Hair flyttat sin salong till nya, fräscha lokaler mitt i stan på Avda. Jesús Santos Rein nr 9. Kim Gottlieb driver numera salongen tillsammans med sin dotter Sofie. Den nya salongen är ljus och luftig, den är lätt att hitta till och [&hellip;]
