{"version":"1.0","provider_name":"Svenska Magasinet","provider_url":"https:\/\/lightweb.dev\/l\/svm-temp","author_name":"Redaktionen SvM","author_url":"https:\/\/lightweb.dev\/l\/svm-temp\/reporter\/redaktionen\/","title":"Hyr ut din bostad","type":"rich","width":600,"height":338,"html":"<blockquote class=\"wp-embedded-content\" data-secret=\"W3lIxKDGXa\"><a href=\"https:\/\/lightweb.dev\/l\/svm-temp\/artiklar\/hyr-ut-din-bostad\/\">Hyr ut din bostad<\/a><\/blockquote><iframe sandbox=\"allow-scripts\" security=\"restricted\" src=\"https:\/\/lightweb.dev\/l\/svm-temp\/artiklar\/hyr-ut-din-bostad\/embed\/#?secret=W3lIxKDGXa\" width=\"600\" height=\"338\" title=\"\u201dHyr ut din bostad\u201d &ndash; Svenska Magasinet\" data-secret=\"W3lIxKDGXa\" frameborder=\"0\" marginwidth=\"0\" marginheight=\"0\" scrolling=\"no\" class=\"wp-embedded-content\"><\/iframe><script type=\"text\/javascript\">\n\/* <![CDATA[ *\/\n\/*! This file is auto-generated *\/\n!function(d,l){\"use strict\";l.querySelector&&d.addEventListener&&\"undefined\"!=typeof URL&&(d.wp=d.wp||{},d.wp.receiveEmbedMessage||(d.wp.receiveEmbedMessage=function(e){var t=e.data;if((t||t.secret||t.message||t.value)&&!\/[^a-zA-Z0-9]\/.test(t.secret)){for(var s,r,n,a=l.querySelectorAll('iframe[data-secret=\"'+t.secret+'\"]'),o=l.querySelectorAll('blockquote[data-secret=\"'+t.secret+'\"]'),c=new RegExp(\"^https?:$\",\"i\"),i=0;i<o.length;i++)o[i].style.display=\"none\";for(i=0;i<a.length;i++)s=a[i],e.source===s.contentWindow&&(s.removeAttribute(\"style\"),\"height\"===t.message?(1e3<(r=parseInt(t.value,10))?r=1e3:~~r<200&&(r=200),s.height=r):\"link\"===t.message&&(r=new URL(s.getAttribute(\"src\")),n=new URL(t.value),c.test(n.protocol))&&n.host===r.host&&l.activeElement===s&&(d.top.location.href=t.value))}},d.addEventListener(\"message\",d.wp.receiveEmbedMessage,!1),l.addEventListener(\"DOMContentLoaded\",function(){for(var e,t,s=l.querySelectorAll(\"iframe.wp-embedded-content\"),r=0;r<s.length;r++)(t=(e=s[r]).getAttribute(\"data-secret\"))||(t=Math.random().toString(36).substring(2,12),e.src+=\"#?secret=\"+t,e.setAttribute(\"data-secret\",t)),e.contentWindow.postMessage({message:\"ready\",secret:t},\"*\")},!1)))}(window,document);\n\/* ]]> *\/\n<\/script>\n","thumbnail_url":"https:\/\/lightweb.dev\/l\/svm-temp\/wp-content\/uploads\/2022\/04\/hyr-ut-din-bostad.png","thumbnail_width":280,"thumbnail_height":251,"description":"Mattias p\u00e5 Spain\u00adHoliday, \u00e4r s\u00e4ker p\u00e5 sin sak: semesterbost\u00e4der i Spanien \u00e4r en boomande bransch. Har man som privatperson m\u00f6jlighet att hyra ut sin bostad under delar av \u00e5ret s\u00e5 finns idag v\u00e4ldigt f\u00f6rm\u00e5nliga sk\u00e4l till att g\u00f6ra det. Antalet bes\u00f6kare till Spanien forts\u00e4tter att \u00f6ka och fler resen\u00e4rer uppt\u00e4cker att hyra ett semesterhus eller [&hellip;]"}

Mattias på Spain­Holiday, är säker på sin sak: semesterbostäder i Spanien är en boomande bransch. Har man som privatperson möjlighet att hyra ut sin bostad under delar av året så finns idag väldigt förmånliga skäl till att göra det. Antalet besökare till Spanien fortsätter att öka och fler resenärer upptäcker att hyra ett semesterhus eller [&hellip;]
