{"version":"1.0","provider_name":"Svenska Magasinet","provider_url":"https:\/\/lightweb.dev\/l\/svm-temp","author_name":"Redaktionen SvM","author_url":"https:\/\/lightweb.dev\/l\/svm-temp\/reporter\/redaktionen\/","title":"Julfirandet i Svenska Kyrkan","type":"rich","width":600,"height":338,"html":"<blockquote class=\"wp-embedded-content\" data-secret=\"D5VuGyb0pp\"><a href=\"https:\/\/lightweb.dev\/l\/svm-temp\/artiklar\/julfirandet-i-svenska-kyrkan\/\">Julfirandet i Svenska Kyrkan<\/a><\/blockquote><iframe sandbox=\"allow-scripts\" security=\"restricted\" src=\"https:\/\/lightweb.dev\/l\/svm-temp\/artiklar\/julfirandet-i-svenska-kyrkan\/embed\/#?secret=D5VuGyb0pp\" width=\"600\" height=\"338\" title=\"\u201dJulfirandet i Svenska Kyrkan\u201d &ndash; Svenska Magasinet\" data-secret=\"D5VuGyb0pp\" frameborder=\"0\" marginwidth=\"0\" marginheight=\"0\" scrolling=\"no\" class=\"wp-embedded-content\"><\/iframe><script type=\"text\/javascript\">\n\/* <![CDATA[ *\/\n\/*! This file is auto-generated *\/\n!function(d,l){\"use strict\";l.querySelector&&d.addEventListener&&\"undefined\"!=typeof URL&&(d.wp=d.wp||{},d.wp.receiveEmbedMessage||(d.wp.receiveEmbedMessage=function(e){var t=e.data;if((t||t.secret||t.message||t.value)&&!\/[^a-zA-Z0-9]\/.test(t.secret)){for(var s,r,n,a=l.querySelectorAll('iframe[data-secret=\"'+t.secret+'\"]'),o=l.querySelectorAll('blockquote[data-secret=\"'+t.secret+'\"]'),c=new RegExp(\"^https?:$\",\"i\"),i=0;i<o.length;i++)o[i].style.display=\"none\";for(i=0;i<a.length;i++)s=a[i],e.source===s.contentWindow&&(s.removeAttribute(\"style\"),\"height\"===t.message?(1e3<(r=parseInt(t.value,10))?r=1e3:~~r<200&&(r=200),s.height=r):\"link\"===t.message&&(r=new URL(s.getAttribute(\"src\")),n=new URL(t.value),c.test(n.protocol))&&n.host===r.host&&l.activeElement===s&&(d.top.location.href=t.value))}},d.addEventListener(\"message\",d.wp.receiveEmbedMessage,!1),l.addEventListener(\"DOMContentLoaded\",function(){for(var e,t,s=l.querySelectorAll(\"iframe.wp-embedded-content\"),r=0;r<s.length;r++)(t=(e=s[r]).getAttribute(\"data-secret\"))||(t=Math.random().toString(36).substring(2,12),e.src+=\"#?secret=\"+t,e.setAttribute(\"data-secret\",t)),e.contentWindow.postMessage({message:\"ready\",secret:t},\"*\")},!1)))}(window,document);\n\/* ]]> *\/\n<\/script>\n","thumbnail_url":"https:\/\/lightweb.dev\/l\/svm-temp\/wp-content\/uploads\/2022\/04\/julfirandet-i-svenska-kyrkan.png","thumbnail_width":280,"thumbnail_height":202,"description":"Svenska kyrkan bj\u00f6d p\u00e5 ett traditionellt julfirande, precis som det skall vara. P\u00e5 f\u00f6rmiddagen inbj\u00f6ds till en Andakt vid krubban, d\u00e5 vi sj\u00f6ng de k\u00e4nda julpsalmerna och barn l\u00e4ste verser, bar fram julevangeliets figurer och st\u00e4llde dem p\u00e5 plats i julkrubban. Eftermiddagens julb\u00f6n inneh\u00f6ll mycket s\u00e5ng och musik. Kyrkok\u00f6ren sj\u00f6ng bl.a. \u201d Jul, jul, str\u00e5lande [&hellip;]"}

Svenska kyrkan bjöd på ett traditionellt julfirande, precis som det skall vara. På förmiddagen inbjöds till en Andakt vid krubban, då vi sjöng de kända julpsalmerna och barn läste verser, bar fram julevangeliets figurer och ställde dem på plats i julkrubban. Eftermiddagens julbön innehöll mycket sång och musik. Kyrkokören sjöng bl.a. ” Jul, jul, strålande [&hellip;]
