{"version":"1.0","provider_name":"Svenska Magasinet","provider_url":"https:\/\/lightweb.dev\/l\/svm-temp","author_name":"Redaktionen SvM","author_url":"https:\/\/lightweb.dev\/l\/svm-temp\/reporter\/redaktionen\/","title":"Nu \u00e4r Museo Carmen Thyssen invigt","type":"rich","width":600,"height":338,"html":"<blockquote class=\"wp-embedded-content\" data-secret=\"hTlEteiKVb\"><a href=\"https:\/\/lightweb.dev\/l\/svm-temp\/artiklar\/nu-ar-museo-carmen-thyssen-invigt\/\">Nu \u00e4r Museo Carmen Thyssen invigt<\/a><\/blockquote><iframe sandbox=\"allow-scripts\" security=\"restricted\" src=\"https:\/\/lightweb.dev\/l\/svm-temp\/artiklar\/nu-ar-museo-carmen-thyssen-invigt\/embed\/#?secret=hTlEteiKVb\" width=\"600\" height=\"338\" title=\"\u201dNu \u00e4r Museo Carmen Thyssen invigt\u201d &ndash; Svenska Magasinet\" data-secret=\"hTlEteiKVb\" frameborder=\"0\" marginwidth=\"0\" marginheight=\"0\" scrolling=\"no\" class=\"wp-embedded-content\"><\/iframe><script type=\"text\/javascript\">\n\/* <![CDATA[ *\/\n\/*! This file is auto-generated *\/\n!function(d,l){\"use strict\";l.querySelector&&d.addEventListener&&\"undefined\"!=typeof URL&&(d.wp=d.wp||{},d.wp.receiveEmbedMessage||(d.wp.receiveEmbedMessage=function(e){var t=e.data;if((t||t.secret||t.message||t.value)&&!\/[^a-zA-Z0-9]\/.test(t.secret)){for(var s,r,n,a=l.querySelectorAll('iframe[data-secret=\"'+t.secret+'\"]'),o=l.querySelectorAll('blockquote[data-secret=\"'+t.secret+'\"]'),c=new RegExp(\"^https?:$\",\"i\"),i=0;i<o.length;i++)o[i].style.display=\"none\";for(i=0;i<a.length;i++)s=a[i],e.source===s.contentWindow&&(s.removeAttribute(\"style\"),\"height\"===t.message?(1e3<(r=parseInt(t.value,10))?r=1e3:~~r<200&&(r=200),s.height=r):\"link\"===t.message&&(r=new URL(s.getAttribute(\"src\")),n=new URL(t.value),c.test(n.protocol))&&n.host===r.host&&l.activeElement===s&&(d.top.location.href=t.value))}},d.addEventListener(\"message\",d.wp.receiveEmbedMessage,!1),l.addEventListener(\"DOMContentLoaded\",function(){for(var e,t,s=l.querySelectorAll(\"iframe.wp-embedded-content\"),r=0;r<s.length;r++)(t=(e=s[r]).getAttribute(\"data-secret\"))||(t=Math.random().toString(36).substring(2,12),e.src+=\"#?secret=\"+t,e.setAttribute(\"data-secret\",t)),e.contentWindow.postMessage({message:\"ready\",secret:t},\"*\")},!1)))}(window,document);\n\/* ]]> *\/\n<\/script>\n","thumbnail_url":"https:\/\/lightweb.dev\/l\/svm-temp\/wp-content\/uploads\/2022\/04\/nu-r-museo-carmen-thyssen-invigt.png","thumbnail_width":280,"thumbnail_height":210,"description":"S\u00e5 \u00e4r d\u00e5 Museo Carmen Thyssen en verklighet. Efter sju \u00e5rs arbete med byggnaden Palacio Villal\u00f3n och fyra \u00e5rs planering med baronessan Carmen Thyssens privata samling \u00f6ppnade museet den 24 mars under n\u00e4rvaro av bland annat sk\u00e5despelaren Antonio Banderas och hustrun Melanie Griffith Av Ola Josefsson 11.000 bes\u00f6kare kom under de tre f\u00f6rsta dagarna efter [&hellip;]"}

Nu är Museo Carmen Thyssen invigt

<blockquote class="wp-embedded-content" data-secret="hTlEteiKVb"><a href="https://lightweb.dev/l/svm-temp/artiklar/nu-ar-museo-carmen-thyssen-invigt/">Nu är Museo Carmen Thyssen invigt</a></blockquote><iframe sandbox="allow-scripts" security="restricted" src="https://lightweb.dev/l/svm-temp/artiklar/nu-ar-museo-carmen-thyssen-invigt/embed/#?secret=hTlEteiKVb" width="600" height="338" title="”Nu är Museo Carmen Thyssen invigt” &ndash; Svenska Magasinet" data-secret="hTlEteiKVb" frameborder="0" marginwidth="0" marginheight="0" scrolling="no" class="wp-embedded-content"></iframe><script type="text/javascript">
/* <![CDATA[ */
/*! This file is auto-generated */
!function(d,l){"use strict";l.querySelector&&d.addEventListener&&"undefined"!=typeof URL&&(d.wp=d.wp||{},d.wp.receiveEmbedMessage||(d.wp.receiveEmbedMessage=function(e){var t=e.data;if((t||t.secret||t.message||t.value)&&!/[^a-zA-Z0-9]/.test(t.secret)){for(var s,r,n,a=l.querySelectorAll('iframe[data-secret="'+t.secret+'"]'),o=l.querySelectorAll('blockquote[data-secret="'+t.secret+'"]'),c=new RegExp("^https?:$","i"),i=0;i<o.length;i++)o[i].style.display="none";for(i=0;i<a.length;i++)s=a[i],e.source===s.contentWindow&&(s.removeAttribute("style"),"height"===t.message?(1e3<(r=parseInt(t.value,10))?r=1e3:~~r<200&&(r=200),s.height=r):"link"===t.message&&(r=new URL(s.getAttribute("src")),n=new URL(t.value),c.test(n.protocol))&&n.host===r.host&&l.activeElement===s&&(d.top.location.href=t.value))}},d.addEventListener("message",d.wp.receiveEmbedMessage,!1),l.addEventListener("DOMContentLoaded",function(){for(var e,t,s=l.querySelectorAll("iframe.wp-embedded-content"),r=0;r<s.length;r++)(t=(e=s[r]).getAttribute("data-secret"))||(t=Math.random().toString(36).substring(2,12),e.src+="#?secret="+t,e.setAttribute("data-secret",t)),e.contentWindow.postMessage({message:"ready",secret:t},"*")},!1)))}(window,document);
/* ]]> */
</script>

Så är då Museo Carmen Thyssen en verklighet. Efter sju års arbete med byggnaden Palacio Villalón och fyra års planering med baronessan Carmen Thyssens privata samling öppnade museet den 24 mars under närvaro av bland annat skådespelaren Antonio Banderas och hustrun Melanie Griffith Av Ola Josefsson 11.000 besökare kom under de tre första dagarna efter [&hellip;]
