{"version":"1.0","provider_name":"Svenska Magasinet","provider_url":"https:\/\/lightweb.dev\/l\/svm-temp","author_name":"Redaktionen SvM","author_url":"https:\/\/lightweb.dev\/l\/svm-temp\/reporter\/redaktionen\/","title":"Nu blommar det!","type":"rich","width":600,"height":338,"html":"<blockquote class=\"wp-embedded-content\" data-secret=\"vfI9FqTD9r\"><a href=\"https:\/\/lightweb.dev\/l\/svm-temp\/artiklar\/nu-blommar-det\/\">Nu blommar det!<\/a><\/blockquote><iframe sandbox=\"allow-scripts\" security=\"restricted\" src=\"https:\/\/lightweb.dev\/l\/svm-temp\/artiklar\/nu-blommar-det\/embed\/#?secret=vfI9FqTD9r\" width=\"600\" height=\"338\" title=\"\u201dNu blommar det!\u201d &ndash; Svenska Magasinet\" data-secret=\"vfI9FqTD9r\" frameborder=\"0\" marginwidth=\"0\" marginheight=\"0\" scrolling=\"no\" class=\"wp-embedded-content\"><\/iframe><script type=\"text\/javascript\">\n\/* <![CDATA[ *\/\n\/*! This file is auto-generated *\/\n!function(d,l){\"use strict\";l.querySelector&&d.addEventListener&&\"undefined\"!=typeof URL&&(d.wp=d.wp||{},d.wp.receiveEmbedMessage||(d.wp.receiveEmbedMessage=function(e){var t=e.data;if((t||t.secret||t.message||t.value)&&!\/[^a-zA-Z0-9]\/.test(t.secret)){for(var s,r,n,a=l.querySelectorAll('iframe[data-secret=\"'+t.secret+'\"]'),o=l.querySelectorAll('blockquote[data-secret=\"'+t.secret+'\"]'),c=new RegExp(\"^https?:$\",\"i\"),i=0;i<o.length;i++)o[i].style.display=\"none\";for(i=0;i<a.length;i++)s=a[i],e.source===s.contentWindow&&(s.removeAttribute(\"style\"),\"height\"===t.message?(1e3<(r=parseInt(t.value,10))?r=1e3:~~r<200&&(r=200),s.height=r):\"link\"===t.message&&(r=new URL(s.getAttribute(\"src\")),n=new URL(t.value),c.test(n.protocol))&&n.host===r.host&&l.activeElement===s&&(d.top.location.href=t.value))}},d.addEventListener(\"message\",d.wp.receiveEmbedMessage,!1),l.addEventListener(\"DOMContentLoaded\",function(){for(var e,t,s=l.querySelectorAll(\"iframe.wp-embedded-content\"),r=0;r<s.length;r++)(t=(e=s[r]).getAttribute(\"data-secret\"))||(t=Math.random().toString(36).substring(2,12),e.src+=\"#?secret=\"+t,e.setAttribute(\"data-secret\",t)),e.contentWindow.postMessage({message:\"ready\",secret:t},\"*\")},!1)))}(window,document);\n\/* ]]> *\/\n<\/script>\n","thumbnail_url":"https:\/\/lightweb.dev\/l\/svm-temp\/wp-content\/uploads\/2021\/03\/coffee-gd09340dec_1920.jpg","thumbnail_width":1920,"thumbnail_height":1280,"description":"KORTBYX-V\u00c4DER \u00c4R P\u00c5 V\u00c4G! Aldrig hade jag trott att jag faktiskt skulle yppa klagan \u00f6ver det spanska v\u00e4dret \u2013 och jag menar verkligen inte att l\u00e5ta gn\u00e4llig. Vem kan klaga p\u00e5 v\u00e4dret i paradiset? Av Anders Rosell, chefredakt\u00f6r och formgivare Men efter ha bott h\u00e4r i tv\u00e5 och ett halvt \u00e5r s\u00e5 har b\u00e5de knoppen [&hellip;]"}

KORTBYX-VÄDER ÄR PÅ VÄG! Aldrig hade jag trott att jag faktiskt skulle yppa klagan över det spanska vädret – och jag menar verkligen inte att låta gnällig. Vem kan klaga på vädret i paradiset? Av Anders Rosell, chefredaktör och formgivare Men efter ha bott här i två och ett halvt år så har både knoppen [&hellip;]
