{"version":"1.0","provider_name":"Svenska Magasinet","provider_url":"https:\/\/lightweb.dev\/l\/svm-temp","author_name":"Redaktionen SvM","author_url":"https:\/\/lightweb.dev\/l\/svm-temp\/reporter\/redaktionen\/","title":"Ny svensktalande tandl\u00e4kare i Marbella","type":"rich","width":600,"height":338,"html":"<blockquote class=\"wp-embedded-content\" data-secret=\"gVEc3Uiqel\"><a href=\"https:\/\/lightweb.dev\/l\/svm-temp\/artiklar\/ny-svensktalande-tandlakare-i-marbella\/\">Ny svensktalande tandl\u00e4kare i Marbella<\/a><\/blockquote><iframe sandbox=\"allow-scripts\" security=\"restricted\" src=\"https:\/\/lightweb.dev\/l\/svm-temp\/artiklar\/ny-svensktalande-tandlakare-i-marbella\/embed\/#?secret=gVEc3Uiqel\" width=\"600\" height=\"338\" title=\"\u201dNy svensktalande tandl\u00e4kare i Marbella\u201d &ndash; Svenska Magasinet\" data-secret=\"gVEc3Uiqel\" frameborder=\"0\" marginwidth=\"0\" marginheight=\"0\" scrolling=\"no\" class=\"wp-embedded-content\"><\/iframe><script type=\"text\/javascript\">\n\/* <![CDATA[ *\/\n\/*! This file is auto-generated *\/\n!function(d,l){\"use strict\";l.querySelector&&d.addEventListener&&\"undefined\"!=typeof URL&&(d.wp=d.wp||{},d.wp.receiveEmbedMessage||(d.wp.receiveEmbedMessage=function(e){var t=e.data;if((t||t.secret||t.message||t.value)&&!\/[^a-zA-Z0-9]\/.test(t.secret)){for(var s,r,n,a=l.querySelectorAll('iframe[data-secret=\"'+t.secret+'\"]'),o=l.querySelectorAll('blockquote[data-secret=\"'+t.secret+'\"]'),c=new RegExp(\"^https?:$\",\"i\"),i=0;i<o.length;i++)o[i].style.display=\"none\";for(i=0;i<a.length;i++)s=a[i],e.source===s.contentWindow&&(s.removeAttribute(\"style\"),\"height\"===t.message?(1e3<(r=parseInt(t.value,10))?r=1e3:~~r<200&&(r=200),s.height=r):\"link\"===t.message&&(r=new URL(s.getAttribute(\"src\")),n=new URL(t.value),c.test(n.protocol))&&n.host===r.host&&l.activeElement===s&&(d.top.location.href=t.value))}},d.addEventListener(\"message\",d.wp.receiveEmbedMessage,!1),l.addEventListener(\"DOMContentLoaded\",function(){for(var e,t,s=l.querySelectorAll(\"iframe.wp-embedded-content\"),r=0;r<s.length;r++)(t=(e=s[r]).getAttribute(\"data-secret\"))||(t=Math.random().toString(36).substring(2,12),e.src+=\"#?secret=\"+t,e.setAttribute(\"data-secret\",t)),e.contentWindow.postMessage({message:\"ready\",secret:t},\"*\")},!1)))}(window,document);\n\/* ]]> *\/\n<\/script>\n","thumbnail_url":"https:\/\/lightweb.dev\/l\/svm-temp\/wp-content\/uploads\/2022\/04\/ny-svensktalande-tandlkare-i-marbella.png","thumbnail_width":328,"thumbnail_height":200,"description":"Tandl\u00e4kare Dr Sorin Cristea \u00f6ppnade sin klinik Dental Marbella \u00e5r 2000. Dr Sorin \u00e4r f\u00f6dd och uppvuxen i Sverige och d\u00e4refter utbildad p\u00e5 universitet i Tyskland. google_ad_client = &#8221;ca-pub-4108016601726900&#8221;; google_ad_slot = &#8221;4324319218&#8221;; google_ad_width = 728; google_ad_height = 15; Han \u00e4r en verkligt avundsv\u00e4rd person som pratar \u201calla\u201d spr\u00e5k, svenska, engelska, tyska, spanska\u2026&#8230;P\u00e5 kliniken l\u00e4gger man [&hellip;]"}

Ny svensktalande tandläkare i Marbella

<blockquote class="wp-embedded-content" data-secret="gVEc3Uiqel"><a href="https://lightweb.dev/l/svm-temp/artiklar/ny-svensktalande-tandlakare-i-marbella/">Ny svensktalande tandläkare i Marbella</a></blockquote><iframe sandbox="allow-scripts" security="restricted" src="https://lightweb.dev/l/svm-temp/artiklar/ny-svensktalande-tandlakare-i-marbella/embed/#?secret=gVEc3Uiqel" width="600" height="338" title="”Ny svensktalande tandläkare i Marbella” &ndash; Svenska Magasinet" data-secret="gVEc3Uiqel" frameborder="0" marginwidth="0" marginheight="0" scrolling="no" class="wp-embedded-content"></iframe><script type="text/javascript">
/* <![CDATA[ */
/*! This file is auto-generated */
!function(d,l){"use strict";l.querySelector&&d.addEventListener&&"undefined"!=typeof URL&&(d.wp=d.wp||{},d.wp.receiveEmbedMessage||(d.wp.receiveEmbedMessage=function(e){var t=e.data;if((t||t.secret||t.message||t.value)&&!/[^a-zA-Z0-9]/.test(t.secret)){for(var s,r,n,a=l.querySelectorAll('iframe[data-secret="'+t.secret+'"]'),o=l.querySelectorAll('blockquote[data-secret="'+t.secret+'"]'),c=new RegExp("^https?:$","i"),i=0;i<o.length;i++)o[i].style.display="none";for(i=0;i<a.length;i++)s=a[i],e.source===s.contentWindow&&(s.removeAttribute("style"),"height"===t.message?(1e3<(r=parseInt(t.value,10))?r=1e3:~~r<200&&(r=200),s.height=r):"link"===t.message&&(r=new URL(s.getAttribute("src")),n=new URL(t.value),c.test(n.protocol))&&n.host===r.host&&l.activeElement===s&&(d.top.location.href=t.value))}},d.addEventListener("message",d.wp.receiveEmbedMessage,!1),l.addEventListener("DOMContentLoaded",function(){for(var e,t,s=l.querySelectorAll("iframe.wp-embedded-content"),r=0;r<s.length;r++)(t=(e=s[r]).getAttribute("data-secret"))||(t=Math.random().toString(36).substring(2,12),e.src+="#?secret="+t,e.setAttribute("data-secret",t)),e.contentWindow.postMessage({message:"ready",secret:t},"*")},!1)))}(window,document);
/* ]]> */
</script>

Tandläkare Dr Sorin Cristea öppnade sin klinik Dental Marbella år 2000. Dr Sorin är född och uppvuxen i Sverige och därefter utbildad på universitet i Tyskland. google_ad_client = &#8221;ca-pub-4108016601726900&#8221;; google_ad_slot = &#8221;4324319218&#8221;; google_ad_width = 728; google_ad_height = 15; Han är en verkligt avundsvärd person som pratar “alla” språk, svenska, engelska, tyska, spanska…&#8230;På kliniken lägger man [&hellip;]
