{"version":"1.0","provider_name":"Svenska Magasinet","provider_url":"https:\/\/lightweb.dev\/l\/svm-temp","author_name":"Redaktionen SvM","author_url":"https:\/\/lightweb.dev\/l\/svm-temp\/reporter\/redaktionen\/","title":"Regreso de los vikingos","type":"rich","width":600,"height":338,"html":"<blockquote class=\"wp-embedded-content\" data-secret=\"JHE5nvCQ2U\"><a href=\"https:\/\/lightweb.dev\/l\/svm-temp\/artiklar\/regreso-de-los-vikingos\/\">Regreso de los vikingos<\/a><\/blockquote><iframe sandbox=\"allow-scripts\" security=\"restricted\" src=\"https:\/\/lightweb.dev\/l\/svm-temp\/artiklar\/regreso-de-los-vikingos\/embed\/#?secret=JHE5nvCQ2U\" width=\"600\" height=\"338\" title=\"\u201dRegreso de los vikingos\u201d &ndash; Svenska Magasinet\" data-secret=\"JHE5nvCQ2U\" frameborder=\"0\" marginwidth=\"0\" marginheight=\"0\" scrolling=\"no\" class=\"wp-embedded-content\"><\/iframe><script type=\"text\/javascript\">\n\/* <![CDATA[ *\/\n\/*! This file is auto-generated *\/\n!function(d,l){\"use strict\";l.querySelector&&d.addEventListener&&\"undefined\"!=typeof URL&&(d.wp=d.wp||{},d.wp.receiveEmbedMessage||(d.wp.receiveEmbedMessage=function(e){var t=e.data;if((t||t.secret||t.message||t.value)&&!\/[^a-zA-Z0-9]\/.test(t.secret)){for(var s,r,n,a=l.querySelectorAll('iframe[data-secret=\"'+t.secret+'\"]'),o=l.querySelectorAll('blockquote[data-secret=\"'+t.secret+'\"]'),c=new RegExp(\"^https?:$\",\"i\"),i=0;i<o.length;i++)o[i].style.display=\"none\";for(i=0;i<a.length;i++)s=a[i],e.source===s.contentWindow&&(s.removeAttribute(\"style\"),\"height\"===t.message?(1e3<(r=parseInt(t.value,10))?r=1e3:~~r<200&&(r=200),s.height=r):\"link\"===t.message&&(r=new URL(s.getAttribute(\"src\")),n=new URL(t.value),c.test(n.protocol))&&n.host===r.host&&l.activeElement===s&&(d.top.location.href=t.value))}},d.addEventListener(\"message\",d.wp.receiveEmbedMessage,!1),l.addEventListener(\"DOMContentLoaded\",function(){for(var e,t,s=l.querySelectorAll(\"iframe.wp-embedded-content\"),r=0;r<s.length;r++)(t=(e=s[r]).getAttribute(\"data-secret\"))||(t=Math.random().toString(36).substring(2,12),e.src+=\"#?secret=\"+t,e.setAttribute(\"data-secret\",t)),e.contentWindow.postMessage({message:\"ready\",secret:t},\"*\")},!1)))}(window,document);\n\/* ]]> *\/\n<\/script>\n","thumbnail_url":"https:\/\/lightweb.dev\/l\/svm-temp\/wp-content\/uploads\/2022\/04\/regreso-de-los-vikingos.png","thumbnail_width":280,"thumbnail_height":225,"description":"Vikingarna \u00e5terv\u00e4nder till Spanien. Fem ton material sl\u00e4par vikingar med sig fr\u00e5n Birka i M\u00e4lardalen till Feria de los Pueblos i Fuengirola den 26 till 29 april. Smed, runristare och hantverkare kommer att finnas p\u00e5 plats vid den svenska casetan Av Ola Josefsson De kallas f\u00f6r M\u00e4larens K\u00f6lar och \u00e4r genuina vikingar fr\u00e5n Birka i [&hellip;]"}

Vikingarna återvänder till Spanien. Fem ton material släpar vikingar med sig från Birka i Mälardalen till Feria de los Pueblos i Fuengirola den 26 till 29 april. Smed, runristare och hantverkare kommer att finnas på plats vid den svenska casetan Av Ola Josefsson De kallas för Mälarens Kölar och är genuina vikingar från Birka i [&hellip;]
