{"version":"1.0","provider_name":"Svenska Magasinet","provider_url":"https:\/\/lightweb.dev\/l\/svm-temp","author_name":"Redaktionen SvM","author_url":"https:\/\/lightweb.dev\/l\/svm-temp\/reporter\/redaktionen\/","title":"Res med till Meknes och Marocko","type":"rich","width":600,"height":338,"html":"<blockquote class=\"wp-embedded-content\" data-secret=\"ztZXwO7HHV\"><a href=\"https:\/\/lightweb.dev\/l\/svm-temp\/artiklar\/res-med-till-meknes-och-marocko\/\">Res med till Meknes och Marocko<\/a><\/blockquote><iframe sandbox=\"allow-scripts\" security=\"restricted\" src=\"https:\/\/lightweb.dev\/l\/svm-temp\/artiklar\/res-med-till-meknes-och-marocko\/embed\/#?secret=ztZXwO7HHV\" width=\"600\" height=\"338\" title=\"\u201dRes med till Meknes och Marocko\u201d &ndash; Svenska Magasinet\" data-secret=\"ztZXwO7HHV\" frameborder=\"0\" marginwidth=\"0\" marginheight=\"0\" scrolling=\"no\" class=\"wp-embedded-content\"><\/iframe><script type=\"text\/javascript\">\n\/* <![CDATA[ *\/\n\/*! This file is auto-generated *\/\n!function(d,l){\"use strict\";l.querySelector&&d.addEventListener&&\"undefined\"!=typeof URL&&(d.wp=d.wp||{},d.wp.receiveEmbedMessage||(d.wp.receiveEmbedMessage=function(e){var t=e.data;if((t||t.secret||t.message||t.value)&&!\/[^a-zA-Z0-9]\/.test(t.secret)){for(var s,r,n,a=l.querySelectorAll('iframe[data-secret=\"'+t.secret+'\"]'),o=l.querySelectorAll('blockquote[data-secret=\"'+t.secret+'\"]'),c=new RegExp(\"^https?:$\",\"i\"),i=0;i<o.length;i++)o[i].style.display=\"none\";for(i=0;i<a.length;i++)s=a[i],e.source===s.contentWindow&&(s.removeAttribute(\"style\"),\"height\"===t.message?(1e3<(r=parseInt(t.value,10))?r=1e3:~~r<200&&(r=200),s.height=r):\"link\"===t.message&&(r=new URL(s.getAttribute(\"src\")),n=new URL(t.value),c.test(n.protocol))&&n.host===r.host&&l.activeElement===s&&(d.top.location.href=t.value))}},d.addEventListener(\"message\",d.wp.receiveEmbedMessage,!1),l.addEventListener(\"DOMContentLoaded\",function(){for(var e,t,s=l.querySelectorAll(\"iframe.wp-embedded-content\"),r=0;r<s.length;r++)(t=(e=s[r]).getAttribute(\"data-secret\"))||(t=Math.random().toString(36).substring(2,12),e.src+=\"#?secret=\"+t,e.setAttribute(\"data-secret\",t)),e.contentWindow.postMessage({message:\"ready\",secret:t},\"*\")},!1)))}(window,document);\n\/* ]]> *\/\n<\/script>\n","thumbnail_url":"https:\/\/lightweb.dev\/l\/svm-temp\/wp-content\/uploads\/2022\/04\/res-med-till-meknes-och-marocko.png","thumbnail_width":303,"thumbnail_height":200,"description":"Marockoresan \u00e4r mellan den 12 till 16 november med guiden Siv B. Ling och vi bes\u00f6ker Chefchaouen, Meknes, Volubilis, Fes, Rabat och Tanger under fyra n\u00e4tter och fem dagar med buss. Programtext: Siv B. Ling Upplev \u201dden g\u00e5tfulla staden\u201d Fes, Marockos kulturella centrum, som tj\u00e4nstgjort som landets huvudstad l\u00e4ngre \u00e4n n\u00e5gon annan stad och \u00e4r [&hellip;]"}

Marockoresan är mellan den 12 till 16 november med guiden Siv B. Ling och vi besöker Chefchaouen, Meknes, Volubilis, Fes, Rabat och Tanger under fyra nätter och fem dagar med buss. Programtext: Siv B. Ling Upplev ”den gåtfulla staden” Fes, Marockos kulturella centrum, som tjänstgjort som landets huvudstad längre än någon annan stad och är [&hellip;]
