{"version":"1.0","provider_name":"Svenska Magasinet","provider_url":"https:\/\/lightweb.dev\/l\/svm-temp","author_name":"Redaktionen SvM","author_url":"https:\/\/lightweb.dev\/l\/svm-temp\/reporter\/redaktionen\/","title":"Smygrelease \u00a8F\u00e5ngad i Marbella\u00a8","type":"rich","width":600,"height":338,"html":"<blockquote class=\"wp-embedded-content\" data-secret=\"Rg5azpBYGD\"><a href=\"https:\/\/lightweb.dev\/l\/svm-temp\/artiklar\/smygrelease-%c2%a8fangad-i-marbella%c2%a8\/\">Smygrelease \u00a8F\u00e5ngad i Marbella\u00a8<\/a><\/blockquote><iframe sandbox=\"allow-scripts\" security=\"restricted\" src=\"https:\/\/lightweb.dev\/l\/svm-temp\/artiklar\/smygrelease-%c2%a8fangad-i-marbella%c2%a8\/embed\/#?secret=Rg5azpBYGD\" width=\"600\" height=\"338\" title=\"\u201dSmygrelease \u00a8F\u00e5ngad i Marbella\u00a8\u201d &ndash; Svenska Magasinet\" data-secret=\"Rg5azpBYGD\" frameborder=\"0\" marginwidth=\"0\" marginheight=\"0\" scrolling=\"no\" class=\"wp-embedded-content\"><\/iframe><script type=\"text\/javascript\">\n\/* <![CDATA[ *\/\n\/*! This file is auto-generated *\/\n!function(d,l){\"use strict\";l.querySelector&&d.addEventListener&&\"undefined\"!=typeof URL&&(d.wp=d.wp||{},d.wp.receiveEmbedMessage||(d.wp.receiveEmbedMessage=function(e){var t=e.data;if((t||t.secret||t.message||t.value)&&!\/[^a-zA-Z0-9]\/.test(t.secret)){for(var s,r,n,a=l.querySelectorAll('iframe[data-secret=\"'+t.secret+'\"]'),o=l.querySelectorAll('blockquote[data-secret=\"'+t.secret+'\"]'),c=new RegExp(\"^https?:$\",\"i\"),i=0;i<o.length;i++)o[i].style.display=\"none\";for(i=0;i<a.length;i++)s=a[i],e.source===s.contentWindow&&(s.removeAttribute(\"style\"),\"height\"===t.message?(1e3<(r=parseInt(t.value,10))?r=1e3:~~r<200&&(r=200),s.height=r):\"link\"===t.message&&(r=new URL(s.getAttribute(\"src\")),n=new URL(t.value),c.test(n.protocol))&&n.host===r.host&&l.activeElement===s&&(d.top.location.href=t.value))}},d.addEventListener(\"message\",d.wp.receiveEmbedMessage,!1),l.addEventListener(\"DOMContentLoaded\",function(){for(var e,t,s=l.querySelectorAll(\"iframe.wp-embedded-content\"),r=0;r<s.length;r++)(t=(e=s[r]).getAttribute(\"data-secret\"))||(t=Math.random().toString(36).substring(2,12),e.src+=\"#?secret=\"+t,e.setAttribute(\"data-secret\",t)),e.contentWindow.postMessage({message:\"ready\",secret:t},\"*\")},!1)))}(window,document);\n\/* ]]> *\/\n<\/script>\n","thumbnail_url":"https:\/\/lightweb.dev\/l\/svm-temp\/wp-content\/uploads\/2022\/04\/smygrelease-fngad-i-marbella.png","thumbnail_width":280,"thumbnail_height":420,"description":"Den 15 mars samlades ett helt g\u00e4ng p\u00e5 Gourmet deli &#038; wineshop f\u00f6r Birgitta Bergins smygrelease av hennes nya bok \u00a8F\u00e5ngad i Marbella\u00a8 som \u00e4r en uppf\u00f6ljare till hennes f\u00f6rsta bok \u00a8Tre Veckor\u00a8. Det bj\u00f6ds p\u00e5 vin och snittar samt en bokpresentation d\u00e4r vi fick l\u00e4ra k\u00e4nna f\u00f6rfattaren \u00e4n lite b\u00e4ttre samt f\u00e5 ett smakprov [&hellip;]"}

Smygrelease ¨Fångad i Marbella¨

<blockquote class="wp-embedded-content" data-secret="Rg5azpBYGD"><a href="https://lightweb.dev/l/svm-temp/artiklar/smygrelease-%c2%a8fangad-i-marbella%c2%a8/">Smygrelease ¨Fångad i Marbella¨</a></blockquote><iframe sandbox="allow-scripts" security="restricted" src="https://lightweb.dev/l/svm-temp/artiklar/smygrelease-%c2%a8fangad-i-marbella%c2%a8/embed/#?secret=Rg5azpBYGD" width="600" height="338" title="”Smygrelease ¨Fångad i Marbella¨” &ndash; Svenska Magasinet" data-secret="Rg5azpBYGD" frameborder="0" marginwidth="0" marginheight="0" scrolling="no" class="wp-embedded-content"></iframe><script type="text/javascript">
/* <![CDATA[ */
/*! This file is auto-generated */
!function(d,l){"use strict";l.querySelector&&d.addEventListener&&"undefined"!=typeof URL&&(d.wp=d.wp||{},d.wp.receiveEmbedMessage||(d.wp.receiveEmbedMessage=function(e){var t=e.data;if((t||t.secret||t.message||t.value)&&!/[^a-zA-Z0-9]/.test(t.secret)){for(var s,r,n,a=l.querySelectorAll('iframe[data-secret="'+t.secret+'"]'),o=l.querySelectorAll('blockquote[data-secret="'+t.secret+'"]'),c=new RegExp("^https?:$","i"),i=0;i<o.length;i++)o[i].style.display="none";for(i=0;i<a.length;i++)s=a[i],e.source===s.contentWindow&&(s.removeAttribute("style"),"height"===t.message?(1e3<(r=parseInt(t.value,10))?r=1e3:~~r<200&&(r=200),s.height=r):"link"===t.message&&(r=new URL(s.getAttribute("src")),n=new URL(t.value),c.test(n.protocol))&&n.host===r.host&&l.activeElement===s&&(d.top.location.href=t.value))}},d.addEventListener("message",d.wp.receiveEmbedMessage,!1),l.addEventListener("DOMContentLoaded",function(){for(var e,t,s=l.querySelectorAll("iframe.wp-embedded-content"),r=0;r<s.length;r++)(t=(e=s[r]).getAttribute("data-secret"))||(t=Math.random().toString(36).substring(2,12),e.src+="#?secret="+t,e.setAttribute("data-secret",t)),e.contentWindow.postMessage({message:"ready",secret:t},"*")},!1)))}(window,document);
/* ]]> */
</script>

Den 15 mars samlades ett helt gäng på Gourmet deli &#038; wineshop för Birgitta Bergins smygrelease av hennes nya bok ¨Fångad i Marbella¨ som är en uppföljare till hennes första bok ¨Tre Veckor¨. Det bjöds på vin och snittar samt en bokpresentation där vi fick lära känna författaren än lite bättre samt få ett smakprov [&hellip;]
