{"version":"1.0","provider_name":"Svenska Magasinet","provider_url":"https:\/\/lightweb.dev\/l\/svm-temp","author_name":"Redaktionen SvM","author_url":"https:\/\/lightweb.dev\/l\/svm-temp\/reporter\/redaktionen\/","title":"Spanien just nu \u2013 galenskaper","type":"rich","width":600,"height":338,"html":"<blockquote class=\"wp-embedded-content\" data-secret=\"ofyszRjlcD\"><a href=\"https:\/\/lightweb.dev\/l\/svm-temp\/artiklar\/spanien-just-nu-galenskaper\/\">Spanien just nu \u2013 galenskaper<\/a><\/blockquote><iframe sandbox=\"allow-scripts\" security=\"restricted\" src=\"https:\/\/lightweb.dev\/l\/svm-temp\/artiklar\/spanien-just-nu-galenskaper\/embed\/#?secret=ofyszRjlcD\" width=\"600\" height=\"338\" title=\"\u201dSpanien just nu \u2013 galenskaper\u201d &ndash; Svenska Magasinet\" data-secret=\"ofyszRjlcD\" frameborder=\"0\" marginwidth=\"0\" marginheight=\"0\" scrolling=\"no\" class=\"wp-embedded-content\"><\/iframe><script type=\"text\/javascript\">\n\/* <![CDATA[ *\/\n\/*! This file is auto-generated *\/\n!function(d,l){\"use strict\";l.querySelector&&d.addEventListener&&\"undefined\"!=typeof URL&&(d.wp=d.wp||{},d.wp.receiveEmbedMessage||(d.wp.receiveEmbedMessage=function(e){var t=e.data;if((t||t.secret||t.message||t.value)&&!\/[^a-zA-Z0-9]\/.test(t.secret)){for(var s,r,n,a=l.querySelectorAll('iframe[data-secret=\"'+t.secret+'\"]'),o=l.querySelectorAll('blockquote[data-secret=\"'+t.secret+'\"]'),c=new RegExp(\"^https?:$\",\"i\"),i=0;i<o.length;i++)o[i].style.display=\"none\";for(i=0;i<a.length;i++)s=a[i],e.source===s.contentWindow&&(s.removeAttribute(\"style\"),\"height\"===t.message?(1e3<(r=parseInt(t.value,10))?r=1e3:~~r<200&&(r=200),s.height=r):\"link\"===t.message&&(r=new URL(s.getAttribute(\"src\")),n=new URL(t.value),c.test(n.protocol))&&n.host===r.host&&l.activeElement===s&&(d.top.location.href=t.value))}},d.addEventListener(\"message\",d.wp.receiveEmbedMessage,!1),l.addEventListener(\"DOMContentLoaded\",function(){for(var e,t,s=l.querySelectorAll(\"iframe.wp-embedded-content\"),r=0;r<s.length;r++)(t=(e=s[r]).getAttribute(\"data-secret\"))||(t=Math.random().toString(36).substring(2,12),e.src+=\"#?secret=\"+t,e.setAttribute(\"data-secret\",t)),e.contentWindow.postMessage({message:\"ready\",secret:t},\"*\")},!1)))}(window,document);\n\/* ]]> *\/\n<\/script>\n","thumbnail_url":"https:\/\/lightweb.dev\/l\/svm-temp\/wp-content\/uploads\/2022\/04\/spanien-just-nu-galenskaper.png","thumbnail_width":280,"thumbnail_height":419,"description":"Kommer Spanien i sin nuvarande form att finnas kvar om tv\u00e5 eller tre \u00e5r? Jag \u00e4r inte s\u00e4ker p\u00e5 det. En minoritetsregering styr Katalonien just nu. Hur l\u00e4nge den kommer att h\u00e5lla \u00e5terst\u00e5r att se. Det galna tillst\u00e5ndet i Katalonien kan utveckla sig till en milit\u00e4r aktion. Av Ola Josefsson Det regionala nationalistiska center-h\u00f6gerpartiet CiU [&hellip;]"}

Kommer Spanien i sin nuvarande form att finnas kvar om två eller tre år? Jag är inte säker på det. En minoritetsregering styr Katalonien just nu. Hur länge den kommer att hålla återstår att se. Det galna tillståndet i Katalonien kan utveckla sig till en militär aktion. Av Ola Josefsson Det regionala nationalistiska center-högerpartiet CiU [&hellip;]
