{"version":"1.0","provider_name":"Svenska Magasinet","provider_url":"https:\/\/lightweb.dev\/l\/svm-temp","author_name":"Redaktionen SvM","author_url":"https:\/\/lightweb.dev\/l\/svm-temp\/reporter\/redaktionen\/","title":"Spanien just nu \u2013 ljus i tunneln","type":"rich","width":600,"height":338,"html":"<blockquote class=\"wp-embedded-content\" data-secret=\"Mzs8wA86WA\"><a href=\"https:\/\/lightweb.dev\/l\/svm-temp\/artiklar\/spanien-just-nu-ljus-i-tunneln\/\">Spanien just nu \u2013 ljus i tunneln<\/a><\/blockquote><iframe sandbox=\"allow-scripts\" security=\"restricted\" src=\"https:\/\/lightweb.dev\/l\/svm-temp\/artiklar\/spanien-just-nu-ljus-i-tunneln\/embed\/#?secret=Mzs8wA86WA\" width=\"600\" height=\"338\" title=\"\u201dSpanien just nu \u2013 ljus i tunneln\u201d &ndash; Svenska Magasinet\" data-secret=\"Mzs8wA86WA\" frameborder=\"0\" marginwidth=\"0\" marginheight=\"0\" scrolling=\"no\" class=\"wp-embedded-content\"><\/iframe><script type=\"text\/javascript\">\n\/* <![CDATA[ *\/\n\/*! This file is auto-generated *\/\n!function(d,l){\"use strict\";l.querySelector&&d.addEventListener&&\"undefined\"!=typeof URL&&(d.wp=d.wp||{},d.wp.receiveEmbedMessage||(d.wp.receiveEmbedMessage=function(e){var t=e.data;if((t||t.secret||t.message||t.value)&&!\/[^a-zA-Z0-9]\/.test(t.secret)){for(var s,r,n,a=l.querySelectorAll('iframe[data-secret=\"'+t.secret+'\"]'),o=l.querySelectorAll('blockquote[data-secret=\"'+t.secret+'\"]'),c=new RegExp(\"^https?:$\",\"i\"),i=0;i<o.length;i++)o[i].style.display=\"none\";for(i=0;i<a.length;i++)s=a[i],e.source===s.contentWindow&&(s.removeAttribute(\"style\"),\"height\"===t.message?(1e3<(r=parseInt(t.value,10))?r=1e3:~~r<200&&(r=200),s.height=r):\"link\"===t.message&&(r=new URL(s.getAttribute(\"src\")),n=new URL(t.value),c.test(n.protocol))&&n.host===r.host&&l.activeElement===s&&(d.top.location.href=t.value))}},d.addEventListener(\"message\",d.wp.receiveEmbedMessage,!1),l.addEventListener(\"DOMContentLoaded\",function(){for(var e,t,s=l.querySelectorAll(\"iframe.wp-embedded-content\"),r=0;r<s.length;r++)(t=(e=s[r]).getAttribute(\"data-secret\"))||(t=Math.random().toString(36).substring(2,12),e.src+=\"#?secret=\"+t,e.setAttribute(\"data-secret\",t)),e.contentWindow.postMessage({message:\"ready\",secret:t},\"*\")},!1)))}(window,document);\n\/* ]]> *\/\n<\/script>\n","thumbnail_url":"https:\/\/lightweb.dev\/l\/svm-temp\/wp-content\/uploads\/2022\/04\/spanien-just-nu-ljus-i-tunneln.png","thumbnail_width":280,"thumbnail_height":419,"description":"Ett nytt h\u00e4ndelserikt \u00e5r st\u00e5r f\u00f6r d\u00f6rren \u2013 och Spanien startar med l\u00e5gkonjunktur. De flesta bed\u00f6mare r\u00e4knar med att eurokrisen blir en rysare \u00e4ven under 2012. Vad h\u00e4nder om Italien eller Spanien hamnar i en n\u00f6dsituation under \u00e5ret? Av Ola Josefsson Spaniens nye finansminister Luis de Guindos meddelade strax f\u00f6re ny\u00e5r att Spanien g\u00e5r in [&hellip;]"}

Ett nytt händelserikt år står för dörren – och Spanien startar med lågkonjunktur. De flesta bedömare räknar med att eurokrisen blir en rysare även under 2012. Vad händer om Italien eller Spanien hamnar i en nödsituation under året? Av Ola Josefsson Spaniens nye finansminister Luis de Guindos meddelade strax före nyår att Spanien går in [&hellip;]
