{"version":"1.0","provider_name":"Svenska Magasinet","provider_url":"https:\/\/lightweb.dev\/l\/svm-temp","author_name":"Redaktionen SvM","author_url":"https:\/\/lightweb.dev\/l\/svm-temp\/reporter\/redaktionen\/","title":"Spanien just nu \u2013 \u201dvattenmeloner\u201d i mediebranschen?","type":"rich","width":600,"height":338,"html":"<blockquote class=\"wp-embedded-content\" data-secret=\"lUqGMiiOgJ\"><a href=\"https:\/\/lightweb.dev\/l\/svm-temp\/artiklar\/spanien-just-nu-vattenmeloner-i-mediebranschen\/\">Spanien just nu \u2013 \u201dvattenmeloner\u201d i mediebranschen?<\/a><\/blockquote><iframe sandbox=\"allow-scripts\" security=\"restricted\" src=\"https:\/\/lightweb.dev\/l\/svm-temp\/artiklar\/spanien-just-nu-vattenmeloner-i-mediebranschen\/embed\/#?secret=lUqGMiiOgJ\" width=\"600\" height=\"338\" title=\"\u201dSpanien just nu \u2013 \u201dvattenmeloner\u201d i mediebranschen?\u201d &ndash; Svenska Magasinet\" data-secret=\"lUqGMiiOgJ\" frameborder=\"0\" marginwidth=\"0\" marginheight=\"0\" scrolling=\"no\" class=\"wp-embedded-content\"><\/iframe><script type=\"text\/javascript\">\n\/* <![CDATA[ *\/\n\/*! This file is auto-generated *\/\n!function(d,l){\"use strict\";l.querySelector&&d.addEventListener&&\"undefined\"!=typeof URL&&(d.wp=d.wp||{},d.wp.receiveEmbedMessage||(d.wp.receiveEmbedMessage=function(e){var t=e.data;if((t||t.secret||t.message||t.value)&&!\/[^a-zA-Z0-9]\/.test(t.secret)){for(var s,r,n,a=l.querySelectorAll('iframe[data-secret=\"'+t.secret+'\"]'),o=l.querySelectorAll('blockquote[data-secret=\"'+t.secret+'\"]'),c=new RegExp(\"^https?:$\",\"i\"),i=0;i<o.length;i++)o[i].style.display=\"none\";for(i=0;i<a.length;i++)s=a[i],e.source===s.contentWindow&&(s.removeAttribute(\"style\"),\"height\"===t.message?(1e3<(r=parseInt(t.value,10))?r=1e3:~~r<200&&(r=200),s.height=r):\"link\"===t.message&&(r=new URL(s.getAttribute(\"src\")),n=new URL(t.value),c.test(n.protocol))&&n.host===r.host&&l.activeElement===s&&(d.top.location.href=t.value))}},d.addEventListener(\"message\",d.wp.receiveEmbedMessage,!1),l.addEventListener(\"DOMContentLoaded\",function(){for(var e,t,s=l.querySelectorAll(\"iframe.wp-embedded-content\"),r=0;r<s.length;r++)(t=(e=s[r]).getAttribute(\"data-secret\"))||(t=Math.random().toString(36).substring(2,12),e.src+=\"#?secret=\"+t,e.setAttribute(\"data-secret\",t)),e.contentWindow.postMessage({message:\"ready\",secret:t},\"*\")},!1)))}(window,document);\n\/* ]]> *\/\n<\/script>\n","thumbnail_url":"https:\/\/lightweb.dev\/l\/svm-temp\/wp-content\/uploads\/2022\/04\/spanien-just-nu-vattenmeloner-i-mediebranschen.png","thumbnail_width":299,"thumbnail_height":200,"description":"Det \u00e4r kris i mediebranschen och journalister f\u00e5r g\u00e5. Det talas om \u201dsnuttifiering\u201d, kortare texter, st\u00f6rre bilder, l\u00e4ttl\u00e4st och l\u00e4ttsm\u00e4lt. I Spanien h\u00e4rskar tidningsd\u00f6den, journalister sparkas samtidigt som bokl\u00e4sandet minskar stadigt. Runt 200 medier slog igen ifjol, tusentals journalister sparkades. Av Ola Josefsson H\u00e4ndelsen d\u00e5 Spaniens st\u00f6rsta dagstidning El Pa\u00eds publicerade en bluffbild f\u00f6rest\u00e4llande president [&hellip;]"}

Det är kris i mediebranschen och journalister får gå. Det talas om ”snuttifiering”, kortare texter, större bilder, lättläst och lättsmält. I Spanien härskar tidningsdöden, journalister sparkas samtidigt som bokläsandet minskar stadigt. Runt 200 medier slog igen ifjol, tusentals journalister sparkades. Av Ola Josefsson Händelsen då Spaniens största dagstidning El País publicerade en bluffbild föreställande president [&hellip;]
