{"version":"1.0","provider_name":"Svenska Magasinet","provider_url":"https:\/\/lightweb.dev\/l\/svm-temp","author_name":"Redaktionen SvM","author_url":"https:\/\/lightweb.dev\/l\/svm-temp\/reporter\/redaktionen\/","title":"Spanien just nu \u2013 yttrandefrihet eller mordhot","type":"rich","width":600,"height":338,"html":"<blockquote class=\"wp-embedded-content\" data-secret=\"0QbmrB2juF\"><a href=\"https:\/\/lightweb.dev\/l\/svm-temp\/artiklar\/spanien-just-nu-yttrandefrihet-eller-mordhot\/\">Spanien just nu \u2013 yttrandefrihet eller mordhot<\/a><\/blockquote><iframe sandbox=\"allow-scripts\" security=\"restricted\" src=\"https:\/\/lightweb.dev\/l\/svm-temp\/artiklar\/spanien-just-nu-yttrandefrihet-eller-mordhot\/embed\/#?secret=0QbmrB2juF\" width=\"600\" height=\"338\" title=\"\u201dSpanien just nu \u2013 yttrandefrihet eller mordhot\u201d &ndash; Svenska Magasinet\" data-secret=\"0QbmrB2juF\" frameborder=\"0\" marginwidth=\"0\" marginheight=\"0\" scrolling=\"no\" class=\"wp-embedded-content\"><\/iframe><script type=\"text\/javascript\">\n\/* <![CDATA[ *\/\n\/*! This file is auto-generated *\/\n!function(d,l){\"use strict\";l.querySelector&&d.addEventListener&&\"undefined\"!=typeof URL&&(d.wp=d.wp||{},d.wp.receiveEmbedMessage||(d.wp.receiveEmbedMessage=function(e){var t=e.data;if((t||t.secret||t.message||t.value)&&!\/[^a-zA-Z0-9]\/.test(t.secret)){for(var s,r,n,a=l.querySelectorAll('iframe[data-secret=\"'+t.secret+'\"]'),o=l.querySelectorAll('blockquote[data-secret=\"'+t.secret+'\"]'),c=new RegExp(\"^https?:$\",\"i\"),i=0;i<o.length;i++)o[i].style.display=\"none\";for(i=0;i<a.length;i++)s=a[i],e.source===s.contentWindow&&(s.removeAttribute(\"style\"),\"height\"===t.message?(1e3<(r=parseInt(t.value,10))?r=1e3:~~r<200&&(r=200),s.height=r):\"link\"===t.message&&(r=new URL(s.getAttribute(\"src\")),n=new URL(t.value),c.test(n.protocol))&&n.host===r.host&&l.activeElement===s&&(d.top.location.href=t.value))}},d.addEventListener(\"message\",d.wp.receiveEmbedMessage,!1),l.addEventListener(\"DOMContentLoaded\",function(){for(var e,t,s=l.querySelectorAll(\"iframe.wp-embedded-content\"),r=0;r<s.length;r++)(t=(e=s[r]).getAttribute(\"data-secret\"))||(t=Math.random().toString(36).substring(2,12),e.src+=\"#?secret=\"+t,e.setAttribute(\"data-secret\",t)),e.contentWindow.postMessage({message:\"ready\",secret:t},\"*\")},!1)))}(window,document);\n\/* ]]> *\/\n<\/script>\n","thumbnail_url":"https:\/\/lightweb.dev\/l\/svm-temp\/wp-content\/uploads\/2022\/04\/spanien-just-nu-yttrandefrihet-eller-mordhot.png","thumbnail_width":280,"thumbnail_height":419,"description":"Vid ett tillf\u00e4lle efter en dispyt med en meningsmotst\u00e5ndare l\u00e4r den store 1700-talst\u00e4nkaren Voltaire ha yttrat: \u201dS\u00e5 l\u00e4nge jag lever kommer jag att bek\u00e4mpa dina \u00e5sikter. Men lika l\u00e4nge t\u00e4nker jag k\u00e4mpa f\u00f6r din r\u00e4tt att yttra dem\u201d. \u00c5sikter kan vara vara uppfriskande. Men \u00e5sikter kan ocks\u00e5 andas hot och d\u00f6d. Av Ola Josefsson Bara [&hellip;]"}

Vid ett tillfälle efter en dispyt med en meningsmotståndare lär den store 1700-talstänkaren Voltaire ha yttrat: ”Så länge jag lever kommer jag att bekämpa dina åsikter. Men lika länge tänker jag kämpa för din rätt att yttra dem”. Åsikter kan vara vara uppfriskande. Men åsikter kan också andas hot och död. Av Ola Josefsson Bara [&hellip;]
