{"version":"1.0","provider_name":"Svenska Magasinet","provider_url":"https:\/\/lightweb.dev\/l\/svm-temp","author_name":"Redaktionen SvM","author_url":"https:\/\/lightweb.dev\/l\/svm-temp\/reporter\/redaktionen\/","title":"Uppskattade kulturresor forts\u00e4tter under 2012","type":"rich","width":600,"height":338,"html":"<blockquote class=\"wp-embedded-content\" data-secret=\"NXt2nRZQJr\"><a href=\"https:\/\/lightweb.dev\/l\/svm-temp\/artiklar\/uppskattade-kulturresor-fortsatter-under-2012\/\">Uppskattade kulturresor forts\u00e4tter under 2012<\/a><\/blockquote><iframe sandbox=\"allow-scripts\" security=\"restricted\" src=\"https:\/\/lightweb.dev\/l\/svm-temp\/artiklar\/uppskattade-kulturresor-fortsatter-under-2012\/embed\/#?secret=NXt2nRZQJr\" width=\"600\" height=\"338\" title=\"\u201dUppskattade kulturresor forts\u00e4tter under 2012\u201d &ndash; Svenska Magasinet\" data-secret=\"NXt2nRZQJr\" frameborder=\"0\" marginwidth=\"0\" marginheight=\"0\" scrolling=\"no\" class=\"wp-embedded-content\"><\/iframe><script type=\"text\/javascript\">\n\/* <![CDATA[ *\/\n\/*! This file is auto-generated *\/\n!function(d,l){\"use strict\";l.querySelector&&d.addEventListener&&\"undefined\"!=typeof URL&&(d.wp=d.wp||{},d.wp.receiveEmbedMessage||(d.wp.receiveEmbedMessage=function(e){var t=e.data;if((t||t.secret||t.message||t.value)&&!\/[^a-zA-Z0-9]\/.test(t.secret)){for(var s,r,n,a=l.querySelectorAll('iframe[data-secret=\"'+t.secret+'\"]'),o=l.querySelectorAll('blockquote[data-secret=\"'+t.secret+'\"]'),c=new RegExp(\"^https?:$\",\"i\"),i=0;i<o.length;i++)o[i].style.display=\"none\";for(i=0;i<a.length;i++)s=a[i],e.source===s.contentWindow&&(s.removeAttribute(\"style\"),\"height\"===t.message?(1e3<(r=parseInt(t.value,10))?r=1e3:~~r<200&&(r=200),s.height=r):\"link\"===t.message&&(r=new URL(s.getAttribute(\"src\")),n=new URL(t.value),c.test(n.protocol))&&n.host===r.host&&l.activeElement===s&&(d.top.location.href=t.value))}},d.addEventListener(\"message\",d.wp.receiveEmbedMessage,!1),l.addEventListener(\"DOMContentLoaded\",function(){for(var e,t,s=l.querySelectorAll(\"iframe.wp-embedded-content\"),r=0;r<s.length;r++)(t=(e=s[r]).getAttribute(\"data-secret\"))||(t=Math.random().toString(36).substring(2,12),e.src+=\"#?secret=\"+t,e.setAttribute(\"data-secret\",t)),e.contentWindow.postMessage({message:\"ready\",secret:t},\"*\")},!1)))}(window,document);\n\/* ]]> *\/\n<\/script>\n","thumbnail_url":"https:\/\/lightweb.dev\/l\/svm-temp\/wp-content\/uploads\/2022\/04\/uppskattade-kulturresor-fortstter-under-2012.png","thumbnail_width":299,"thumbnail_height":200,"description":"H\u00f6stens kulturresor till Madrid och Barcelona som arrangeras av guiden Siv Ling, resebyr\u00e5n Ruta Solar och Svenska Magasinet har varit mycket uppskattade. N\u00e4sta \u00e5r forts\u00e4tter Svenska Magasinet som medarrang\u00f6r till nya resor. I slutet p\u00e5 februari g\u00e5r n\u00e4sta resa till Marocko. Programmet f\u00f6r den resan kommer inom kort att publiceras p\u00e5 Svenska Magasinets webbplats. Under [&hellip;]"}

Uppskattade kulturresor fortsätter under 2012

<blockquote class="wp-embedded-content" data-secret="NXt2nRZQJr"><a href="https://lightweb.dev/l/svm-temp/artiklar/uppskattade-kulturresor-fortsatter-under-2012/">Uppskattade kulturresor fortsätter under 2012</a></blockquote><iframe sandbox="allow-scripts" security="restricted" src="https://lightweb.dev/l/svm-temp/artiklar/uppskattade-kulturresor-fortsatter-under-2012/embed/#?secret=NXt2nRZQJr" width="600" height="338" title="”Uppskattade kulturresor fortsätter under 2012” &ndash; Svenska Magasinet" data-secret="NXt2nRZQJr" frameborder="0" marginwidth="0" marginheight="0" scrolling="no" class="wp-embedded-content"></iframe><script type="text/javascript">
/* <![CDATA[ */
/*! This file is auto-generated */
!function(d,l){"use strict";l.querySelector&&d.addEventListener&&"undefined"!=typeof URL&&(d.wp=d.wp||{},d.wp.receiveEmbedMessage||(d.wp.receiveEmbedMessage=function(e){var t=e.data;if((t||t.secret||t.message||t.value)&&!/[^a-zA-Z0-9]/.test(t.secret)){for(var s,r,n,a=l.querySelectorAll('iframe[data-secret="'+t.secret+'"]'),o=l.querySelectorAll('blockquote[data-secret="'+t.secret+'"]'),c=new RegExp("^https?:$","i"),i=0;i<o.length;i++)o[i].style.display="none";for(i=0;i<a.length;i++)s=a[i],e.source===s.contentWindow&&(s.removeAttribute("style"),"height"===t.message?(1e3<(r=parseInt(t.value,10))?r=1e3:~~r<200&&(r=200),s.height=r):"link"===t.message&&(r=new URL(s.getAttribute("src")),n=new URL(t.value),c.test(n.protocol))&&n.host===r.host&&l.activeElement===s&&(d.top.location.href=t.value))}},d.addEventListener("message",d.wp.receiveEmbedMessage,!1),l.addEventListener("DOMContentLoaded",function(){for(var e,t,s=l.querySelectorAll("iframe.wp-embedded-content"),r=0;r<s.length;r++)(t=(e=s[r]).getAttribute("data-secret"))||(t=Math.random().toString(36).substring(2,12),e.src+="#?secret="+t,e.setAttribute("data-secret",t)),e.contentWindow.postMessage({message:"ready",secret:t},"*")},!1)))}(window,document);
/* ]]> */
</script>

Höstens kulturresor till Madrid och Barcelona som arrangeras av guiden Siv Ling, resebyrån Ruta Solar och Svenska Magasinet har varit mycket uppskattade. Nästa år fortsätter Svenska Magasinet som medarrangör till nya resor. I slutet på februari går nästa resa till Marocko. Programmet för den resan kommer inom kort att publiceras på Svenska Magasinets webbplats. Under [&hellip;]
