{"version":"1.0","provider_name":"Svenska Magasinet","provider_url":"https:\/\/lightweb.dev\/l\/svm-temp","author_name":"Redaktionen SvM","author_url":"https:\/\/lightweb.dev\/l\/svm-temp\/reporter\/redaktionen\/","title":"Vad h\u00e4nder med den spanska arvsskatten?","type":"rich","width":600,"height":338,"html":"<blockquote class=\"wp-embedded-content\" data-secret=\"QvRYg4VFlk\"><a href=\"https:\/\/lightweb.dev\/l\/svm-temp\/artiklar\/vad-hander-med-den-spanska-arvsskatten\/\">Vad h\u00e4nder med den spanska arvsskatten?<\/a><\/blockquote><iframe sandbox=\"allow-scripts\" security=\"restricted\" src=\"https:\/\/lightweb.dev\/l\/svm-temp\/artiklar\/vad-hander-med-den-spanska-arvsskatten\/embed\/#?secret=QvRYg4VFlk\" width=\"600\" height=\"338\" title=\"\u201dVad h\u00e4nder med den spanska arvsskatten?\u201d &ndash; Svenska Magasinet\" data-secret=\"QvRYg4VFlk\" frameborder=\"0\" marginwidth=\"0\" marginheight=\"0\" scrolling=\"no\" class=\"wp-embedded-content\"><\/iframe><script type=\"text\/javascript\">\n\/* <![CDATA[ *\/\n\/*! This file is auto-generated *\/\n!function(d,l){\"use strict\";l.querySelector&&d.addEventListener&&\"undefined\"!=typeof URL&&(d.wp=d.wp||{},d.wp.receiveEmbedMessage||(d.wp.receiveEmbedMessage=function(e){var t=e.data;if((t||t.secret||t.message||t.value)&&!\/[^a-zA-Z0-9]\/.test(t.secret)){for(var s,r,n,a=l.querySelectorAll('iframe[data-secret=\"'+t.secret+'\"]'),o=l.querySelectorAll('blockquote[data-secret=\"'+t.secret+'\"]'),c=new RegExp(\"^https?:$\",\"i\"),i=0;i<o.length;i++)o[i].style.display=\"none\";for(i=0;i<a.length;i++)s=a[i],e.source===s.contentWindow&&(s.removeAttribute(\"style\"),\"height\"===t.message?(1e3<(r=parseInt(t.value,10))?r=1e3:~~r<200&&(r=200),s.height=r):\"link\"===t.message&&(r=new URL(s.getAttribute(\"src\")),n=new URL(t.value),c.test(n.protocol))&&n.host===r.host&&l.activeElement===s&&(d.top.location.href=t.value))}},d.addEventListener(\"message\",d.wp.receiveEmbedMessage,!1),l.addEventListener(\"DOMContentLoaded\",function(){for(var e,t,s=l.querySelectorAll(\"iframe.wp-embedded-content\"),r=0;r<s.length;r++)(t=(e=s[r]).getAttribute(\"data-secret\"))||(t=Math.random().toString(36).substring(2,12),e.src+=\"#?secret=\"+t,e.setAttribute(\"data-secret\",t)),e.contentWindow.postMessage({message:\"ready\",secret:t},\"*\")},!1)))}(window,document);\n\/* ]]> *\/\n<\/script>\n","description":"M\u00e5nga planerar f\u00f6r den spanska arvsskatten. Vissa drabbas medan andra inte drabbas. Varf\u00f6r \u00e4r det s\u00e5??? Vad kommer att h\u00e4nda????? Bo Wennertorp vid den svenska revisionsbyr\u00e5n Global Accounting p\u00e5 Costa del Sol ger sin syn F\u00f6rr hade Spanien en enhetlig arvsbeskattning. Endast ett system fanns. Spanien best\u00e5r av ett tjugotal olika regioner. Dessa regioner ville [&hellip;]"}

Vad händer med den spanska arvsskatten?

<blockquote class="wp-embedded-content" data-secret="QvRYg4VFlk"><a href="https://lightweb.dev/l/svm-temp/artiklar/vad-hander-med-den-spanska-arvsskatten/">Vad händer med den spanska arvsskatten?</a></blockquote><iframe sandbox="allow-scripts" security="restricted" src="https://lightweb.dev/l/svm-temp/artiklar/vad-hander-med-den-spanska-arvsskatten/embed/#?secret=QvRYg4VFlk" width="600" height="338" title="”Vad händer med den spanska arvsskatten?” &ndash; Svenska Magasinet" data-secret="QvRYg4VFlk" frameborder="0" marginwidth="0" marginheight="0" scrolling="no" class="wp-embedded-content"></iframe><script type="text/javascript">
/* <![CDATA[ */
/*! This file is auto-generated */
!function(d,l){"use strict";l.querySelector&&d.addEventListener&&"undefined"!=typeof URL&&(d.wp=d.wp||{},d.wp.receiveEmbedMessage||(d.wp.receiveEmbedMessage=function(e){var t=e.data;if((t||t.secret||t.message||t.value)&&!/[^a-zA-Z0-9]/.test(t.secret)){for(var s,r,n,a=l.querySelectorAll('iframe[data-secret="'+t.secret+'"]'),o=l.querySelectorAll('blockquote[data-secret="'+t.secret+'"]'),c=new RegExp("^https?:$","i"),i=0;i<o.length;i++)o[i].style.display="none";for(i=0;i<a.length;i++)s=a[i],e.source===s.contentWindow&&(s.removeAttribute("style"),"height"===t.message?(1e3<(r=parseInt(t.value,10))?r=1e3:~~r<200&&(r=200),s.height=r):"link"===t.message&&(r=new URL(s.getAttribute("src")),n=new URL(t.value),c.test(n.protocol))&&n.host===r.host&&l.activeElement===s&&(d.top.location.href=t.value))}},d.addEventListener("message",d.wp.receiveEmbedMessage,!1),l.addEventListener("DOMContentLoaded",function(){for(var e,t,s=l.querySelectorAll("iframe.wp-embedded-content"),r=0;r<s.length;r++)(t=(e=s[r]).getAttribute("data-secret"))||(t=Math.random().toString(36).substring(2,12),e.src+="#?secret="+t,e.setAttribute("data-secret",t)),e.contentWindow.postMessage({message:"ready",secret:t},"*")},!1)))}(window,document);
/* ]]> */
</script>

Många planerar för den spanska arvsskatten. Vissa drabbas medan andra inte drabbas. Varför är det så??? Vad kommer att hända????? Bo Wennertorp vid den svenska revisionsbyrån Global Accounting på Costa del Sol ger sin syn Förr hade Spanien en enhetlig arvsbeskattning. Endast ett system fanns. Spanien består av ett tjugotal olika regioner. Dessa regioner ville [&hellip;]
