{"version":"1.0","provider_name":"Svenska Magasinet","provider_url":"https:\/\/lightweb.dev\/l\/svm-temp","author_name":"Redaktionen SvM","author_url":"https:\/\/lightweb.dev\/l\/svm-temp\/reporter\/redaktionen\/","title":"781 svenskar emigrerade till Solkusten ifjol","type":"rich","width":600,"height":338,"html":"<blockquote class=\"wp-embedded-content\" data-secret=\"4tU4J31VHP\"><a href=\"https:\/\/lightweb.dev\/l\/svm-temp\/nyheter\/781-svenskar-emigrerade-till-solkusten-ifjol\/\">781 svenskar emigrerade till Solkusten ifjol<\/a><\/blockquote><iframe sandbox=\"allow-scripts\" security=\"restricted\" src=\"https:\/\/lightweb.dev\/l\/svm-temp\/nyheter\/781-svenskar-emigrerade-till-solkusten-ifjol\/embed\/#?secret=4tU4J31VHP\" width=\"600\" height=\"338\" title=\"\u201d781 svenskar emigrerade till Solkusten ifjol\u201d &ndash; Svenska Magasinet\" data-secret=\"4tU4J31VHP\" frameborder=\"0\" marginwidth=\"0\" marginheight=\"0\" scrolling=\"no\" class=\"wp-embedded-content\"><\/iframe><script type=\"text\/javascript\">\n\/* <![CDATA[ *\/\n\/*! This file is auto-generated *\/\n!function(d,l){\"use strict\";l.querySelector&&d.addEventListener&&\"undefined\"!=typeof URL&&(d.wp=d.wp||{},d.wp.receiveEmbedMessage||(d.wp.receiveEmbedMessage=function(e){var t=e.data;if((t||t.secret||t.message||t.value)&&!\/[^a-zA-Z0-9]\/.test(t.secret)){for(var s,r,n,a=l.querySelectorAll('iframe[data-secret=\"'+t.secret+'\"]'),o=l.querySelectorAll('blockquote[data-secret=\"'+t.secret+'\"]'),c=new RegExp(\"^https?:$\",\"i\"),i=0;i<o.length;i++)o[i].style.display=\"none\";for(i=0;i<a.length;i++)s=a[i],e.source===s.contentWindow&&(s.removeAttribute(\"style\"),\"height\"===t.message?(1e3<(r=parseInt(t.value,10))?r=1e3:~~r<200&&(r=200),s.height=r):\"link\"===t.message&&(r=new URL(s.getAttribute(\"src\")),n=new URL(t.value),c.test(n.protocol))&&n.host===r.host&&l.activeElement===s&&(d.top.location.href=t.value))}},d.addEventListener(\"message\",d.wp.receiveEmbedMessage,!1),l.addEventListener(\"DOMContentLoaded\",function(){for(var e,t,s=l.querySelectorAll(\"iframe.wp-embedded-content\"),r=0;r<s.length;r++)(t=(e=s[r]).getAttribute(\"data-secret\"))||(t=Math.random().toString(36).substring(2,12),e.src+=\"#?secret=\"+t,e.setAttribute(\"data-secret\",t)),e.contentWindow.postMessage({message:\"ready\",secret:t},\"*\")},!1)))}(window,document);\n\/* ]]> *\/\n<\/script>\n","thumbnail_url":"https:\/\/lightweb.dev\/l\/svm-temp\/wp-content\/uploads\/2022\/06\/781-svenskar-emigrerade-till-solkusten-ifjol.png","thumbnail_width":700,"thumbnail_height":421,"description":"Under fjol\u00e5ret \u00f6kade befolkningen med 9.438 personer mycket tack vare emigrationen till Solkusten och provinsen M\u00e1laga. Av dessa var 781 svenskar som \u00e4r den \u00e5ttonde st\u00f6rsta nationaliteten av utl\u00e4nningar som flyttade hit 2018. F\u00f6re Sverige ligger Storbritannien (3.402), Marocko (2.747), Colombia (1.341), Italien (1.251), Venezuela (1.199), Argentina (893) och Paraguay (819). De senaste \u00e5ren har [&hellip;]"}

Under fjolåret ökade befolkningen med 9.438 personer mycket tack vare emigrationen till Solkusten och provinsen Málaga. Av dessa var 781 svenskar som är den åttonde största nationaliteten av utlänningar som flyttade hit 2018. Före Sverige ligger Storbritannien (3.402), Marocko (2.747), Colombia (1.341), Italien (1.251), Venezuela (1.199), Argentina (893) och Paraguay (819). De senaste åren har [&hellip;]
