{"version":"1.0","provider_name":"Svenska Magasinet","provider_url":"https:\/\/lightweb.dev\/l\/svm-temp","author_name":"Redaktionen SvM","author_url":"https:\/\/lightweb.dev\/l\/svm-temp\/reporter\/redaktionen\/","title":"\u00c5l\u00e4nning d\u00f6mer Spanien-Frankrike i M\u00e1laga","type":"rich","width":600,"height":338,"html":"<blockquote class=\"wp-embedded-content\" data-secret=\"0223Xy1GXn\"><a href=\"https:\/\/lightweb.dev\/l\/svm-temp\/nyheter\/alanning-domer-spanien-frankrike-i-malaga\/\">\u00c5l\u00e4nning d\u00f6mer Spanien-Frankrike i M\u00e1laga<\/a><\/blockquote><iframe sandbox=\"allow-scripts\" security=\"restricted\" src=\"https:\/\/lightweb.dev\/l\/svm-temp\/nyheter\/alanning-domer-spanien-frankrike-i-malaga\/embed\/#?secret=0223Xy1GXn\" width=\"600\" height=\"338\" title=\"\u201d\u00c5l\u00e4nning d\u00f6mer Spanien-Frankrike i M\u00e1laga\u201d &ndash; Svenska Magasinet\" data-secret=\"0223Xy1GXn\" frameborder=\"0\" marginwidth=\"0\" marginheight=\"0\" scrolling=\"no\" class=\"wp-embedded-content\"><\/iframe><script type=\"text\/javascript\">\n\/* <![CDATA[ *\/\n\/*! This file is auto-generated *\/\n!function(d,l){\"use strict\";l.querySelector&&d.addEventListener&&\"undefined\"!=typeof URL&&(d.wp=d.wp||{},d.wp.receiveEmbedMessage||(d.wp.receiveEmbedMessage=function(e){var t=e.data;if((t||t.secret||t.message||t.value)&&!\/[^a-zA-Z0-9]\/.test(t.secret)){for(var s,r,n,a=l.querySelectorAll('iframe[data-secret=\"'+t.secret+'\"]'),o=l.querySelectorAll('blockquote[data-secret=\"'+t.secret+'\"]'),c=new RegExp(\"^https?:$\",\"i\"),i=0;i<o.length;i++)o[i].style.display=\"none\";for(i=0;i<a.length;i++)s=a[i],e.source===s.contentWindow&&(s.removeAttribute(\"style\"),\"height\"===t.message?(1e3<(r=parseInt(t.value,10))?r=1e3:~~r<200&&(r=200),s.height=r):\"link\"===t.message&&(r=new URL(s.getAttribute(\"src\")),n=new URL(t.value),c.test(n.protocol))&&n.host===r.host&&l.activeElement===s&&(d.top.location.href=t.value))}},d.addEventListener(\"message\",d.wp.receiveEmbedMessage,!1),l.addEventListener(\"DOMContentLoaded\",function(){for(var e,t,s=l.querySelectorAll(\"iframe.wp-embedded-content\"),r=0;r<s.length;r++)(t=(e=s[r]).getAttribute(\"data-secret\"))||(t=Math.random().toString(36).substring(2,12),e.src+=\"#?secret=\"+t,e.setAttribute(\"data-secret\",t)),e.contentWindow.postMessage({message:\"ready\",secret:t},\"*\")},!1)))}(window,document);\n\/* ]]> *\/\n<\/script>\n","thumbnail_url":"https:\/\/lightweb.dev\/l\/svm-temp\/wp-content\/uploads\/2022\/06\/alanning-domer-spanienfrankrike-i-malaga.png","thumbnail_width":280,"thumbnail_height":214,"description":"Det blir \u00e5l\u00e4ndsk fotbollsdomare n\u00e4r Spanien och Frankrike m\u00f6ts i en tr\u00e4ningslandskamp den sj\u00e4tte februari i M\u00e1laga. Tony Asumaa (till h\u00f6ger p\u00e5 bilden) har utsetts till domare i landskampen. Det uppger \u00c5landstidningen. Det handlar om en tr\u00e4ningslandskamp med sikte p\u00e5 det kommande EM-slutspelet i sommar. &#8221;Jag har d\u00f6mt fotboll i 22 \u00e5r och v\u00e4ntat p\u00e5 [&hellip;]"}

Ålänning dömer Spanien-Frankrike i Málaga

<blockquote class="wp-embedded-content" data-secret="0223Xy1GXn"><a href="https://lightweb.dev/l/svm-temp/nyheter/alanning-domer-spanien-frankrike-i-malaga/">Ålänning dömer Spanien-Frankrike i Málaga</a></blockquote><iframe sandbox="allow-scripts" security="restricted" src="https://lightweb.dev/l/svm-temp/nyheter/alanning-domer-spanien-frankrike-i-malaga/embed/#?secret=0223Xy1GXn" width="600" height="338" title="”Ålänning dömer Spanien-Frankrike i Málaga” &ndash; Svenska Magasinet" data-secret="0223Xy1GXn" frameborder="0" marginwidth="0" marginheight="0" scrolling="no" class="wp-embedded-content"></iframe><script type="text/javascript">
/* <![CDATA[ */
/*! This file is auto-generated */
!function(d,l){"use strict";l.querySelector&&d.addEventListener&&"undefined"!=typeof URL&&(d.wp=d.wp||{},d.wp.receiveEmbedMessage||(d.wp.receiveEmbedMessage=function(e){var t=e.data;if((t||t.secret||t.message||t.value)&&!/[^a-zA-Z0-9]/.test(t.secret)){for(var s,r,n,a=l.querySelectorAll('iframe[data-secret="'+t.secret+'"]'),o=l.querySelectorAll('blockquote[data-secret="'+t.secret+'"]'),c=new RegExp("^https?:$","i"),i=0;i<o.length;i++)o[i].style.display="none";for(i=0;i<a.length;i++)s=a[i],e.source===s.contentWindow&&(s.removeAttribute("style"),"height"===t.message?(1e3<(r=parseInt(t.value,10))?r=1e3:~~r<200&&(r=200),s.height=r):"link"===t.message&&(r=new URL(s.getAttribute("src")),n=new URL(t.value),c.test(n.protocol))&&n.host===r.host&&l.activeElement===s&&(d.top.location.href=t.value))}},d.addEventListener("message",d.wp.receiveEmbedMessage,!1),l.addEventListener("DOMContentLoaded",function(){for(var e,t,s=l.querySelectorAll("iframe.wp-embedded-content"),r=0;r<s.length;r++)(t=(e=s[r]).getAttribute("data-secret"))||(t=Math.random().toString(36).substring(2,12),e.src+="#?secret="+t,e.setAttribute("data-secret",t)),e.contentWindow.postMessage({message:"ready",secret:t},"*")},!1)))}(window,document);
/* ]]> */
</script>

Det blir åländsk fotbollsdomare när Spanien och Frankrike möts i en träningslandskamp den sjätte februari i Málaga. Tony Asumaa (till höger på bilden) har utsetts till domare i landskampen. Det uppger Ålandstidningen. Det handlar om en träningslandskamp med sikte på det kommande EM-slutspelet i sommar. &#8221;Jag har dömt fotboll i 22 år och väntat på [&hellip;]
