{"version":"1.0","provider_name":"Svenska Magasinet","provider_url":"https:\/\/lightweb.dev\/l\/svm-temp","author_name":"Ola Josefsson","author_url":"https:\/\/lightweb.dev\/l\/svm-temp\/reporter\/ola-josefsson\/","title":"Andalusien vill inf\u00f6ra covidpass till serveringsst\u00e4llen","type":"rich","width":600,"height":338,"html":"<blockquote class=\"wp-embedded-content\" data-secret=\"v35nlmPz6A\"><a href=\"https:\/\/lightweb.dev\/l\/svm-temp\/nyheter\/andalusien-vill-infora-covidpass-till-serveringsstallen\/\">Andalusien vill inf\u00f6ra covidpass till serveringsst\u00e4llen<\/a><\/blockquote><iframe sandbox=\"allow-scripts\" security=\"restricted\" src=\"https:\/\/lightweb.dev\/l\/svm-temp\/nyheter\/andalusien-vill-infora-covidpass-till-serveringsstallen\/embed\/#?secret=v35nlmPz6A\" width=\"600\" height=\"338\" title=\"\u201dAndalusien vill inf\u00f6ra covidpass till serveringsst\u00e4llen\u201d &ndash; Svenska Magasinet\" data-secret=\"v35nlmPz6A\" frameborder=\"0\" marginwidth=\"0\" marginheight=\"0\" scrolling=\"no\" class=\"wp-embedded-content\"><\/iframe><script type=\"text\/javascript\">\n\/* <![CDATA[ *\/\n\/*! This file is auto-generated *\/\n!function(d,l){\"use strict\";l.querySelector&&d.addEventListener&&\"undefined\"!=typeof URL&&(d.wp=d.wp||{},d.wp.receiveEmbedMessage||(d.wp.receiveEmbedMessage=function(e){var t=e.data;if((t||t.secret||t.message||t.value)&&!\/[^a-zA-Z0-9]\/.test(t.secret)){for(var s,r,n,a=l.querySelectorAll('iframe[data-secret=\"'+t.secret+'\"]'),o=l.querySelectorAll('blockquote[data-secret=\"'+t.secret+'\"]'),c=new RegExp(\"^https?:$\",\"i\"),i=0;i<o.length;i++)o[i].style.display=\"none\";for(i=0;i<a.length;i++)s=a[i],e.source===s.contentWindow&&(s.removeAttribute(\"style\"),\"height\"===t.message?(1e3<(r=parseInt(t.value,10))?r=1e3:~~r<200&&(r=200),s.height=r):\"link\"===t.message&&(r=new URL(s.getAttribute(\"src\")),n=new URL(t.value),c.test(n.protocol))&&n.host===r.host&&l.activeElement===s&&(d.top.location.href=t.value))}},d.addEventListener(\"message\",d.wp.receiveEmbedMessage,!1),l.addEventListener(\"DOMContentLoaded\",function(){for(var e,t,s=l.querySelectorAll(\"iframe.wp-embedded-content\"),r=0;r<s.length;r++)(t=(e=s[r]).getAttribute(\"data-secret\"))||(t=Math.random().toString(36).substring(2,12),e.src+=\"#?secret=\"+t,e.setAttribute(\"data-secret\",t)),e.contentWindow.postMessage({message:\"ready\",secret:t},\"*\")},!1)))}(window,document);\n\/* ]]> *\/\n<\/script>\n","thumbnail_url":"https:\/\/lightweb.dev\/l\/svm-temp\/wp-content\/uploads\/2022\/04\/andalusien-vill-infra-covidpass-till-serveringsstllen.png","thumbnail_width":500,"thumbnail_height":300,"description":"Vid ett snabbinkallat m\u00f6te med expertkommitt\u00e9n p\u00e5 torsdagen beslutade Junta de Andaluc\u00eda att beg\u00e4ra att h\u00f6gsta regiondomstolen TSJA (Tribunal Superior de Justicia de Andaluc\u00eda) ger gr\u00f6nt ljus till covidpass som krav f\u00f6r att bes\u00f6ka serveringsst\u00e4llen. Kravet ska i f\u00f6rsta hand g\u00e4lla \u00f6ver jul, ny\u00e5rs \u2013 och trettonhelgen fram till 15 januari. Som Svenska Magasinet tidigare [&hellip;]"}

Andalusien vill införa covidpass till serveringsställen

<blockquote class="wp-embedded-content" data-secret="v35nlmPz6A"><a href="https://lightweb.dev/l/svm-temp/nyheter/andalusien-vill-infora-covidpass-till-serveringsstallen/">Andalusien vill införa covidpass till serveringsställen</a></blockquote><iframe sandbox="allow-scripts" security="restricted" src="https://lightweb.dev/l/svm-temp/nyheter/andalusien-vill-infora-covidpass-till-serveringsstallen/embed/#?secret=v35nlmPz6A" width="600" height="338" title="”Andalusien vill införa covidpass till serveringsställen” &ndash; Svenska Magasinet" data-secret="v35nlmPz6A" frameborder="0" marginwidth="0" marginheight="0" scrolling="no" class="wp-embedded-content"></iframe><script type="text/javascript">
/* <![CDATA[ */
/*! This file is auto-generated */
!function(d,l){"use strict";l.querySelector&&d.addEventListener&&"undefined"!=typeof URL&&(d.wp=d.wp||{},d.wp.receiveEmbedMessage||(d.wp.receiveEmbedMessage=function(e){var t=e.data;if((t||t.secret||t.message||t.value)&&!/[^a-zA-Z0-9]/.test(t.secret)){for(var s,r,n,a=l.querySelectorAll('iframe[data-secret="'+t.secret+'"]'),o=l.querySelectorAll('blockquote[data-secret="'+t.secret+'"]'),c=new RegExp("^https?:$","i"),i=0;i<o.length;i++)o[i].style.display="none";for(i=0;i<a.length;i++)s=a[i],e.source===s.contentWindow&&(s.removeAttribute("style"),"height"===t.message?(1e3<(r=parseInt(t.value,10))?r=1e3:~~r<200&&(r=200),s.height=r):"link"===t.message&&(r=new URL(s.getAttribute("src")),n=new URL(t.value),c.test(n.protocol))&&n.host===r.host&&l.activeElement===s&&(d.top.location.href=t.value))}},d.addEventListener("message",d.wp.receiveEmbedMessage,!1),l.addEventListener("DOMContentLoaded",function(){for(var e,t,s=l.querySelectorAll("iframe.wp-embedded-content"),r=0;r<s.length;r++)(t=(e=s[r]).getAttribute("data-secret"))||(t=Math.random().toString(36).substring(2,12),e.src+="#?secret="+t,e.setAttribute("data-secret",t)),e.contentWindow.postMessage({message:"ready",secret:t},"*")},!1)))}(window,document);
/* ]]> */
</script>

Vid ett snabbinkallat möte med expertkommittén på torsdagen beslutade Junta de Andalucía att begära att högsta regiondomstolen TSJA (Tribunal Superior de Justicia de Andalucía) ger grönt ljus till covidpass som krav för att besöka serveringsställen. Kravet ska i första hand gälla över jul, nyårs – och trettonhelgen fram till 15 januari. Som Svenska Magasinet tidigare [&hellip;]
