{"version":"1.0","provider_name":"Svenska Magasinet","provider_url":"https:\/\/lightweb.dev\/l\/svm-temp","author_name":"Redaktionen SvM","author_url":"https:\/\/lightweb.dev\/l\/svm-temp\/reporter\/redaktionen\/","title":"Andalusisk vecka p\u00e5 Norrmalmstorg i Stockholm","type":"rich","width":600,"height":338,"html":"<blockquote class=\"wp-embedded-content\" data-secret=\"yMMGLakclO\"><a href=\"https:\/\/lightweb.dev\/l\/svm-temp\/nyheter\/andalusisk-vecka-pa-norrmalmstorg-i-stockholm\/\">Andalusisk vecka p\u00e5 Norrmalmstorg i Stockholm<\/a><\/blockquote><iframe sandbox=\"allow-scripts\" security=\"restricted\" src=\"https:\/\/lightweb.dev\/l\/svm-temp\/nyheter\/andalusisk-vecka-pa-norrmalmstorg-i-stockholm\/embed\/#?secret=yMMGLakclO\" width=\"600\" height=\"338\" title=\"\u201dAndalusisk vecka p\u00e5 Norrmalmstorg i Stockholm\u201d &ndash; Svenska Magasinet\" data-secret=\"yMMGLakclO\" frameborder=\"0\" marginwidth=\"0\" marginheight=\"0\" scrolling=\"no\" class=\"wp-embedded-content\"><\/iframe><script type=\"text\/javascript\">\n\/* <![CDATA[ *\/\n\/*! This file is auto-generated *\/\n!function(d,l){\"use strict\";l.querySelector&&d.addEventListener&&\"undefined\"!=typeof URL&&(d.wp=d.wp||{},d.wp.receiveEmbedMessage||(d.wp.receiveEmbedMessage=function(e){var t=e.data;if((t||t.secret||t.message||t.value)&&!\/[^a-zA-Z0-9]\/.test(t.secret)){for(var s,r,n,a=l.querySelectorAll('iframe[data-secret=\"'+t.secret+'\"]'),o=l.querySelectorAll('blockquote[data-secret=\"'+t.secret+'\"]'),c=new RegExp(\"^https?:$\",\"i\"),i=0;i<o.length;i++)o[i].style.display=\"none\";for(i=0;i<a.length;i++)s=a[i],e.source===s.contentWindow&&(s.removeAttribute(\"style\"),\"height\"===t.message?(1e3<(r=parseInt(t.value,10))?r=1e3:~~r<200&&(r=200),s.height=r):\"link\"===t.message&&(r=new URL(s.getAttribute(\"src\")),n=new URL(t.value),c.test(n.protocol))&&n.host===r.host&&l.activeElement===s&&(d.top.location.href=t.value))}},d.addEventListener(\"message\",d.wp.receiveEmbedMessage,!1),l.addEventListener(\"DOMContentLoaded\",function(){for(var e,t,s=l.querySelectorAll(\"iframe.wp-embedded-content\"),r=0;r<s.length;r++)(t=(e=s[r]).getAttribute(\"data-secret\"))||(t=Math.random().toString(36).substring(2,12),e.src+=\"#?secret=\"+t,e.setAttribute(\"data-secret\",t)),e.contentWindow.postMessage({message:\"ready\",secret:t},\"*\")},!1)))}(window,document);\n\/* ]]> *\/\n<\/script>\n","thumbnail_url":"https:\/\/lightweb.dev\/l\/svm-temp\/wp-content\/uploads\/2022\/06\/andalusisk-vecka-pa-norrmalmstorg-i-stockholm.png","thumbnail_width":280,"thumbnail_height":210,"description":"Ig\u00e5r inleddes den regionala andalusiska regeringens satsning med en andalusisk vecka i Stockholm. Det \u00e4r regionalregeringens turistdepartement som ligger bakom satsningen f\u00f6r att sprida kunskap om andalusisk kultur, gastronomi och turism. Under temat \u201dSemana de Andaluc\u00eda en Estocolmo\u201d v\u00e4nder man sig till b\u00e5de privatpersoner och yrkesverksamma i turistbranschen. M\u00e5let \u00e4r att st\u00e4rka varum\u00e4rket Andalusien i [&hellip;]"}

Andalusisk vecka på Norrmalmstorg i Stockholm

<blockquote class="wp-embedded-content" data-secret="yMMGLakclO"><a href="https://lightweb.dev/l/svm-temp/nyheter/andalusisk-vecka-pa-norrmalmstorg-i-stockholm/">Andalusisk vecka på Norrmalmstorg i Stockholm</a></blockquote><iframe sandbox="allow-scripts" security="restricted" src="https://lightweb.dev/l/svm-temp/nyheter/andalusisk-vecka-pa-norrmalmstorg-i-stockholm/embed/#?secret=yMMGLakclO" width="600" height="338" title="”Andalusisk vecka på Norrmalmstorg i Stockholm” &ndash; Svenska Magasinet" data-secret="yMMGLakclO" frameborder="0" marginwidth="0" marginheight="0" scrolling="no" class="wp-embedded-content"></iframe><script type="text/javascript">
/* <![CDATA[ */
/*! This file is auto-generated */
!function(d,l){"use strict";l.querySelector&&d.addEventListener&&"undefined"!=typeof URL&&(d.wp=d.wp||{},d.wp.receiveEmbedMessage||(d.wp.receiveEmbedMessage=function(e){var t=e.data;if((t||t.secret||t.message||t.value)&&!/[^a-zA-Z0-9]/.test(t.secret)){for(var s,r,n,a=l.querySelectorAll('iframe[data-secret="'+t.secret+'"]'),o=l.querySelectorAll('blockquote[data-secret="'+t.secret+'"]'),c=new RegExp("^https?:$","i"),i=0;i<o.length;i++)o[i].style.display="none";for(i=0;i<a.length;i++)s=a[i],e.source===s.contentWindow&&(s.removeAttribute("style"),"height"===t.message?(1e3<(r=parseInt(t.value,10))?r=1e3:~~r<200&&(r=200),s.height=r):"link"===t.message&&(r=new URL(s.getAttribute("src")),n=new URL(t.value),c.test(n.protocol))&&n.host===r.host&&l.activeElement===s&&(d.top.location.href=t.value))}},d.addEventListener("message",d.wp.receiveEmbedMessage,!1),l.addEventListener("DOMContentLoaded",function(){for(var e,t,s=l.querySelectorAll("iframe.wp-embedded-content"),r=0;r<s.length;r++)(t=(e=s[r]).getAttribute("data-secret"))||(t=Math.random().toString(36).substring(2,12),e.src+="#?secret="+t,e.setAttribute("data-secret",t)),e.contentWindow.postMessage({message:"ready",secret:t},"*")},!1)))}(window,document);
/* ]]> */
</script>

Igår inleddes den regionala andalusiska regeringens satsning med en andalusisk vecka i Stockholm. Det är regionalregeringens turistdepartement som ligger bakom satsningen för att sprida kunskap om andalusisk kultur, gastronomi och turism. Under temat ”Semana de Andalucía en Estocolmo” vänder man sig till både privatpersoner och yrkesverksamma i turistbranschen. Målet är att stärka varumärket Andalusien i [&hellip;]
