{"version":"1.0","provider_name":"Svenska Magasinet","provider_url":"https:\/\/lightweb.dev\/l\/svm-temp","author_name":"Redaktionen SvM","author_url":"https:\/\/lightweb.dev\/l\/svm-temp\/reporter\/redaktionen\/","title":"Basketeliten ska lockas till Fuengirola","type":"rich","width":600,"height":338,"html":"<blockquote class=\"wp-embedded-content\" data-secret=\"6V6lRmnYho\"><a href=\"https:\/\/lightweb.dev\/l\/svm-temp\/nyheter\/basketeliten-ska-lockas-till-fuengirola\/\">Basketeliten ska lockas till Fuengirola<\/a><\/blockquote><iframe sandbox=\"allow-scripts\" security=\"restricted\" src=\"https:\/\/lightweb.dev\/l\/svm-temp\/nyheter\/basketeliten-ska-lockas-till-fuengirola\/embed\/#?secret=6V6lRmnYho\" width=\"600\" height=\"338\" title=\"\u201dBasketeliten ska lockas till Fuengirola\u201d &ndash; Svenska Magasinet\" data-secret=\"6V6lRmnYho\" frameborder=\"0\" marginwidth=\"0\" marginheight=\"0\" scrolling=\"no\" class=\"wp-embedded-content\"><\/iframe><script type=\"text\/javascript\">\n\/* <![CDATA[ *\/\n\/*! This file is auto-generated *\/\n!function(d,l){\"use strict\";l.querySelector&&d.addEventListener&&\"undefined\"!=typeof URL&&(d.wp=d.wp||{},d.wp.receiveEmbedMessage||(d.wp.receiveEmbedMessage=function(e){var t=e.data;if((t||t.secret||t.message||t.value)&&!\/[^a-zA-Z0-9]\/.test(t.secret)){for(var s,r,n,a=l.querySelectorAll('iframe[data-secret=\"'+t.secret+'\"]'),o=l.querySelectorAll('blockquote[data-secret=\"'+t.secret+'\"]'),c=new RegExp(\"^https?:$\",\"i\"),i=0;i<o.length;i++)o[i].style.display=\"none\";for(i=0;i<a.length;i++)s=a[i],e.source===s.contentWindow&&(s.removeAttribute(\"style\"),\"height\"===t.message?(1e3<(r=parseInt(t.value,10))?r=1e3:~~r<200&&(r=200),s.height=r):\"link\"===t.message&&(r=new URL(s.getAttribute(\"src\")),n=new URL(t.value),c.test(n.protocol))&&n.host===r.host&&l.activeElement===s&&(d.top.location.href=t.value))}},d.addEventListener(\"message\",d.wp.receiveEmbedMessage,!1),l.addEventListener(\"DOMContentLoaded\",function(){for(var e,t,s=l.querySelectorAll(\"iframe.wp-embedded-content\"),r=0;r<s.length;r++)(t=(e=s[r]).getAttribute(\"data-secret\"))||(t=Math.random().toString(36).substring(2,12),e.src+=\"#?secret=\"+t,e.setAttribute(\"data-secret\",t)),e.contentWindow.postMessage({message:\"ready\",secret:t},\"*\")},!1)))}(window,document);\n\/* ]]> *\/\n<\/script>\n","thumbnail_url":"https:\/\/lightweb.dev\/l\/svm-temp\/wp-content\/uploads\/2022\/05\/basketeliten-ska-lockas-till-fuengirola.png","thumbnail_width":500,"thumbnail_height":300,"description":"Tr\u00e4ningsl\u00e4ger med havsutsikt f\u00f6r v\u00e4rldens b\u00e4sta basketlag. Det hoppas Fuengirola kommun som tillsammans med regionregeringen Junta de Andaluc\u00eda och f\u00f6retaget Ewo Sport med de tidigare basketv\u00e4rldsm\u00e4starna Berni Rodr\u00edguez och Jos\u00e9 Manuel Calder\u00f3n st\u00e5r bakom satsningen med Centro de Entrenamiento Fuengirola-Higuer\u00f3n. Fuengirola ska bli ett riktm\u00e4rke i den stora basketv\u00e4rlden. Det handlar om en investering p\u00e5 [&hellip;]"}

Träningsläger med havsutsikt för världens bästa basketlag. Det hoppas Fuengirola kommun som tillsammans med regionregeringen Junta de Andalucía och företaget Ewo Sport med de tidigare basketvärldsmästarna Berni Rodríguez och José Manuel Calderón står bakom satsningen med Centro de Entrenamiento Fuengirola-Higuerón. Fuengirola ska bli ett riktmärke i den stora basketvärlden. Det handlar om en investering på [&hellip;]
