{"version":"1.0","provider_name":"Svenska Magasinet","provider_url":"https:\/\/lightweb.dev\/l\/svm-temp","author_name":"Redaktionen SvM","author_url":"https:\/\/lightweb.dev\/l\/svm-temp\/reporter\/redaktionen\/","title":"Bostadsomr\u00e5den i Mijas drabbade av processionslarver","type":"rich","width":600,"height":338,"html":"<blockquote class=\"wp-embedded-content\" data-secret=\"FBS1m6NPlD\"><a href=\"https:\/\/lightweb.dev\/l\/svm-temp\/nyheter\/bostadsomraden-i-mijas-drabbade-av-processionslarver\/\">Bostadsomr\u00e5den i Mijas drabbade av processionslarver<\/a><\/blockquote><iframe sandbox=\"allow-scripts\" security=\"restricted\" src=\"https:\/\/lightweb.dev\/l\/svm-temp\/nyheter\/bostadsomraden-i-mijas-drabbade-av-processionslarver\/embed\/#?secret=FBS1m6NPlD\" width=\"600\" height=\"338\" title=\"\u201dBostadsomr\u00e5den i Mijas drabbade av processionslarver\u201d &ndash; Svenska Magasinet\" data-secret=\"FBS1m6NPlD\" frameborder=\"0\" marginwidth=\"0\" marginheight=\"0\" scrolling=\"no\" class=\"wp-embedded-content\"><\/iframe><script type=\"text\/javascript\">\n\/* <![CDATA[ *\/\n\/*! This file is auto-generated *\/\n!function(d,l){\"use strict\";l.querySelector&&d.addEventListener&&\"undefined\"!=typeof URL&&(d.wp=d.wp||{},d.wp.receiveEmbedMessage||(d.wp.receiveEmbedMessage=function(e){var t=e.data;if((t||t.secret||t.message||t.value)&&!\/[^a-zA-Z0-9]\/.test(t.secret)){for(var s,r,n,a=l.querySelectorAll('iframe[data-secret=\"'+t.secret+'\"]'),o=l.querySelectorAll('blockquote[data-secret=\"'+t.secret+'\"]'),c=new RegExp(\"^https?:$\",\"i\"),i=0;i<o.length;i++)o[i].style.display=\"none\";for(i=0;i<a.length;i++)s=a[i],e.source===s.contentWindow&&(s.removeAttribute(\"style\"),\"height\"===t.message?(1e3<(r=parseInt(t.value,10))?r=1e3:~~r<200&&(r=200),s.height=r):\"link\"===t.message&&(r=new URL(s.getAttribute(\"src\")),n=new URL(t.value),c.test(n.protocol))&&n.host===r.host&&l.activeElement===s&&(d.top.location.href=t.value))}},d.addEventListener(\"message\",d.wp.receiveEmbedMessage,!1),l.addEventListener(\"DOMContentLoaded\",function(){for(var e,t,s=l.querySelectorAll(\"iframe.wp-embedded-content\"),r=0;r<s.length;r++)(t=(e=s[r]).getAttribute(\"data-secret\"))||(t=Math.random().toString(36).substring(2,12),e.src+=\"#?secret=\"+t,e.setAttribute(\"data-secret\",t)),e.contentWindow.postMessage({message:\"ready\",secret:t},\"*\")},!1)))}(window,document);\n\/* ]]> *\/\n<\/script>\n","thumbnail_url":"https:\/\/lightweb.dev\/l\/svm-temp\/wp-content\/uploads\/2022\/06\/bostadsomraden-i-mijas-drabbade-av-processionslarver.png","thumbnail_width":282,"thumbnail_height":200,"description":"Flera bostadsomr\u00e5den i Mijas Costa som El Chaparral, el Faro och runt h\u00e4stkappl\u00f6pningsanl\u00e4ggningen Hip\u00f3dromo har drabbats av ett \u00f6kat antal processionslarver. Processionslarver, thaumetopoea processionea, eller Procesionaria del pino, som den heter p\u00e5 spanska, r\u00f6r sig i l\u00e5nga kolonner sida vid sida, n\u00e4r de s\u00f6ker f\u00f6da. De fullvuxna larverna \u00e4r knappt 2,5 cm l\u00e5nga. Larverna lever [&hellip;]"}

Bostadsområden i Mijas drabbade av processionslarver

<blockquote class="wp-embedded-content" data-secret="FBS1m6NPlD"><a href="https://lightweb.dev/l/svm-temp/nyheter/bostadsomraden-i-mijas-drabbade-av-processionslarver/">Bostadsområden i Mijas drabbade av processionslarver</a></blockquote><iframe sandbox="allow-scripts" security="restricted" src="https://lightweb.dev/l/svm-temp/nyheter/bostadsomraden-i-mijas-drabbade-av-processionslarver/embed/#?secret=FBS1m6NPlD" width="600" height="338" title="”Bostadsområden i Mijas drabbade av processionslarver” &ndash; Svenska Magasinet" data-secret="FBS1m6NPlD" frameborder="0" marginwidth="0" marginheight="0" scrolling="no" class="wp-embedded-content"></iframe><script type="text/javascript">
/* <![CDATA[ */
/*! This file is auto-generated */
!function(d,l){"use strict";l.querySelector&&d.addEventListener&&"undefined"!=typeof URL&&(d.wp=d.wp||{},d.wp.receiveEmbedMessage||(d.wp.receiveEmbedMessage=function(e){var t=e.data;if((t||t.secret||t.message||t.value)&&!/[^a-zA-Z0-9]/.test(t.secret)){for(var s,r,n,a=l.querySelectorAll('iframe[data-secret="'+t.secret+'"]'),o=l.querySelectorAll('blockquote[data-secret="'+t.secret+'"]'),c=new RegExp("^https?:$","i"),i=0;i<o.length;i++)o[i].style.display="none";for(i=0;i<a.length;i++)s=a[i],e.source===s.contentWindow&&(s.removeAttribute("style"),"height"===t.message?(1e3<(r=parseInt(t.value,10))?r=1e3:~~r<200&&(r=200),s.height=r):"link"===t.message&&(r=new URL(s.getAttribute("src")),n=new URL(t.value),c.test(n.protocol))&&n.host===r.host&&l.activeElement===s&&(d.top.location.href=t.value))}},d.addEventListener("message",d.wp.receiveEmbedMessage,!1),l.addEventListener("DOMContentLoaded",function(){for(var e,t,s=l.querySelectorAll("iframe.wp-embedded-content"),r=0;r<s.length;r++)(t=(e=s[r]).getAttribute("data-secret"))||(t=Math.random().toString(36).substring(2,12),e.src+="#?secret="+t,e.setAttribute("data-secret",t)),e.contentWindow.postMessage({message:"ready",secret:t},"*")},!1)))}(window,document);
/* ]]> */
</script>

Flera bostadsområden i Mijas Costa som El Chaparral, el Faro och runt hästkapplöpningsanläggningen Hipódromo har drabbats av ett ökat antal processionslarver. Processionslarver, thaumetopoea processionea, eller Procesionaria del pino, som den heter på spanska, rör sig i långa kolonner sida vid sida, när de söker föda. De fullvuxna larverna är knappt 2,5 cm långa. Larverna lever [&hellip;]
