{"version":"1.0","provider_name":"Svenska Magasinet","provider_url":"https:\/\/lightweb.dev\/l\/svm-temp","author_name":"Redaktionen SvM","author_url":"https:\/\/lightweb.dev\/l\/svm-temp\/reporter\/redaktionen\/","title":"Brexitm\u00f6te planeras i Madrid","type":"rich","width":600,"height":338,"html":"<blockquote class=\"wp-embedded-content\" data-secret=\"jJJGZIv7Xy\"><a href=\"https:\/\/lightweb.dev\/l\/svm-temp\/nyheter\/brexitmote-planeras-i-madrid\/\">Brexitm\u00f6te planeras i Madrid<\/a><\/blockquote><iframe sandbox=\"allow-scripts\" security=\"restricted\" src=\"https:\/\/lightweb.dev\/l\/svm-temp\/nyheter\/brexitmote-planeras-i-madrid\/embed\/#?secret=jJJGZIv7Xy\" width=\"600\" height=\"338\" title=\"\u201dBrexitm\u00f6te planeras i Madrid\u201d &ndash; Svenska Magasinet\" data-secret=\"jJJGZIv7Xy\" frameborder=\"0\" marginwidth=\"0\" marginheight=\"0\" scrolling=\"no\" class=\"wp-embedded-content\"><\/iframe><script type=\"text\/javascript\">\n\/* <![CDATA[ *\/\n\/*! This file is auto-generated *\/\n!function(d,l){\"use strict\";l.querySelector&&d.addEventListener&&\"undefined\"!=typeof URL&&(d.wp=d.wp||{},d.wp.receiveEmbedMessage||(d.wp.receiveEmbedMessage=function(e){var t=e.data;if((t||t.secret||t.message||t.value)&&!\/[^a-zA-Z0-9]\/.test(t.secret)){for(var s,r,n,a=l.querySelectorAll('iframe[data-secret=\"'+t.secret+'\"]'),o=l.querySelectorAll('blockquote[data-secret=\"'+t.secret+'\"]'),c=new RegExp(\"^https?:$\",\"i\"),i=0;i<o.length;i++)o[i].style.display=\"none\";for(i=0;i<a.length;i++)s=a[i],e.source===s.contentWindow&&(s.removeAttribute(\"style\"),\"height\"===t.message?(1e3<(r=parseInt(t.value,10))?r=1e3:~~r<200&&(r=200),s.height=r):\"link\"===t.message&&(r=new URL(s.getAttribute(\"src\")),n=new URL(t.value),c.test(n.protocol))&&n.host===r.host&&l.activeElement===s&&(d.top.location.href=t.value))}},d.addEventListener(\"message\",d.wp.receiveEmbedMessage,!1),l.addEventListener(\"DOMContentLoaded\",function(){for(var e,t,s=l.querySelectorAll(\"iframe.wp-embedded-content\"),r=0;r<s.length;r++)(t=(e=s[r]).getAttribute(\"data-secret\"))||(t=Math.random().toString(36).substring(2,12),e.src+=\"#?secret=\"+t,e.setAttribute(\"data-secret\",t)),e.contentWindow.postMessage({message:\"ready\",secret:t},\"*\")},!1)))}(window,document);\n\/* ]]> *\/\n<\/script>\n","thumbnail_url":"https:\/\/lightweb.dev\/l\/svm-temp\/wp-content\/uploads\/2022\/06\/brexitmote-planeras-i-madrid.png","thumbnail_width":700,"thumbnail_height":420,"description":"Tj\u00e4nstem\u00e4n fr\u00e5n den lokala regeringen i Gibraltar plus regeringstj\u00e4nstem\u00e4n i Storbritannien och Spanien kommer att tr\u00e4ffas i Madrid f\u00f6r ett m\u00f6te inf\u00f6r britternas v\u00e4ntade uttr\u00e4de ur EU. Det brittiska parlamentet har inlett behandlingen av uttr\u00e4deslagstiftningen s\u00e5 att Storbritannien kan l\u00e4mna EU den 31 januari. F\u00f6rutsatt att lagstiftningen slutgiltigt antas i januari 2020 kommer den s.k. [&hellip;]"}

Brexitmöte planeras i Madrid

<blockquote class="wp-embedded-content" data-secret="jJJGZIv7Xy"><a href="https://lightweb.dev/l/svm-temp/nyheter/brexitmote-planeras-i-madrid/">Brexitmöte planeras i Madrid</a></blockquote><iframe sandbox="allow-scripts" security="restricted" src="https://lightweb.dev/l/svm-temp/nyheter/brexitmote-planeras-i-madrid/embed/#?secret=jJJGZIv7Xy" width="600" height="338" title="”Brexitmöte planeras i Madrid” &ndash; Svenska Magasinet" data-secret="jJJGZIv7Xy" frameborder="0" marginwidth="0" marginheight="0" scrolling="no" class="wp-embedded-content"></iframe><script type="text/javascript">
/* <![CDATA[ */
/*! This file is auto-generated */
!function(d,l){"use strict";l.querySelector&&d.addEventListener&&"undefined"!=typeof URL&&(d.wp=d.wp||{},d.wp.receiveEmbedMessage||(d.wp.receiveEmbedMessage=function(e){var t=e.data;if((t||t.secret||t.message||t.value)&&!/[^a-zA-Z0-9]/.test(t.secret)){for(var s,r,n,a=l.querySelectorAll('iframe[data-secret="'+t.secret+'"]'),o=l.querySelectorAll('blockquote[data-secret="'+t.secret+'"]'),c=new RegExp("^https?:$","i"),i=0;i<o.length;i++)o[i].style.display="none";for(i=0;i<a.length;i++)s=a[i],e.source===s.contentWindow&&(s.removeAttribute("style"),"height"===t.message?(1e3<(r=parseInt(t.value,10))?r=1e3:~~r<200&&(r=200),s.height=r):"link"===t.message&&(r=new URL(s.getAttribute("src")),n=new URL(t.value),c.test(n.protocol))&&n.host===r.host&&l.activeElement===s&&(d.top.location.href=t.value))}},d.addEventListener("message",d.wp.receiveEmbedMessage,!1),l.addEventListener("DOMContentLoaded",function(){for(var e,t,s=l.querySelectorAll("iframe.wp-embedded-content"),r=0;r<s.length;r++)(t=(e=s[r]).getAttribute("data-secret"))||(t=Math.random().toString(36).substring(2,12),e.src+="#?secret="+t,e.setAttribute("data-secret",t)),e.contentWindow.postMessage({message:"ready",secret:t},"*")},!1)))}(window,document);
/* ]]> */
</script>

Tjänstemän från den lokala regeringen i Gibraltar plus regeringstjänstemän i Storbritannien och Spanien kommer att träffas i Madrid för ett möte inför britternas väntade utträde ur EU. Det brittiska parlamentet har inlett behandlingen av utträdeslagstiftningen så att Storbritannien kan lämna EU den 31 januari. Förutsatt att lagstiftningen slutgiltigt antas i januari 2020 kommer den s.k. [&hellip;]
