{"version":"1.0","provider_name":"Svenska Magasinet","provider_url":"https:\/\/lightweb.dev\/l\/svm-temp","author_name":"Redaktionen SvM","author_url":"https:\/\/lightweb.dev\/l\/svm-temp\/reporter\/redaktionen\/","title":"Columbos-staty vandaliserad inf\u00f6r nationaldagen","type":"rich","width":600,"height":338,"html":"<blockquote class=\"wp-embedded-content\" data-secret=\"fcyFr4cHYV\"><a href=\"https:\/\/lightweb.dev\/l\/svm-temp\/nyheter\/columbos-staty-vandaliserad-infor-nationaldagen\/\">Columbos-staty vandaliserad inf\u00f6r nationaldagen<\/a><\/blockquote><iframe sandbox=\"allow-scripts\" security=\"restricted\" src=\"https:\/\/lightweb.dev\/l\/svm-temp\/nyheter\/columbos-staty-vandaliserad-infor-nationaldagen\/embed\/#?secret=fcyFr4cHYV\" width=\"600\" height=\"338\" title=\"\u201dColumbos-staty vandaliserad inf\u00f6r nationaldagen\u201d &ndash; Svenska Magasinet\" data-secret=\"fcyFr4cHYV\" frameborder=\"0\" marginwidth=\"0\" marginheight=\"0\" scrolling=\"no\" class=\"wp-embedded-content\"><\/iframe><script type=\"text\/javascript\">\n\/* <![CDATA[ *\/\n\/*! This file is auto-generated *\/\n!function(d,l){\"use strict\";l.querySelector&&d.addEventListener&&\"undefined\"!=typeof URL&&(d.wp=d.wp||{},d.wp.receiveEmbedMessage||(d.wp.receiveEmbedMessage=function(e){var t=e.data;if((t||t.secret||t.message||t.value)&&!\/[^a-zA-Z0-9]\/.test(t.secret)){for(var s,r,n,a=l.querySelectorAll('iframe[data-secret=\"'+t.secret+'\"]'),o=l.querySelectorAll('blockquote[data-secret=\"'+t.secret+'\"]'),c=new RegExp(\"^https?:$\",\"i\"),i=0;i<o.length;i++)o[i].style.display=\"none\";for(i=0;i<a.length;i++)s=a[i],e.source===s.contentWindow&&(s.removeAttribute(\"style\"),\"height\"===t.message?(1e3<(r=parseInt(t.value,10))?r=1e3:~~r<200&&(r=200),s.height=r):\"link\"===t.message&&(r=new URL(s.getAttribute(\"src\")),n=new URL(t.value),c.test(n.protocol))&&n.host===r.host&&l.activeElement===s&&(d.top.location.href=t.value))}},d.addEventListener(\"message\",d.wp.receiveEmbedMessage,!1),l.addEventListener(\"DOMContentLoaded\",function(){for(var e,t,s=l.querySelectorAll(\"iframe.wp-embedded-content\"),r=0;r<s.length;r++)(t=(e=s[r]).getAttribute(\"data-secret\"))||(t=Math.random().toString(36).substring(2,12),e.src+=\"#?secret=\"+t,e.setAttribute(\"data-secret\",t)),e.contentWindow.postMessage({message:\"ready\",secret:t},\"*\")},!1)))}(window,document);\n\/* ]]> *\/\n<\/script>\n","thumbnail_url":"https:\/\/lightweb.dev\/l\/svm-temp\/wp-content\/uploads\/2022\/06\/columbosstaty-vandaliserad-infor-nationaldagen.png","thumbnail_width":280,"thumbnail_height":210,"description":"I morgon onsdag \u00e4r det Fiesta Nacional eller El D\u00eda de la Hispanidad och den dag d\u00e5 Christofer Columbus uppt\u00e4ckte nya v\u00e4rlden 1492. N\u00e4r Barcelonaborna idag vaknade hade n\u00e5gra vandaler m\u00e5lat och anv\u00e4nt graffiti p\u00e5 statyn av Christopher Columbus. Statyn har blivit indragen i flera kontroverser. Nyligen misslyckades v\u00e4nsternationalistiska CUP att f\u00e5 statyn borttagen. I [&hellip;]"}

Columbos-staty vandaliserad inför nationaldagen

<blockquote class="wp-embedded-content" data-secret="fcyFr4cHYV"><a href="https://lightweb.dev/l/svm-temp/nyheter/columbos-staty-vandaliserad-infor-nationaldagen/">Columbos-staty vandaliserad inför nationaldagen</a></blockquote><iframe sandbox="allow-scripts" security="restricted" src="https://lightweb.dev/l/svm-temp/nyheter/columbos-staty-vandaliserad-infor-nationaldagen/embed/#?secret=fcyFr4cHYV" width="600" height="338" title="”Columbos-staty vandaliserad inför nationaldagen” &ndash; Svenska Magasinet" data-secret="fcyFr4cHYV" frameborder="0" marginwidth="0" marginheight="0" scrolling="no" class="wp-embedded-content"></iframe><script type="text/javascript">
/* <![CDATA[ */
/*! This file is auto-generated */
!function(d,l){"use strict";l.querySelector&&d.addEventListener&&"undefined"!=typeof URL&&(d.wp=d.wp||{},d.wp.receiveEmbedMessage||(d.wp.receiveEmbedMessage=function(e){var t=e.data;if((t||t.secret||t.message||t.value)&&!/[^a-zA-Z0-9]/.test(t.secret)){for(var s,r,n,a=l.querySelectorAll('iframe[data-secret="'+t.secret+'"]'),o=l.querySelectorAll('blockquote[data-secret="'+t.secret+'"]'),c=new RegExp("^https?:$","i"),i=0;i<o.length;i++)o[i].style.display="none";for(i=0;i<a.length;i++)s=a[i],e.source===s.contentWindow&&(s.removeAttribute("style"),"height"===t.message?(1e3<(r=parseInt(t.value,10))?r=1e3:~~r<200&&(r=200),s.height=r):"link"===t.message&&(r=new URL(s.getAttribute("src")),n=new URL(t.value),c.test(n.protocol))&&n.host===r.host&&l.activeElement===s&&(d.top.location.href=t.value))}},d.addEventListener("message",d.wp.receiveEmbedMessage,!1),l.addEventListener("DOMContentLoaded",function(){for(var e,t,s=l.querySelectorAll("iframe.wp-embedded-content"),r=0;r<s.length;r++)(t=(e=s[r]).getAttribute("data-secret"))||(t=Math.random().toString(36).substring(2,12),e.src+="#?secret="+t,e.setAttribute("data-secret",t)),e.contentWindow.postMessage({message:"ready",secret:t},"*")},!1)))}(window,document);
/* ]]> */
</script>

I morgon onsdag är det Fiesta Nacional eller El Día de la Hispanidad och den dag då Christofer Columbus upptäckte nya världen 1492. När Barcelonaborna idag vaknade hade några vandaler målat och använt graffiti på statyn av Christopher Columbus. Statyn har blivit indragen i flera kontroverser. Nyligen misslyckades vänsternationalistiska CUP att få statyn borttagen. I [&hellip;]
