{"version":"1.0","provider_name":"Svenska Magasinet","provider_url":"https:\/\/lightweb.dev\/l\/svm-temp","author_name":"Redaktionen SvM","author_url":"https:\/\/lightweb.dev\/l\/svm-temp\/reporter\/redaktionen\/","title":"Covidpass till serveringsst\u00e4llen splittrar regionerna","type":"rich","width":600,"height":338,"html":"<blockquote class=\"wp-embedded-content\" data-secret=\"EoMgE9xd43\"><a href=\"https:\/\/lightweb.dev\/l\/svm-temp\/nyheter\/covidpass-till-serveringsstallen-splittrar-regionerna\/\">Covidpass till serveringsst\u00e4llen splittrar regionerna<\/a><\/blockquote><iframe sandbox=\"allow-scripts\" security=\"restricted\" src=\"https:\/\/lightweb.dev\/l\/svm-temp\/nyheter\/covidpass-till-serveringsstallen-splittrar-regionerna\/embed\/#?secret=EoMgE9xd43\" width=\"600\" height=\"338\" title=\"\u201dCovidpass till serveringsst\u00e4llen splittrar regionerna\u201d &ndash; Svenska Magasinet\" data-secret=\"EoMgE9xd43\" frameborder=\"0\" marginwidth=\"0\" marginheight=\"0\" scrolling=\"no\" class=\"wp-embedded-content\"><\/iframe><script type=\"text\/javascript\">\n\/* <![CDATA[ *\/\n\/*! This file is auto-generated *\/\n!function(d,l){\"use strict\";l.querySelector&&d.addEventListener&&\"undefined\"!=typeof URL&&(d.wp=d.wp||{},d.wp.receiveEmbedMessage||(d.wp.receiveEmbedMessage=function(e){var t=e.data;if((t||t.secret||t.message||t.value)&&!\/[^a-zA-Z0-9]\/.test(t.secret)){for(var s,r,n,a=l.querySelectorAll('iframe[data-secret=\"'+t.secret+'\"]'),o=l.querySelectorAll('blockquote[data-secret=\"'+t.secret+'\"]'),c=new RegExp(\"^https?:$\",\"i\"),i=0;i<o.length;i++)o[i].style.display=\"none\";for(i=0;i<a.length;i++)s=a[i],e.source===s.contentWindow&&(s.removeAttribute(\"style\"),\"height\"===t.message?(1e3<(r=parseInt(t.value,10))?r=1e3:~~r<200&&(r=200),s.height=r):\"link\"===t.message&&(r=new URL(s.getAttribute(\"src\")),n=new URL(t.value),c.test(n.protocol))&&n.host===r.host&&l.activeElement===s&&(d.top.location.href=t.value))}},d.addEventListener(\"message\",d.wp.receiveEmbedMessage,!1),l.addEventListener(\"DOMContentLoaded\",function(){for(var e,t,s=l.querySelectorAll(\"iframe.wp-embedded-content\"),r=0;r<s.length;r++)(t=(e=s[r]).getAttribute(\"data-secret\"))||(t=Math.random().toString(36).substring(2,12),e.src+=\"#?secret=\"+t,e.setAttribute(\"data-secret\",t)),e.contentWindow.postMessage({message:\"ready\",secret:t},\"*\")},!1)))}(window,document);\n\/* ]]> *\/\n<\/script>\n","description":"Sedan mitten av oktober har antalet smittade med coronaviruset SARS-CoV-2 \u00f6kat i Spanien. F\u00f6rutom att antalet smittade forts\u00e4tter att \u00f6ka s\u00e5 accelererar frekvensen. I fredags rapporterades 9.800 nya smittade. Under m\u00e5ndagen rapporterades 16.000 nya fall. Det \u00e4r en uppg\u00e5ng med 62 procent. M\u00e5ndagen den 15 november l\u00e5g incidenstalet p\u00e5 112 smittade per 100.000 inv\u00e5nare. Idag [&hellip;]"}

Covidpass till serveringsställen splittrar regionerna

<blockquote class="wp-embedded-content" data-secret="EoMgE9xd43"><a href="https://lightweb.dev/l/svm-temp/nyheter/covidpass-till-serveringsstallen-splittrar-regionerna/">Covidpass till serveringsställen splittrar regionerna</a></blockquote><iframe sandbox="allow-scripts" security="restricted" src="https://lightweb.dev/l/svm-temp/nyheter/covidpass-till-serveringsstallen-splittrar-regionerna/embed/#?secret=EoMgE9xd43" width="600" height="338" title="”Covidpass till serveringsställen splittrar regionerna” &ndash; Svenska Magasinet" data-secret="EoMgE9xd43" frameborder="0" marginwidth="0" marginheight="0" scrolling="no" class="wp-embedded-content"></iframe><script type="text/javascript">
/* <![CDATA[ */
/*! This file is auto-generated */
!function(d,l){"use strict";l.querySelector&&d.addEventListener&&"undefined"!=typeof URL&&(d.wp=d.wp||{},d.wp.receiveEmbedMessage||(d.wp.receiveEmbedMessage=function(e){var t=e.data;if((t||t.secret||t.message||t.value)&&!/[^a-zA-Z0-9]/.test(t.secret)){for(var s,r,n,a=l.querySelectorAll('iframe[data-secret="'+t.secret+'"]'),o=l.querySelectorAll('blockquote[data-secret="'+t.secret+'"]'),c=new RegExp("^https?:$","i"),i=0;i<o.length;i++)o[i].style.display="none";for(i=0;i<a.length;i++)s=a[i],e.source===s.contentWindow&&(s.removeAttribute("style"),"height"===t.message?(1e3<(r=parseInt(t.value,10))?r=1e3:~~r<200&&(r=200),s.height=r):"link"===t.message&&(r=new URL(s.getAttribute("src")),n=new URL(t.value),c.test(n.protocol))&&n.host===r.host&&l.activeElement===s&&(d.top.location.href=t.value))}},d.addEventListener("message",d.wp.receiveEmbedMessage,!1),l.addEventListener("DOMContentLoaded",function(){for(var e,t,s=l.querySelectorAll("iframe.wp-embedded-content"),r=0;r<s.length;r++)(t=(e=s[r]).getAttribute("data-secret"))||(t=Math.random().toString(36).substring(2,12),e.src+="#?secret="+t,e.setAttribute("data-secret",t)),e.contentWindow.postMessage({message:"ready",secret:t},"*")},!1)))}(window,document);
/* ]]> */
</script>

Sedan mitten av oktober har antalet smittade med coronaviruset SARS-CoV-2 ökat i Spanien. Förutom att antalet smittade fortsätter att öka så accelererar frekvensen. I fredags rapporterades 9.800 nya smittade. Under måndagen rapporterades 16.000 nya fall. Det är en uppgång med 62 procent. Måndagen den 15 november låg incidenstalet på 112 smittade per 100.000 invånare. Idag [&hellip;]
