{"version":"1.0","provider_name":"Svenska Magasinet","provider_url":"https:\/\/lightweb.dev\/l\/svm-temp","author_name":"Redaktionen SvM","author_url":"https:\/\/lightweb.dev\/l\/svm-temp\/reporter\/redaktionen\/","title":"Den st\u00f6rsta diplomatiska krisen p\u00e5 l\u00e4nge","type":"rich","width":600,"height":338,"html":"<blockquote class=\"wp-embedded-content\" data-secret=\"EqVO6hqIF4\"><a href=\"https:\/\/lightweb.dev\/l\/svm-temp\/nyheter\/den-storsta-diplomatiska-krisen-pa-lange\/\">Den st\u00f6rsta diplomatiska krisen p\u00e5 l\u00e4nge<\/a><\/blockquote><iframe sandbox=\"allow-scripts\" security=\"restricted\" src=\"https:\/\/lightweb.dev\/l\/svm-temp\/nyheter\/den-storsta-diplomatiska-krisen-pa-lange\/embed\/#?secret=EqVO6hqIF4\" width=\"600\" height=\"338\" title=\"\u201dDen st\u00f6rsta diplomatiska krisen p\u00e5 l\u00e4nge\u201d &ndash; Svenska Magasinet\" data-secret=\"EqVO6hqIF4\" frameborder=\"0\" marginwidth=\"0\" marginheight=\"0\" scrolling=\"no\" class=\"wp-embedded-content\"><\/iframe><script type=\"text\/javascript\">\n\/* <![CDATA[ *\/\n\/*! This file is auto-generated *\/\n!function(d,l){\"use strict\";l.querySelector&&d.addEventListener&&\"undefined\"!=typeof URL&&(d.wp=d.wp||{},d.wp.receiveEmbedMessage||(d.wp.receiveEmbedMessage=function(e){var t=e.data;if((t||t.secret||t.message||t.value)&&!\/[^a-zA-Z0-9]\/.test(t.secret)){for(var s,r,n,a=l.querySelectorAll('iframe[data-secret=\"'+t.secret+'\"]'),o=l.querySelectorAll('blockquote[data-secret=\"'+t.secret+'\"]'),c=new RegExp(\"^https?:$\",\"i\"),i=0;i<o.length;i++)o[i].style.display=\"none\";for(i=0;i<a.length;i++)s=a[i],e.source===s.contentWindow&&(s.removeAttribute(\"style\"),\"height\"===t.message?(1e3<(r=parseInt(t.value,10))?r=1e3:~~r<200&&(r=200),s.height=r):\"link\"===t.message&&(r=new URL(s.getAttribute(\"src\")),n=new URL(t.value),c.test(n.protocol))&&n.host===r.host&&l.activeElement===s&&(d.top.location.href=t.value))}},d.addEventListener(\"message\",d.wp.receiveEmbedMessage,!1),l.addEventListener(\"DOMContentLoaded\",function(){for(var e,t,s=l.querySelectorAll(\"iframe.wp-embedded-content\"),r=0;r<s.length;r++)(t=(e=s[r]).getAttribute(\"data-secret\"))||(t=Math.random().toString(36).substring(2,12),e.src+=\"#?secret=\"+t,e.setAttribute(\"data-secret\",t)),e.contentWindow.postMessage({message:\"ready\",secret:t},\"*\")},!1)))}(window,document);\n\/* ]]> *\/\n<\/script>\n","thumbnail_url":"https:\/\/lightweb.dev\/l\/svm-temp\/wp-content\/uploads\/2022\/06\/den-storsta-diplomatiska-krisen-pa-lange.png","thumbnail_width":500,"thumbnail_height":300,"description":"Marocko beslutade p\u00e5 onsdagen att tillf\u00e4lligt st\u00e4nga gr\u00e4nspassager till Ceuta. Fortsatt rapporteras det om att personer fr\u00e5n Nordafrika och l\u00e4nder s\u00f6der om Sahara f\u00f6rs\u00f6ker ta sig \u00f6ver till den spanska enklaven Ceuta genom att vada, simma eller via hemmagjorda flottar. Situationen har stabiliserat sig vid gr\u00e4nspassagen Tarajal i Ceuta rapporterar lokala medier. \u00c4ven om vissa [&hellip;]"}

Den största diplomatiska krisen på länge

<blockquote class="wp-embedded-content" data-secret="EqVO6hqIF4"><a href="https://lightweb.dev/l/svm-temp/nyheter/den-storsta-diplomatiska-krisen-pa-lange/">Den största diplomatiska krisen på länge</a></blockquote><iframe sandbox="allow-scripts" security="restricted" src="https://lightweb.dev/l/svm-temp/nyheter/den-storsta-diplomatiska-krisen-pa-lange/embed/#?secret=EqVO6hqIF4" width="600" height="338" title="”Den största diplomatiska krisen på länge” &ndash; Svenska Magasinet" data-secret="EqVO6hqIF4" frameborder="0" marginwidth="0" marginheight="0" scrolling="no" class="wp-embedded-content"></iframe><script type="text/javascript">
/* <![CDATA[ */
/*! This file is auto-generated */
!function(d,l){"use strict";l.querySelector&&d.addEventListener&&"undefined"!=typeof URL&&(d.wp=d.wp||{},d.wp.receiveEmbedMessage||(d.wp.receiveEmbedMessage=function(e){var t=e.data;if((t||t.secret||t.message||t.value)&&!/[^a-zA-Z0-9]/.test(t.secret)){for(var s,r,n,a=l.querySelectorAll('iframe[data-secret="'+t.secret+'"]'),o=l.querySelectorAll('blockquote[data-secret="'+t.secret+'"]'),c=new RegExp("^https?:$","i"),i=0;i<o.length;i++)o[i].style.display="none";for(i=0;i<a.length;i++)s=a[i],e.source===s.contentWindow&&(s.removeAttribute("style"),"height"===t.message?(1e3<(r=parseInt(t.value,10))?r=1e3:~~r<200&&(r=200),s.height=r):"link"===t.message&&(r=new URL(s.getAttribute("src")),n=new URL(t.value),c.test(n.protocol))&&n.host===r.host&&l.activeElement===s&&(d.top.location.href=t.value))}},d.addEventListener("message",d.wp.receiveEmbedMessage,!1),l.addEventListener("DOMContentLoaded",function(){for(var e,t,s=l.querySelectorAll("iframe.wp-embedded-content"),r=0;r<s.length;r++)(t=(e=s[r]).getAttribute("data-secret"))||(t=Math.random().toString(36).substring(2,12),e.src+="#?secret="+t,e.setAttribute("data-secret",t)),e.contentWindow.postMessage({message:"ready",secret:t},"*")},!1)))}(window,document);
/* ]]> */
</script>

Marocko beslutade på onsdagen att tillfälligt stänga gränspassager till Ceuta. Fortsatt rapporteras det om att personer från Nordafrika och länder söder om Sahara försöker ta sig över till den spanska enklaven Ceuta genom att vada, simma eller via hemmagjorda flottar. Situationen har stabiliserat sig vid gränspassagen Tarajal i Ceuta rapporterar lokala medier. Även om vissa [&hellip;]
