{"version":"1.0","provider_name":"Svenska Magasinet","provider_url":"https:\/\/lightweb.dev\/l\/svm-temp","author_name":"Ola Josefsson","author_url":"https:\/\/lightweb.dev\/l\/svm-temp\/reporter\/ola-josefsson\/","title":"Direktflyg New York-M\u00e1laga sommaren 2023","type":"rich","width":600,"height":338,"html":"<blockquote class=\"wp-embedded-content\" data-secret=\"mXdMFlhWc1\"><a href=\"https:\/\/lightweb.dev\/l\/svm-temp\/nyheter\/direktflyg-new-york-malaga-sommaren-2023\/\">Direktflyg New York-M\u00e1laga sommaren 2023<\/a><\/blockquote><iframe sandbox=\"allow-scripts\" security=\"restricted\" src=\"https:\/\/lightweb.dev\/l\/svm-temp\/nyheter\/direktflyg-new-york-malaga-sommaren-2023\/embed\/#?secret=mXdMFlhWc1\" width=\"600\" height=\"338\" title=\"\u201dDirektflyg New York-M\u00e1laga sommaren 2023\u201d &ndash; Svenska Magasinet\" data-secret=\"mXdMFlhWc1\" frameborder=\"0\" marginwidth=\"0\" marginheight=\"0\" scrolling=\"no\" class=\"wp-embedded-content\"><\/iframe><script type=\"text\/javascript\">\n\/* <![CDATA[ *\/\n\/*! This file is auto-generated *\/\n!function(d,l){\"use strict\";l.querySelector&&d.addEventListener&&\"undefined\"!=typeof URL&&(d.wp=d.wp||{},d.wp.receiveEmbedMessage||(d.wp.receiveEmbedMessage=function(e){var t=e.data;if((t||t.secret||t.message||t.value)&&!\/[^a-zA-Z0-9]\/.test(t.secret)){for(var s,r,n,a=l.querySelectorAll('iframe[data-secret=\"'+t.secret+'\"]'),o=l.querySelectorAll('blockquote[data-secret=\"'+t.secret+'\"]'),c=new RegExp(\"^https?:$\",\"i\"),i=0;i<o.length;i++)o[i].style.display=\"none\";for(i=0;i<a.length;i++)s=a[i],e.source===s.contentWindow&&(s.removeAttribute(\"style\"),\"height\"===t.message?(1e3<(r=parseInt(t.value,10))?r=1e3:~~r<200&&(r=200),s.height=r):\"link\"===t.message&&(r=new URL(s.getAttribute(\"src\")),n=new URL(t.value),c.test(n.protocol))&&n.host===r.host&&l.activeElement===s&&(d.top.location.href=t.value))}},d.addEventListener(\"message\",d.wp.receiveEmbedMessage,!1),l.addEventListener(\"DOMContentLoaded\",function(){for(var e,t,s=l.querySelectorAll(\"iframe.wp-embedded-content\"),r=0;r<s.length;r++)(t=(e=s[r]).getAttribute(\"data-secret\"))||(t=Math.random().toString(36).substring(2,12),e.src+=\"#?secret=\"+t,e.setAttribute(\"data-secret\",t)),e.contentWindow.postMessage({message:\"ready\",secret:t},\"*\")},!1)))}(window,document);\n\/* ]]> *\/\n<\/script>\n","thumbnail_url":"https:\/\/lightweb.dev\/l\/svm-temp\/wp-content\/uploads\/2022\/10\/Fe3ooq8WAAA2F6H-Stor.jpeg","thumbnail_width":1280,"thumbnail_height":854,"description":"Det har varit ett \u00f6nskem\u00e5l hos turistn\u00e4ringen p\u00e5 Solkusten. Att direktlinjen mellan New York och M\u00e1laga ska \u00e5teruppst\u00e5. Och nu \u00e4r det klart. United Airlines meddelar att flygbolaget flyger tre g\u00e5nger i veckan med start den 31 maj 2023 fram till slutet av september."}

Direktflyg New York-Málaga sommaren 2023

<blockquote class="wp-embedded-content" data-secret="mXdMFlhWc1"><a href="https://lightweb.dev/l/svm-temp/nyheter/direktflyg-new-york-malaga-sommaren-2023/">Direktflyg New York-Málaga sommaren 2023</a></blockquote><iframe sandbox="allow-scripts" security="restricted" src="https://lightweb.dev/l/svm-temp/nyheter/direktflyg-new-york-malaga-sommaren-2023/embed/#?secret=mXdMFlhWc1" width="600" height="338" title="”Direktflyg New York-Málaga sommaren 2023” &ndash; Svenska Magasinet" data-secret="mXdMFlhWc1" frameborder="0" marginwidth="0" marginheight="0" scrolling="no" class="wp-embedded-content"></iframe><script type="text/javascript">
/* <![CDATA[ */
/*! This file is auto-generated */
!function(d,l){"use strict";l.querySelector&&d.addEventListener&&"undefined"!=typeof URL&&(d.wp=d.wp||{},d.wp.receiveEmbedMessage||(d.wp.receiveEmbedMessage=function(e){var t=e.data;if((t||t.secret||t.message||t.value)&&!/[^a-zA-Z0-9]/.test(t.secret)){for(var s,r,n,a=l.querySelectorAll('iframe[data-secret="'+t.secret+'"]'),o=l.querySelectorAll('blockquote[data-secret="'+t.secret+'"]'),c=new RegExp("^https?:$","i"),i=0;i<o.length;i++)o[i].style.display="none";for(i=0;i<a.length;i++)s=a[i],e.source===s.contentWindow&&(s.removeAttribute("style"),"height"===t.message?(1e3<(r=parseInt(t.value,10))?r=1e3:~~r<200&&(r=200),s.height=r):"link"===t.message&&(r=new URL(s.getAttribute("src")),n=new URL(t.value),c.test(n.protocol))&&n.host===r.host&&l.activeElement===s&&(d.top.location.href=t.value))}},d.addEventListener("message",d.wp.receiveEmbedMessage,!1),l.addEventListener("DOMContentLoaded",function(){for(var e,t,s=l.querySelectorAll("iframe.wp-embedded-content"),r=0;r<s.length;r++)(t=(e=s[r]).getAttribute("data-secret"))||(t=Math.random().toString(36).substring(2,12),e.src+="#?secret="+t,e.setAttribute("data-secret",t)),e.contentWindow.postMessage({message:"ready",secret:t},"*")},!1)))}(window,document);
/* ]]> */
</script>

Det har varit ett önskemål hos turistnäringen på Solkusten. Att direktlinjen mellan New York och Málaga ska återuppstå. Och nu är det klart. United Airlines meddelar att flygbolaget flyger tre gånger i veckan med start den 31 maj 2023 fram till slutet av september.
