{"version":"1.0","provider_name":"Svenska Magasinet","provider_url":"https:\/\/lightweb.dev\/l\/svm-temp","author_name":"Ola Josefsson","author_url":"https:\/\/lightweb.dev\/l\/svm-temp\/reporter\/ola-josefsson\/","title":"Drop-in vaccinering av p\u00e5fyllnadsdos","type":"rich","width":600,"height":338,"html":"<blockquote class=\"wp-embedded-content\" data-secret=\"rH6K38nkPD\"><a href=\"https:\/\/lightweb.dev\/l\/svm-temp\/nyheter\/drop-in-vaccinering-av-pafyllnadsdos\/\">Drop-in vaccinering av p\u00e5fyllnadsdos<\/a><\/blockquote><iframe sandbox=\"allow-scripts\" security=\"restricted\" src=\"https:\/\/lightweb.dev\/l\/svm-temp\/nyheter\/drop-in-vaccinering-av-pafyllnadsdos\/embed\/#?secret=rH6K38nkPD\" width=\"600\" height=\"338\" title=\"\u201dDrop-in vaccinering av p\u00e5fyllnadsdos\u201d &ndash; Svenska Magasinet\" data-secret=\"rH6K38nkPD\" frameborder=\"0\" marginwidth=\"0\" marginheight=\"0\" scrolling=\"no\" class=\"wp-embedded-content\"><\/iframe><script type=\"text\/javascript\">\n\/* <![CDATA[ *\/\n\/*! This file is auto-generated *\/\n!function(d,l){\"use strict\";l.querySelector&&d.addEventListener&&\"undefined\"!=typeof URL&&(d.wp=d.wp||{},d.wp.receiveEmbedMessage||(d.wp.receiveEmbedMessage=function(e){var t=e.data;if((t||t.secret||t.message||t.value)&&!\/[^a-zA-Z0-9]\/.test(t.secret)){for(var s,r,n,a=l.querySelectorAll('iframe[data-secret=\"'+t.secret+'\"]'),o=l.querySelectorAll('blockquote[data-secret=\"'+t.secret+'\"]'),c=new RegExp(\"^https?:$\",\"i\"),i=0;i<o.length;i++)o[i].style.display=\"none\";for(i=0;i<a.length;i++)s=a[i],e.source===s.contentWindow&&(s.removeAttribute(\"style\"),\"height\"===t.message?(1e3<(r=parseInt(t.value,10))?r=1e3:~~r<200&&(r=200),s.height=r):\"link\"===t.message&&(r=new URL(s.getAttribute(\"src\")),n=new URL(t.value),c.test(n.protocol))&&n.host===r.host&&l.activeElement===s&&(d.top.location.href=t.value))}},d.addEventListener(\"message\",d.wp.receiveEmbedMessage,!1),l.addEventListener(\"DOMContentLoaded\",function(){for(var e,t,s=l.querySelectorAll(\"iframe.wp-embedded-content\"),r=0;r<s.length;r++)(t=(e=s[r]).getAttribute(\"data-secret\"))||(t=Math.random().toString(36).substring(2,12),e.src+=\"#?secret=\"+t,e.setAttribute(\"data-secret\",t)),e.contentWindow.postMessage({message:\"ready\",secret:t},\"*\")},!1)))}(window,document);\n\/* ]]> *\/\n<\/script>\n","thumbnail_url":"https:\/\/lightweb.dev\/l\/svm-temp\/wp-content\/uploads\/2022\/04\/drop-in-vaccinering-av-pfyllnadsdos.png","thumbnail_width":500,"thumbnail_height":300,"description":"Fr\u00e5n nu \u00f6ppnar Andalusien upp m\u00f6jligheten att f\u00e5 p\u00e5fyllnadsdos f\u00f6r personer \u00f6ver 70 \u00e5r utan att beh\u00f6va boka tid. Intresserade kan ta sig till de vaccinationsplatser som anges i det pressmeddelande som regionregeringen publicerat. Fr\u00e5n nu blir det m\u00f6jligt med drop-in vaccinering av p\u00e5fyllnadsdosen av antingen Pfizer eller Moderna. Det meddeladeregionens h\u00e4lsor\u00e5d, Jes\u00fas Aguirre, vid [&hellip;]"}

Drop-in vaccinering av påfyllnadsdos

<blockquote class="wp-embedded-content" data-secret="rH6K38nkPD"><a href="https://lightweb.dev/l/svm-temp/nyheter/drop-in-vaccinering-av-pafyllnadsdos/">Drop-in vaccinering av påfyllnadsdos</a></blockquote><iframe sandbox="allow-scripts" security="restricted" src="https://lightweb.dev/l/svm-temp/nyheter/drop-in-vaccinering-av-pafyllnadsdos/embed/#?secret=rH6K38nkPD" width="600" height="338" title="”Drop-in vaccinering av påfyllnadsdos” &ndash; Svenska Magasinet" data-secret="rH6K38nkPD" frameborder="0" marginwidth="0" marginheight="0" scrolling="no" class="wp-embedded-content"></iframe><script type="text/javascript">
/* <![CDATA[ */
/*! This file is auto-generated */
!function(d,l){"use strict";l.querySelector&&d.addEventListener&&"undefined"!=typeof URL&&(d.wp=d.wp||{},d.wp.receiveEmbedMessage||(d.wp.receiveEmbedMessage=function(e){var t=e.data;if((t||t.secret||t.message||t.value)&&!/[^a-zA-Z0-9]/.test(t.secret)){for(var s,r,n,a=l.querySelectorAll('iframe[data-secret="'+t.secret+'"]'),o=l.querySelectorAll('blockquote[data-secret="'+t.secret+'"]'),c=new RegExp("^https?:$","i"),i=0;i<o.length;i++)o[i].style.display="none";for(i=0;i<a.length;i++)s=a[i],e.source===s.contentWindow&&(s.removeAttribute("style"),"height"===t.message?(1e3<(r=parseInt(t.value,10))?r=1e3:~~r<200&&(r=200),s.height=r):"link"===t.message&&(r=new URL(s.getAttribute("src")),n=new URL(t.value),c.test(n.protocol))&&n.host===r.host&&l.activeElement===s&&(d.top.location.href=t.value))}},d.addEventListener("message",d.wp.receiveEmbedMessage,!1),l.addEventListener("DOMContentLoaded",function(){for(var e,t,s=l.querySelectorAll("iframe.wp-embedded-content"),r=0;r<s.length;r++)(t=(e=s[r]).getAttribute("data-secret"))||(t=Math.random().toString(36).substring(2,12),e.src+="#?secret="+t,e.setAttribute("data-secret",t)),e.contentWindow.postMessage({message:"ready",secret:t},"*")},!1)))}(window,document);
/* ]]> */
</script>

Från nu öppnar Andalusien upp möjligheten att få påfyllnadsdos för personer över 70 år utan att behöva boka tid. Intresserade kan ta sig till de vaccinationsplatser som anges i det pressmeddelande som regionregeringen publicerat. Från nu blir det möjligt med drop-in vaccinering av påfyllnadsdosen av antingen Pfizer eller Moderna. Det meddeladeregionens hälsoråd, Jesús Aguirre, vid [&hellip;]
