{"version":"1.0","provider_name":"Svenska Magasinet","provider_url":"https:\/\/lightweb.dev\/l\/svm-temp","author_name":"Redaktionen SvM","author_url":"https:\/\/lightweb.dev\/l\/svm-temp\/reporter\/redaktionen\/","title":"Ekonomiska f\u00f6rluster efter inst\u00e4lld Mobilm\u00e4ssa","type":"rich","width":600,"height":338,"html":"<blockquote class=\"wp-embedded-content\" data-secret=\"KLgfM1heXI\"><a href=\"https:\/\/lightweb.dev\/l\/svm-temp\/nyheter\/ekonomiska-forluster-efter-installd-mobilmassa\/\">Ekonomiska f\u00f6rluster efter inst\u00e4lld Mobilm\u00e4ssa<\/a><\/blockquote><iframe sandbox=\"allow-scripts\" security=\"restricted\" src=\"https:\/\/lightweb.dev\/l\/svm-temp\/nyheter\/ekonomiska-forluster-efter-installd-mobilmassa\/embed\/#?secret=KLgfM1heXI\" width=\"600\" height=\"338\" title=\"\u201dEkonomiska f\u00f6rluster efter inst\u00e4lld Mobilm\u00e4ssa\u201d &ndash; Svenska Magasinet\" data-secret=\"KLgfM1heXI\" frameborder=\"0\" marginwidth=\"0\" marginheight=\"0\" scrolling=\"no\" class=\"wp-embedded-content\"><\/iframe><script type=\"text\/javascript\">\n\/* <![CDATA[ *\/\n\/*! This file is auto-generated *\/\n!function(d,l){\"use strict\";l.querySelector&&d.addEventListener&&\"undefined\"!=typeof URL&&(d.wp=d.wp||{},d.wp.receiveEmbedMessage||(d.wp.receiveEmbedMessage=function(e){var t=e.data;if((t||t.secret||t.message||t.value)&&!\/[^a-zA-Z0-9]\/.test(t.secret)){for(var s,r,n,a=l.querySelectorAll('iframe[data-secret=\"'+t.secret+'\"]'),o=l.querySelectorAll('blockquote[data-secret=\"'+t.secret+'\"]'),c=new RegExp(\"^https?:$\",\"i\"),i=0;i<o.length;i++)o[i].style.display=\"none\";for(i=0;i<a.length;i++)s=a[i],e.source===s.contentWindow&&(s.removeAttribute(\"style\"),\"height\"===t.message?(1e3<(r=parseInt(t.value,10))?r=1e3:~~r<200&&(r=200),s.height=r):\"link\"===t.message&&(r=new URL(s.getAttribute(\"src\")),n=new URL(t.value),c.test(n.protocol))&&n.host===r.host&&l.activeElement===s&&(d.top.location.href=t.value))}},d.addEventListener(\"message\",d.wp.receiveEmbedMessage,!1),l.addEventListener(\"DOMContentLoaded\",function(){for(var e,t,s=l.querySelectorAll(\"iframe.wp-embedded-content\"),r=0;r<s.length;r++)(t=(e=s[r]).getAttribute(\"data-secret\"))||(t=Math.random().toString(36).substring(2,12),e.src+=\"#?secret=\"+t,e.setAttribute(\"data-secret\",t)),e.contentWindow.postMessage({message:\"ready\",secret:t},\"*\")},!1)))}(window,document);\n\/* ]]> *\/\n<\/script>\n","thumbnail_url":"https:\/\/lightweb.dev\/l\/svm-temp\/wp-content\/uploads\/2022\/06\/ekonomiska-forluster-efter-installd-mobilmassa.png","thumbnail_width":700,"thumbnail_height":420,"description":"Oro f\u00f6r coronavirusets spridning och efter att flera multinationella f\u00f6retag hoppat av beslutade sig GSMA som arrangerar en av v\u00e4rldens st\u00f6rsta Mobilm\u00e4ssor att st\u00e4lla. Mobile World Congress (MWC) skulle ha arrangerats i Barcelona mellan den 24 till 27 februari. \u201dAv respekt f\u00f6r h\u00e4lsan och milj\u00f6n i Barcelona och v\u00e4rdlandet Spanien har GSMA beslutat sig f\u00f6r [&hellip;]"}

Ekonomiska förluster efter inställd Mobilmässa

<blockquote class="wp-embedded-content" data-secret="KLgfM1heXI"><a href="https://lightweb.dev/l/svm-temp/nyheter/ekonomiska-forluster-efter-installd-mobilmassa/">Ekonomiska förluster efter inställd Mobilmässa</a></blockquote><iframe sandbox="allow-scripts" security="restricted" src="https://lightweb.dev/l/svm-temp/nyheter/ekonomiska-forluster-efter-installd-mobilmassa/embed/#?secret=KLgfM1heXI" width="600" height="338" title="”Ekonomiska förluster efter inställd Mobilmässa” &ndash; Svenska Magasinet" data-secret="KLgfM1heXI" frameborder="0" marginwidth="0" marginheight="0" scrolling="no" class="wp-embedded-content"></iframe><script type="text/javascript">
/* <![CDATA[ */
/*! This file is auto-generated */
!function(d,l){"use strict";l.querySelector&&d.addEventListener&&"undefined"!=typeof URL&&(d.wp=d.wp||{},d.wp.receiveEmbedMessage||(d.wp.receiveEmbedMessage=function(e){var t=e.data;if((t||t.secret||t.message||t.value)&&!/[^a-zA-Z0-9]/.test(t.secret)){for(var s,r,n,a=l.querySelectorAll('iframe[data-secret="'+t.secret+'"]'),o=l.querySelectorAll('blockquote[data-secret="'+t.secret+'"]'),c=new RegExp("^https?:$","i"),i=0;i<o.length;i++)o[i].style.display="none";for(i=0;i<a.length;i++)s=a[i],e.source===s.contentWindow&&(s.removeAttribute("style"),"height"===t.message?(1e3<(r=parseInt(t.value,10))?r=1e3:~~r<200&&(r=200),s.height=r):"link"===t.message&&(r=new URL(s.getAttribute("src")),n=new URL(t.value),c.test(n.protocol))&&n.host===r.host&&l.activeElement===s&&(d.top.location.href=t.value))}},d.addEventListener("message",d.wp.receiveEmbedMessage,!1),l.addEventListener("DOMContentLoaded",function(){for(var e,t,s=l.querySelectorAll("iframe.wp-embedded-content"),r=0;r<s.length;r++)(t=(e=s[r]).getAttribute("data-secret"))||(t=Math.random().toString(36).substring(2,12),e.src+="#?secret="+t,e.setAttribute("data-secret",t)),e.contentWindow.postMessage({message:"ready",secret:t},"*")},!1)))}(window,document);
/* ]]> */
</script>

Oro för coronavirusets spridning och efter att flera multinationella företag hoppat av beslutade sig GSMA som arrangerar en av världens största Mobilmässor att ställa. Mobile World Congress (MWC) skulle ha arrangerats i Barcelona mellan den 24 till 27 februari. ”Av respekt för hälsan och miljön i Barcelona och värdlandet Spanien har GSMA beslutat sig för [&hellip;]
