{"version":"1.0","provider_name":"Svenska Magasinet","provider_url":"https:\/\/lightweb.dev\/l\/svm-temp","author_name":"Redaktionen SvM","author_url":"https:\/\/lightweb.dev\/l\/svm-temp\/reporter\/redaktionen\/","title":"Fantastisk vin- och kulturresa till Rioja","type":"rich","width":600,"height":338,"html":"<blockquote class=\"wp-embedded-content\" data-secret=\"Yo8lzHYxG3\"><a href=\"https:\/\/lightweb.dev\/l\/svm-temp\/nyheter\/fantastisk-vin-och-kulturresa-till-rioja\/\">Fantastisk vin- och kulturresa till Rioja<\/a><\/blockquote><iframe sandbox=\"allow-scripts\" security=\"restricted\" src=\"https:\/\/lightweb.dev\/l\/svm-temp\/nyheter\/fantastisk-vin-och-kulturresa-till-rioja\/embed\/#?secret=Yo8lzHYxG3\" width=\"600\" height=\"338\" title=\"\u201dFantastisk vin- och kulturresa till Rioja\u201d &ndash; Svenska Magasinet\" data-secret=\"Yo8lzHYxG3\" frameborder=\"0\" marginwidth=\"0\" marginheight=\"0\" scrolling=\"no\" class=\"wp-embedded-content\"><\/iframe><script type=\"text\/javascript\">\n\/* <![CDATA[ *\/\n\/*! This file is auto-generated *\/\n!function(d,l){\"use strict\";l.querySelector&&d.addEventListener&&\"undefined\"!=typeof URL&&(d.wp=d.wp||{},d.wp.receiveEmbedMessage||(d.wp.receiveEmbedMessage=function(e){var t=e.data;if((t||t.secret||t.message||t.value)&&!\/[^a-zA-Z0-9]\/.test(t.secret)){for(var s,r,n,a=l.querySelectorAll('iframe[data-secret=\"'+t.secret+'\"]'),o=l.querySelectorAll('blockquote[data-secret=\"'+t.secret+'\"]'),c=new RegExp(\"^https?:$\",\"i\"),i=0;i<o.length;i++)o[i].style.display=\"none\";for(i=0;i<a.length;i++)s=a[i],e.source===s.contentWindow&&(s.removeAttribute(\"style\"),\"height\"===t.message?(1e3<(r=parseInt(t.value,10))?r=1e3:~~r<200&&(r=200),s.height=r):\"link\"===t.message&&(r=new URL(s.getAttribute(\"src\")),n=new URL(t.value),c.test(n.protocol))&&n.host===r.host&&l.activeElement===s&&(d.top.location.href=t.value))}},d.addEventListener(\"message\",d.wp.receiveEmbedMessage,!1),l.addEventListener(\"DOMContentLoaded\",function(){for(var e,t,s=l.querySelectorAll(\"iframe.wp-embedded-content\"),r=0;r<s.length;r++)(t=(e=s[r]).getAttribute(\"data-secret\"))||(t=Math.random().toString(36).substring(2,12),e.src+=\"#?secret=\"+t,e.setAttribute(\"data-secret\",t)),e.contentWindow.postMessage({message:\"ready\",secret:t},\"*\")},!1)))}(window,document);\n\/* ]]> *\/\n<\/script>\n","thumbnail_url":"https:\/\/lightweb.dev\/l\/svm-temp\/wp-content\/uploads\/2022\/06\/fantastisk-vin-och-kulturresa-till-rioja.png","thumbnail_width":299,"thumbnail_height":200,"description":"S\u00e4songens vinsk\u00f6rd i Rioja sjunger p\u00e5 sista versen. Faktum \u00e4r att sk\u00f6rden h\u00e5ller p\u00e5 senare \u00e4n normalt efter en sval sommar och regnig h\u00f6st. \u201dBlomningen var 20 dagar senare \u00e4n normalt\u201d ber\u00e4ttar Jose Ram\u00f3n Jim\u00e9nez Berger p\u00e5 El educador en Vinos f\u00f6r Svenska Magasinets Ola Josefsson som tillsammans med 24 svenskar och norrm\u00e4n bes\u00f6ker Rioja [&hellip;]"}

Säsongens vinskörd i Rioja sjunger på sista versen. Faktum är att skörden håller på senare än normalt efter en sval sommar och regnig höst. ”Blomningen var 20 dagar senare än normalt” berättar Jose Ramón Jiménez Berger på El educador en Vinos för Svenska Magasinets Ola Josefsson som tillsammans med 24 svenskar och norrmän besöker Rioja [&hellip;]
