{"version":"1.0","provider_name":"Svenska Magasinet","provider_url":"https:\/\/lightweb.dev\/l\/svm-temp","author_name":"Redaktionen SvM","author_url":"https:\/\/lightweb.dev\/l\/svm-temp\/reporter\/redaktionen\/","title":"Gasen i Spanien blir dyrare imorgon","type":"rich","width":600,"height":338,"html":"<blockquote class=\"wp-embedded-content\" data-secret=\"OW8OcPsTSg\"><a href=\"https:\/\/lightweb.dev\/l\/svm-temp\/nyheter\/gasen-i-spanien-blir-dyrare-imorgon\/\">Gasen i Spanien blir dyrare imorgon<\/a><\/blockquote><iframe sandbox=\"allow-scripts\" security=\"restricted\" src=\"https:\/\/lightweb.dev\/l\/svm-temp\/nyheter\/gasen-i-spanien-blir-dyrare-imorgon\/embed\/#?secret=OW8OcPsTSg\" width=\"600\" height=\"338\" title=\"\u201dGasen i Spanien blir dyrare imorgon\u201d &ndash; Svenska Magasinet\" data-secret=\"OW8OcPsTSg\" frameborder=\"0\" marginwidth=\"0\" marginheight=\"0\" scrolling=\"no\" class=\"wp-embedded-content\"><\/iframe><script type=\"text\/javascript\">\n\/* <![CDATA[ *\/\n\/*! This file is auto-generated *\/\n!function(d,l){\"use strict\";l.querySelector&&d.addEventListener&&\"undefined\"!=typeof URL&&(d.wp=d.wp||{},d.wp.receiveEmbedMessage||(d.wp.receiveEmbedMessage=function(e){var t=e.data;if((t||t.secret||t.message||t.value)&&!\/[^a-zA-Z0-9]\/.test(t.secret)){for(var s,r,n,a=l.querySelectorAll('iframe[data-secret=\"'+t.secret+'\"]'),o=l.querySelectorAll('blockquote[data-secret=\"'+t.secret+'\"]'),c=new RegExp(\"^https?:$\",\"i\"),i=0;i<o.length;i++)o[i].style.display=\"none\";for(i=0;i<a.length;i++)s=a[i],e.source===s.contentWindow&&(s.removeAttribute(\"style\"),\"height\"===t.message?(1e3<(r=parseInt(t.value,10))?r=1e3:~~r<200&&(r=200),s.height=r):\"link\"===t.message&&(r=new URL(s.getAttribute(\"src\")),n=new URL(t.value),c.test(n.protocol))&&n.host===r.host&&l.activeElement===s&&(d.top.location.href=t.value))}},d.addEventListener(\"message\",d.wp.receiveEmbedMessage,!1),l.addEventListener(\"DOMContentLoaded\",function(){for(var e,t,s=l.querySelectorAll(\"iframe.wp-embedded-content\"),r=0;r<s.length;r++)(t=(e=s[r]).getAttribute(\"data-secret\"))||(t=Math.random().toString(36).substring(2,12),e.src+=\"#?secret=\"+t,e.setAttribute(\"data-secret\",t)),e.contentWindow.postMessage({message:\"ready\",secret:t},\"*\")},!1)))}(window,document);\n\/* ]]> *\/\n<\/script>\n","thumbnail_url":"https:\/\/lightweb.dev\/l\/svm-temp\/wp-content\/uploads\/2022\/06\/gasen-i-spanien-blir-dyrare-imorgon.png","thumbnail_width":700,"thumbnail_height":420,"description":"Medelpriset p\u00e5 butan h\u00f6js med 4,95 procent fr\u00e5n och med i morgon tisdag den 21 januari 2020. Den vanligaste gasflaskan p\u00e5 12,5 kg butan (se bilden) h\u00f6js till 13,37 euro, det inneb\u00e4r en h\u00f6jning med 63 cent. Pris\u00f6kningen motiveras med en kraftig \u00f6kning av r\u00e5varupriserna (12,56%) och en \u00f6kning av fraktpriserna p\u00e5 6,92%, j\u00e4mf\u00f6rt med [&hellip;]"}

Medelpriset på butan höjs med 4,95 procent från och med i morgon tisdag den 21 januari 2020. Den vanligaste gasflaskan på 12,5 kg butan (se bilden) höjs till 13,37 euro, det innebär en höjning med 63 cent. Prisökningen motiveras med en kraftig ökning av råvarupriserna (12,56%) och en ökning av fraktpriserna på 6,92%, jämfört med [&hellip;]
