{"version":"1.0","provider_name":"Svenska Magasinet","provider_url":"https:\/\/lightweb.dev\/l\/svm-temp","author_name":"Ola Josefsson","author_url":"https:\/\/lightweb.dev\/l\/svm-temp\/reporter\/ola-josefsson\/","title":"H\u00f6gervindar bl\u00e5ser i Spanien","type":"rich","width":600,"height":338,"html":"<blockquote class=\"wp-embedded-content\" data-secret=\"stPn1HAHjO\"><a href=\"https:\/\/lightweb.dev\/l\/svm-temp\/nyheter\/hogervindar-blaser-i-spanien\/\">H\u00f6gervindar bl\u00e5ser i Spanien<\/a><\/blockquote><iframe sandbox=\"allow-scripts\" security=\"restricted\" src=\"https:\/\/lightweb.dev\/l\/svm-temp\/nyheter\/hogervindar-blaser-i-spanien\/embed\/#?secret=stPn1HAHjO\" width=\"600\" height=\"338\" title=\"\u201dH\u00f6gervindar bl\u00e5ser i Spanien\u201d &ndash; Svenska Magasinet\" data-secret=\"stPn1HAHjO\" frameborder=\"0\" marginwidth=\"0\" marginheight=\"0\" scrolling=\"no\" class=\"wp-embedded-content\"><\/iframe><script type=\"text\/javascript\">\n\/* <![CDATA[ *\/\n\/*! This file is auto-generated *\/\n!function(d,l){\"use strict\";l.querySelector&&d.addEventListener&&\"undefined\"!=typeof URL&&(d.wp=d.wp||{},d.wp.receiveEmbedMessage||(d.wp.receiveEmbedMessage=function(e){var t=e.data;if((t||t.secret||t.message||t.value)&&!\/[^a-zA-Z0-9]\/.test(t.secret)){for(var s,r,n,a=l.querySelectorAll('iframe[data-secret=\"'+t.secret+'\"]'),o=l.querySelectorAll('blockquote[data-secret=\"'+t.secret+'\"]'),c=new RegExp(\"^https?:$\",\"i\"),i=0;i<o.length;i++)o[i].style.display=\"none\";for(i=0;i<a.length;i++)s=a[i],e.source===s.contentWindow&&(s.removeAttribute(\"style\"),\"height\"===t.message?(1e3<(r=parseInt(t.value,10))?r=1e3:~~r<200&&(r=200),s.height=r):\"link\"===t.message&&(r=new URL(s.getAttribute(\"src\")),n=new URL(t.value),c.test(n.protocol))&&n.host===r.host&&l.activeElement===s&&(d.top.location.href=t.value))}},d.addEventListener(\"message\",d.wp.receiveEmbedMessage,!1),l.addEventListener(\"DOMContentLoaded\",function(){for(var e,t,s=l.querySelectorAll(\"iframe.wp-embedded-content\"),r=0;r<s.length;r++)(t=(e=s[r]).getAttribute(\"data-secret\"))||(t=Math.random().toString(36).substring(2,12),e.src+=\"#?secret=\"+t,e.setAttribute(\"data-secret\",t)),e.contentWindow.postMessage({message:\"ready\",secret:t},\"*\")},!1)))}(window,document);\n\/* ]]> *\/\n<\/script>\n","thumbnail_url":"https:\/\/lightweb.dev\/l\/svm-temp\/wp-content\/uploads\/2023\/05\/FxP9itCXwAEhJxL-stor.jpeg","thumbnail_width":1024,"thumbnail_height":682,"description":"Vid lokalvalet 2019 fick PSOE 1,5 miljoner fler r\u00f6ster \u00e4n Partido Popular totalt i Spanien. Vid lokalvalet p\u00e5 s\u00f6ndagen fick Partido Popular omkring 800.000 fler r\u00f6ster \u00e4n PSOE. L\u00e4gg till att ytterkantsv\u00e4nsterpartiet Unidas Podemos g\u00f6r sitt s\u00e4msta val n\u00e5gonsin och endast f\u00e5r 3,19 procent av r\u00f6sterna samtidigt som Vox som befinner sig p\u00e5 motsatt sida av den politiska skalan v\u00e4xer och f\u00e5r v\u00e5gm\u00e4starroller."}

Högervindar blåser i Spanien

<blockquote class="wp-embedded-content" data-secret="stPn1HAHjO"><a href="https://lightweb.dev/l/svm-temp/nyheter/hogervindar-blaser-i-spanien/">Högervindar blåser i Spanien</a></blockquote><iframe sandbox="allow-scripts" security="restricted" src="https://lightweb.dev/l/svm-temp/nyheter/hogervindar-blaser-i-spanien/embed/#?secret=stPn1HAHjO" width="600" height="338" title="”Högervindar blåser i Spanien” &ndash; Svenska Magasinet" data-secret="stPn1HAHjO" frameborder="0" marginwidth="0" marginheight="0" scrolling="no" class="wp-embedded-content"></iframe><script type="text/javascript">
/* <![CDATA[ */
/*! This file is auto-generated */
!function(d,l){"use strict";l.querySelector&&d.addEventListener&&"undefined"!=typeof URL&&(d.wp=d.wp||{},d.wp.receiveEmbedMessage||(d.wp.receiveEmbedMessage=function(e){var t=e.data;if((t||t.secret||t.message||t.value)&&!/[^a-zA-Z0-9]/.test(t.secret)){for(var s,r,n,a=l.querySelectorAll('iframe[data-secret="'+t.secret+'"]'),o=l.querySelectorAll('blockquote[data-secret="'+t.secret+'"]'),c=new RegExp("^https?:$","i"),i=0;i<o.length;i++)o[i].style.display="none";for(i=0;i<a.length;i++)s=a[i],e.source===s.contentWindow&&(s.removeAttribute("style"),"height"===t.message?(1e3<(r=parseInt(t.value,10))?r=1e3:~~r<200&&(r=200),s.height=r):"link"===t.message&&(r=new URL(s.getAttribute("src")),n=new URL(t.value),c.test(n.protocol))&&n.host===r.host&&l.activeElement===s&&(d.top.location.href=t.value))}},d.addEventListener("message",d.wp.receiveEmbedMessage,!1),l.addEventListener("DOMContentLoaded",function(){for(var e,t,s=l.querySelectorAll("iframe.wp-embedded-content"),r=0;r<s.length;r++)(t=(e=s[r]).getAttribute("data-secret"))||(t=Math.random().toString(36).substring(2,12),e.src+="#?secret="+t,e.setAttribute("data-secret",t)),e.contentWindow.postMessage({message:"ready",secret:t},"*")},!1)))}(window,document);
/* ]]> */
</script>

Vid lokalvalet 2019 fick PSOE 1,5 miljoner fler röster än Partido Popular totalt i Spanien. Vid lokalvalet på söndagen fick Partido Popular omkring 800.000 fler röster än PSOE. Lägg till att ytterkantsvänsterpartiet Unidas Podemos gör sitt sämsta val någonsin och endast får 3,19 procent av rösterna samtidigt som Vox som befinner sig på motsatt sida av den politiska skalan växer och får vågmästarroller.
