{"version":"1.0","provider_name":"Svenska Magasinet","provider_url":"https:\/\/lightweb.dev\/l\/svm-temp","author_name":"Redaktionen SvM","author_url":"https:\/\/lightweb.dev\/l\/svm-temp\/reporter\/redaktionen\/","title":"Julhandeln inleds med julrea","type":"rich","width":600,"height":338,"html":"<blockquote class=\"wp-embedded-content\" data-secret=\"u9jtpglaA4\"><a href=\"https:\/\/lightweb.dev\/l\/svm-temp\/nyheter\/julhandeln-inleds-med-julrea\/\">Julhandeln inleds med julrea<\/a><\/blockquote><iframe sandbox=\"allow-scripts\" security=\"restricted\" src=\"https:\/\/lightweb.dev\/l\/svm-temp\/nyheter\/julhandeln-inleds-med-julrea\/embed\/#?secret=u9jtpglaA4\" width=\"600\" height=\"338\" title=\"\u201dJulhandeln inleds med julrea\u201d &ndash; Svenska Magasinet\" data-secret=\"u9jtpglaA4\" frameborder=\"0\" marginwidth=\"0\" marginheight=\"0\" scrolling=\"no\" class=\"wp-embedded-content\"><\/iframe><script type=\"text\/javascript\">\n\/* <![CDATA[ *\/\n\/*! This file is auto-generated *\/\n!function(d,l){\"use strict\";l.querySelector&&d.addEventListener&&\"undefined\"!=typeof URL&&(d.wp=d.wp||{},d.wp.receiveEmbedMessage||(d.wp.receiveEmbedMessage=function(e){var t=e.data;if((t||t.secret||t.message||t.value)&&!\/[^a-zA-Z0-9]\/.test(t.secret)){for(var s,r,n,a=l.querySelectorAll('iframe[data-secret=\"'+t.secret+'\"]'),o=l.querySelectorAll('blockquote[data-secret=\"'+t.secret+'\"]'),c=new RegExp(\"^https?:$\",\"i\"),i=0;i<o.length;i++)o[i].style.display=\"none\";for(i=0;i<a.length;i++)s=a[i],e.source===s.contentWindow&&(s.removeAttribute(\"style\"),\"height\"===t.message?(1e3<(r=parseInt(t.value,10))?r=1e3:~~r<200&&(r=200),s.height=r):\"link\"===t.message&&(r=new URL(s.getAttribute(\"src\")),n=new URL(t.value),c.test(n.protocol))&&n.host===r.host&&l.activeElement===s&&(d.top.location.href=t.value))}},d.addEventListener(\"message\",d.wp.receiveEmbedMessage,!1),l.addEventListener(\"DOMContentLoaded\",function(){for(var e,t,s=l.querySelectorAll(\"iframe.wp-embedded-content\"),r=0;r<s.length;r++)(t=(e=s[r]).getAttribute(\"data-secret\"))||(t=Math.random().toString(36).substring(2,12),e.src+=\"#?secret=\"+t,e.setAttribute(\"data-secret\",t)),e.contentWindow.postMessage({message:\"ready\",secret:t},\"*\")},!1)))}(window,document);\n\/* ]]> *\/\n<\/script>\n","thumbnail_url":"https:\/\/lightweb.dev\/l\/svm-temp\/wp-content\/uploads\/2022\/06\/julhandeln-inleds-med-julrea.png","thumbnail_width":368,"thumbnail_height":200,"description":"S\u00e5 \u00e4r d\u00e5 julhandeln i full g\u00e5ng p\u00e5 den spanska Solkusten. Under den senaste l\u00e5nghelgen har aff\u00e4rsgatorna i M\u00e1laga varit fulla av flan\u00f6rer som s\u00e4ker julklappar till b\u00e5de \u201dPap\u00e1 Noel\u201d och \u201dlos Reyes Magos\u201d. De st\u00f6rre kedjorna och butikerna meddelar nu att de kommer att h\u00e5lla \u00f6ppet alla s\u00f6ndagar fram till den 5 januari f\u00f6r [&hellip;]"}

Så är då julhandeln i full gång på den spanska Solkusten. Under den senaste långhelgen har affärsgatorna i Málaga varit fulla av flanörer som säker julklappar till både ”Papá Noel” och ”los Reyes Magos”. De större kedjorna och butikerna meddelar nu att de kommer att hålla öppet alla söndagar fram till den 5 januari för [&hellip;]
