{"version":"1.0","provider_name":"Svenska Magasinet","provider_url":"https:\/\/lightweb.dev\/l\/svm-temp","author_name":"Redaktionen SvM","author_url":"https:\/\/lightweb.dev\/l\/svm-temp\/reporter\/redaktionen\/","title":"Katalanska separatister backar","type":"rich","width":600,"height":338,"html":"<blockquote class=\"wp-embedded-content\" data-secret=\"UvstsFusMN\"><a href=\"https:\/\/lightweb.dev\/l\/svm-temp\/nyheter\/katalanska-separatister-backar\/\">Katalanska separatister backar<\/a><\/blockquote><iframe sandbox=\"allow-scripts\" security=\"restricted\" src=\"https:\/\/lightweb.dev\/l\/svm-temp\/nyheter\/katalanska-separatister-backar\/embed\/#?secret=UvstsFusMN\" width=\"600\" height=\"338\" title=\"\u201dKatalanska separatister backar\u201d &ndash; Svenska Magasinet\" data-secret=\"UvstsFusMN\" frameborder=\"0\" marginwidth=\"0\" marginheight=\"0\" scrolling=\"no\" class=\"wp-embedded-content\"><\/iframe><script type=\"text\/javascript\">\n\/* <![CDATA[ *\/\n\/*! This file is auto-generated *\/\n!function(d,l){\"use strict\";l.querySelector&&d.addEventListener&&\"undefined\"!=typeof URL&&(d.wp=d.wp||{},d.wp.receiveEmbedMessage||(d.wp.receiveEmbedMessage=function(e){var t=e.data;if((t||t.secret||t.message||t.value)&&!\/[^a-zA-Z0-9]\/.test(t.secret)){for(var s,r,n,a=l.querySelectorAll('iframe[data-secret=\"'+t.secret+'\"]'),o=l.querySelectorAll('blockquote[data-secret=\"'+t.secret+'\"]'),c=new RegExp(\"^https?:$\",\"i\"),i=0;i<o.length;i++)o[i].style.display=\"none\";for(i=0;i<a.length;i++)s=a[i],e.source===s.contentWindow&&(s.removeAttribute(\"style\"),\"height\"===t.message?(1e3<(r=parseInt(t.value,10))?r=1e3:~~r<200&&(r=200),s.height=r):\"link\"===t.message&&(r=new URL(s.getAttribute(\"src\")),n=new URL(t.value),c.test(n.protocol))&&n.host===r.host&&l.activeElement===s&&(d.top.location.href=t.value))}},d.addEventListener(\"message\",d.wp.receiveEmbedMessage,!1),l.addEventListener(\"DOMContentLoaded\",function(){for(var e,t,s=l.querySelectorAll(\"iframe.wp-embedded-content\"),r=0;r<s.length;r++)(t=(e=s[r]).getAttribute(\"data-secret\"))||(t=Math.random().toString(36).substring(2,12),e.src+=\"#?secret=\"+t,e.setAttribute(\"data-secret\",t)),e.contentWindow.postMessage({message:\"ready\",secret:t},\"*\")},!1)))}(window,document);\n\/* ]]> *\/\n<\/script>\n","thumbnail_url":"https:\/\/lightweb.dev\/l\/svm-temp\/wp-content\/uploads\/2022\/06\/katalanska-separatister-backar.png","thumbnail_width":280,"thumbnail_height":210,"description":"Enhetslistan Junts pel S\u00ed d\u00e4r Converg\u00e8ncia och republikanska ERC ing\u00e5r blev st\u00f6rsta allians vid s\u00f6ndagens regionala val i Katalonien med 62 mandat. Samtidigt fick de nio mandat f\u00e4rre j\u00e4mf\u00f6rt med valet 2012. Med hj\u00e4lp av v\u00e4nsterpartiet CUP, som fick tio mandat, hoppas Junts pel S\u00ed f\u00e5 till en folkomr\u00f6stning om sj\u00e4lvst\u00e4ndighet i Katalonien inom 18 [&hellip;]"}

Enhetslistan Junts pel Sí där Convergència och republikanska ERC ingår blev största allians vid söndagens regionala val i Katalonien med 62 mandat. Samtidigt fick de nio mandat färre jämfört med valet 2012. Med hjälp av vänsterpartiet CUP, som fick tio mandat, hoppas Junts pel Sí få till en folkomröstning om självständighet i Katalonien inom 18 [&hellip;]
