{"version":"1.0","provider_name":"Svenska Magasinet","provider_url":"https:\/\/lightweb.dev\/l\/svm-temp","author_name":"Redaktionen SvM","author_url":"https:\/\/lightweb.dev\/l\/svm-temp\/reporter\/redaktionen\/","title":"Klackarna i taket i Ronda","type":"rich","width":600,"height":338,"html":"<blockquote class=\"wp-embedded-content\" data-secret=\"s9MyttzkoY\"><a href=\"https:\/\/lightweb.dev\/l\/svm-temp\/nyheter\/klackarna-i-taket-i-ronda\/\">Klackarna i taket i Ronda<\/a><\/blockquote><iframe sandbox=\"allow-scripts\" security=\"restricted\" src=\"https:\/\/lightweb.dev\/l\/svm-temp\/nyheter\/klackarna-i-taket-i-ronda\/embed\/#?secret=s9MyttzkoY\" width=\"600\" height=\"338\" title=\"\u201dKlackarna i taket i Ronda\u201d &ndash; Svenska Magasinet\" data-secret=\"s9MyttzkoY\" frameborder=\"0\" marginwidth=\"0\" marginheight=\"0\" scrolling=\"no\" class=\"wp-embedded-content\"><\/iframe><script type=\"text\/javascript\">\n\/* <![CDATA[ *\/\n\/*! This file is auto-generated *\/\n!function(d,l){\"use strict\";l.querySelector&&d.addEventListener&&\"undefined\"!=typeof URL&&(d.wp=d.wp||{},d.wp.receiveEmbedMessage||(d.wp.receiveEmbedMessage=function(e){var t=e.data;if((t||t.secret||t.message||t.value)&&!\/[^a-zA-Z0-9]\/.test(t.secret)){for(var s,r,n,a=l.querySelectorAll('iframe[data-secret=\"'+t.secret+'\"]'),o=l.querySelectorAll('blockquote[data-secret=\"'+t.secret+'\"]'),c=new RegExp(\"^https?:$\",\"i\"),i=0;i<o.length;i++)o[i].style.display=\"none\";for(i=0;i<a.length;i++)s=a[i],e.source===s.contentWindow&&(s.removeAttribute(\"style\"),\"height\"===t.message?(1e3<(r=parseInt(t.value,10))?r=1e3:~~r<200&&(r=200),s.height=r):\"link\"===t.message&&(r=new URL(s.getAttribute(\"src\")),n=new URL(t.value),c.test(n.protocol))&&n.host===r.host&&l.activeElement===s&&(d.top.location.href=t.value))}},d.addEventListener(\"message\",d.wp.receiveEmbedMessage,!1),l.addEventListener(\"DOMContentLoaded\",function(){for(var e,t,s=l.querySelectorAll(\"iframe.wp-embedded-content\"),r=0;r<s.length;r++)(t=(e=s[r]).getAttribute(\"data-secret\"))||(t=Math.random().toString(36).substring(2,12),e.src+=\"#?secret=\"+t,e.setAttribute(\"data-secret\",t)),e.contentWindow.postMessage({message:\"ready\",secret:t},\"*\")},!1)))}(window,document);\n\/* ]]> *\/\n<\/script>\n","thumbnail_url":"https:\/\/lightweb.dev\/l\/svm-temp\/wp-content\/uploads\/2022\/06\/klackarna-i-taket-i-ronda.png","thumbnail_width":305,"thumbnail_height":200,"description":"Idag inleds Feria de Pedro Romero i Ronda och till helgen v\u00e4ntar Corrida Goyesca som en hyllning till f\u00f6rfattarna Orson Welles och Ernest Hemingway. De b\u00e5da f\u00f6rfattarna finns som skulpturer vid tjurf\u00e4ktningsarenan och Orson Wells ligger \u00e4ven begravd utanf\u00f6r Ronda. Flamenco, vackra kl\u00e4nningar, k\u00e4ndisfolk och tjurf\u00e4ktning i dagarna sex lockar m\u00e4ngder av bes\u00f6kare till den [&hellip;]"}

Idag inleds Feria de Pedro Romero i Ronda och till helgen väntar Corrida Goyesca som en hyllning till författarna Orson Welles och Ernest Hemingway. De båda författarna finns som skulpturer vid tjurfäktningsarenan och Orson Wells ligger även begravd utanför Ronda. Flamenco, vackra klänningar, kändisfolk och tjurfäktning i dagarna sex lockar mängder av besökare till den [&hellip;]
