{"version":"1.0","provider_name":"Svenska Magasinet","provider_url":"https:\/\/lightweb.dev\/l\/svm-temp","author_name":"Redaktionen SvM","author_url":"https:\/\/lightweb.dev\/l\/svm-temp\/reporter\/redaktionen\/","title":"Kungaparet inbjudna av Trump","type":"rich","width":600,"height":338,"html":"<blockquote class=\"wp-embedded-content\" data-secret=\"IpQMXN49Rt\"><a href=\"https:\/\/lightweb.dev\/l\/svm-temp\/nyheter\/kungaparet-inbjudna-av-trump\/\">Kungaparet inbjudna av Trump<\/a><\/blockquote><iframe sandbox=\"allow-scripts\" security=\"restricted\" src=\"https:\/\/lightweb.dev\/l\/svm-temp\/nyheter\/kungaparet-inbjudna-av-trump\/embed\/#?secret=IpQMXN49Rt\" width=\"600\" height=\"338\" title=\"\u201dKungaparet inbjudna av Trump\u201d &ndash; Svenska Magasinet\" data-secret=\"IpQMXN49Rt\" frameborder=\"0\" marginwidth=\"0\" marginheight=\"0\" scrolling=\"no\" class=\"wp-embedded-content\"><\/iframe><script type=\"text\/javascript\">\n\/* <![CDATA[ *\/\n\/*! This file is auto-generated *\/\n!function(d,l){\"use strict\";l.querySelector&&d.addEventListener&&\"undefined\"!=typeof URL&&(d.wp=d.wp||{},d.wp.receiveEmbedMessage||(d.wp.receiveEmbedMessage=function(e){var t=e.data;if((t||t.secret||t.message||t.value)&&!\/[^a-zA-Z0-9]\/.test(t.secret)){for(var s,r,n,a=l.querySelectorAll('iframe[data-secret=\"'+t.secret+'\"]'),o=l.querySelectorAll('blockquote[data-secret=\"'+t.secret+'\"]'),c=new RegExp(\"^https?:$\",\"i\"),i=0;i<o.length;i++)o[i].style.display=\"none\";for(i=0;i<a.length;i++)s=a[i],e.source===s.contentWindow&&(s.removeAttribute(\"style\"),\"height\"===t.message?(1e3<(r=parseInt(t.value,10))?r=1e3:~~r<200&&(r=200),s.height=r):\"link\"===t.message&&(r=new URL(s.getAttribute(\"src\")),n=new URL(t.value),c.test(n.protocol))&&n.host===r.host&&l.activeElement===s&&(d.top.location.href=t.value))}},d.addEventListener(\"message\",d.wp.receiveEmbedMessage,!1),l.addEventListener(\"DOMContentLoaded\",function(){for(var e,t,s=l.querySelectorAll(\"iframe.wp-embedded-content\"),r=0;r<s.length;r++)(t=(e=s[r]).getAttribute(\"data-secret\"))||(t=Math.random().toString(36).substring(2,12),e.src+=\"#?secret=\"+t,e.setAttribute(\"data-secret\",t)),e.contentWindow.postMessage({message:\"ready\",secret:t},\"*\")},!1)))}(window,document);\n\/* ]]> *\/\n<\/script>\n","thumbnail_url":"https:\/\/lightweb.dev\/l\/svm-temp\/wp-content\/uploads\/2022\/06\/kungaparet-inbjudna-av-trump.png","thumbnail_width":700,"thumbnail_height":420,"description":"Det spanska kungaparet Felipe VI och Letizia reser officiellt till USA f\u00f6r att tr\u00e4ffa president Donald Trump den 21 april. Det \u00e4r andra g\u00e5ngen p\u00e5 tv\u00e5 \u00e5r som kungaparet reser till Washington n\u00e5got som regeringschefen Pedro S\u00e1nchez inte har gjort. Det var Vita huset som var f\u00f6rst med att meddela statsbes\u00f6ket som g\u00f6rs i \u201dv\u00e4nskapliga [&hellip;]"}

Det spanska kungaparet Felipe VI och Letizia reser officiellt till USA för att träffa president Donald Trump den 21 april. Det är andra gången på två år som kungaparet reser till Washington något som regeringschefen Pedro Sánchez inte har gjort. Det var Vita huset som var först med att meddela statsbesöket som görs i ”vänskapliga [&hellip;]
