{"version":"1.0","provider_name":"Svenska Magasinet","provider_url":"https:\/\/lightweb.dev\/l\/svm-temp","author_name":"Redaktionen SvM","author_url":"https:\/\/lightweb.dev\/l\/svm-temp\/reporter\/redaktionen\/","title":"Lekte med luftgev\u00e4r elva\u00e5ring avled","type":"rich","width":600,"height":338,"html":"<blockquote class=\"wp-embedded-content\" data-secret=\"2RFLMvY0mC\"><a href=\"https:\/\/lightweb.dev\/l\/svm-temp\/nyheter\/lekte-med-luftgevar-elvaaring-avled\/\">Lekte med luftgev\u00e4r elva\u00e5ring avled<\/a><\/blockquote><iframe sandbox=\"allow-scripts\" security=\"restricted\" src=\"https:\/\/lightweb.dev\/l\/svm-temp\/nyheter\/lekte-med-luftgevar-elvaaring-avled\/embed\/#?secret=2RFLMvY0mC\" width=\"600\" height=\"338\" title=\"\u201dLekte med luftgev\u00e4r elva\u00e5ring avled\u201d &ndash; Svenska Magasinet\" data-secret=\"2RFLMvY0mC\" frameborder=\"0\" marginwidth=\"0\" marginheight=\"0\" scrolling=\"no\" class=\"wp-embedded-content\"><\/iframe><script type=\"text\/javascript\">\n\/* <![CDATA[ *\/\n\/*! This file is auto-generated *\/\n!function(d,l){\"use strict\";l.querySelector&&d.addEventListener&&\"undefined\"!=typeof URL&&(d.wp=d.wp||{},d.wp.receiveEmbedMessage||(d.wp.receiveEmbedMessage=function(e){var t=e.data;if((t||t.secret||t.message||t.value)&&!\/[^a-zA-Z0-9]\/.test(t.secret)){for(var s,r,n,a=l.querySelectorAll('iframe[data-secret=\"'+t.secret+'\"]'),o=l.querySelectorAll('blockquote[data-secret=\"'+t.secret+'\"]'),c=new RegExp(\"^https?:$\",\"i\"),i=0;i<o.length;i++)o[i].style.display=\"none\";for(i=0;i<a.length;i++)s=a[i],e.source===s.contentWindow&&(s.removeAttribute(\"style\"),\"height\"===t.message?(1e3<(r=parseInt(t.value,10))?r=1e3:~~r<200&&(r=200),s.height=r):\"link\"===t.message&&(r=new URL(s.getAttribute(\"src\")),n=new URL(t.value),c.test(n.protocol))&&n.host===r.host&&l.activeElement===s&&(d.top.location.href=t.value))}},d.addEventListener(\"message\",d.wp.receiveEmbedMessage,!1),l.addEventListener(\"DOMContentLoaded\",function(){for(var e,t,s=l.querySelectorAll(\"iframe.wp-embedded-content\"),r=0;r<s.length;r++)(t=(e=s[r]).getAttribute(\"data-secret\"))||(t=Math.random().toString(36).substring(2,12),e.src+=\"#?secret=\"+t,e.setAttribute(\"data-secret\",t)),e.contentWindow.postMessage({message:\"ready\",secret:t},\"*\")},!1)))}(window,document);\n\/* ]]> *\/\n<\/script>\n","thumbnail_url":"https:\/\/lightweb.dev\/l\/svm-temp\/wp-content\/uploads\/2022\/06\/lekte-med-luftgevar-elvaaring-avled.png","thumbnail_width":500,"thumbnail_height":300,"description":"En elva\u00e5rige pojke avled p\u00e5 onsdagskv\u00e4llen strax f\u00f6re klockan 23 i Co\u00edn i samband med att han lekte med ett luftgev\u00e4r tillsammans med sin \u00e5tta\u00e5rige lillebror. Allt tyder p\u00e5 att det var en olycka. Enligt flera olika k\u00e4llor ska ett skott ha g\u00e5tt av och tr\u00e4ffat den \u00e4ldre av de tv\u00e5 syskonen i br\u00f6stkorgen. Pojken [&hellip;]"}

Lekte med luftgevär elvaåring avled

<blockquote class="wp-embedded-content" data-secret="2RFLMvY0mC"><a href="https://lightweb.dev/l/svm-temp/nyheter/lekte-med-luftgevar-elvaaring-avled/">Lekte med luftgevär elvaåring avled</a></blockquote><iframe sandbox="allow-scripts" security="restricted" src="https://lightweb.dev/l/svm-temp/nyheter/lekte-med-luftgevar-elvaaring-avled/embed/#?secret=2RFLMvY0mC" width="600" height="338" title="”Lekte med luftgevär elvaåring avled” &ndash; Svenska Magasinet" data-secret="2RFLMvY0mC" frameborder="0" marginwidth="0" marginheight="0" scrolling="no" class="wp-embedded-content"></iframe><script type="text/javascript">
/* <![CDATA[ */
/*! This file is auto-generated */
!function(d,l){"use strict";l.querySelector&&d.addEventListener&&"undefined"!=typeof URL&&(d.wp=d.wp||{},d.wp.receiveEmbedMessage||(d.wp.receiveEmbedMessage=function(e){var t=e.data;if((t||t.secret||t.message||t.value)&&!/[^a-zA-Z0-9]/.test(t.secret)){for(var s,r,n,a=l.querySelectorAll('iframe[data-secret="'+t.secret+'"]'),o=l.querySelectorAll('blockquote[data-secret="'+t.secret+'"]'),c=new RegExp("^https?:$","i"),i=0;i<o.length;i++)o[i].style.display="none";for(i=0;i<a.length;i++)s=a[i],e.source===s.contentWindow&&(s.removeAttribute("style"),"height"===t.message?(1e3<(r=parseInt(t.value,10))?r=1e3:~~r<200&&(r=200),s.height=r):"link"===t.message&&(r=new URL(s.getAttribute("src")),n=new URL(t.value),c.test(n.protocol))&&n.host===r.host&&l.activeElement===s&&(d.top.location.href=t.value))}},d.addEventListener("message",d.wp.receiveEmbedMessage,!1),l.addEventListener("DOMContentLoaded",function(){for(var e,t,s=l.querySelectorAll("iframe.wp-embedded-content"),r=0;r<s.length;r++)(t=(e=s[r]).getAttribute("data-secret"))||(t=Math.random().toString(36).substring(2,12),e.src+="#?secret="+t,e.setAttribute("data-secret",t)),e.contentWindow.postMessage({message:"ready",secret:t},"*")},!1)))}(window,document);
/* ]]> */
</script>

En elvaårige pojke avled på onsdagskvällen strax före klockan 23 i Coín i samband med att han lekte med ett luftgevär tillsammans med sin åttaårige lillebror. Allt tyder på att det var en olycka. Enligt flera olika källor ska ett skott ha gått av och träffat den äldre av de två syskonen i bröstkorgen. Pojken [&hellip;]
