{"version":"1.0","provider_name":"Svenska Magasinet","provider_url":"https:\/\/lightweb.dev\/l\/svm-temp","author_name":"Redaktionen SvM","author_url":"https:\/\/lightweb.dev\/l\/svm-temp\/reporter\/redaktionen\/","title":"Loreen kommer till Pride i Torremolinos","type":"rich","width":600,"height":338,"html":"<blockquote class=\"wp-embedded-content\" data-secret=\"ps4buVUEK3\"><a href=\"https:\/\/lightweb.dev\/l\/svm-temp\/nyheter\/loreen-kommer-till-pride-i-torremolinos\/\">Loreen kommer till Pride i Torremolinos<\/a><\/blockquote><iframe sandbox=\"allow-scripts\" security=\"restricted\" src=\"https:\/\/lightweb.dev\/l\/svm-temp\/nyheter\/loreen-kommer-till-pride-i-torremolinos\/embed\/#?secret=ps4buVUEK3\" width=\"600\" height=\"338\" title=\"\u201dLoreen kommer till Pride i Torremolinos\u201d &ndash; Svenska Magasinet\" data-secret=\"ps4buVUEK3\" frameborder=\"0\" marginwidth=\"0\" marginheight=\"0\" scrolling=\"no\" class=\"wp-embedded-content\"><\/iframe><script type=\"text\/javascript\">\n\/* <![CDATA[ *\/\n\/*! This file is auto-generated *\/\n!function(d,l){\"use strict\";l.querySelector&&d.addEventListener&&\"undefined\"!=typeof URL&&(d.wp=d.wp||{},d.wp.receiveEmbedMessage||(d.wp.receiveEmbedMessage=function(e){var t=e.data;if((t||t.secret||t.message||t.value)&&!\/[^a-zA-Z0-9]\/.test(t.secret)){for(var s,r,n,a=l.querySelectorAll('iframe[data-secret=\"'+t.secret+'\"]'),o=l.querySelectorAll('blockquote[data-secret=\"'+t.secret+'\"]'),c=new RegExp(\"^https?:$\",\"i\"),i=0;i<o.length;i++)o[i].style.display=\"none\";for(i=0;i<a.length;i++)s=a[i],e.source===s.contentWindow&&(s.removeAttribute(\"style\"),\"height\"===t.message?(1e3<(r=parseInt(t.value,10))?r=1e3:~~r<200&&(r=200),s.height=r):\"link\"===t.message&&(r=new URL(s.getAttribute(\"src\")),n=new URL(t.value),c.test(n.protocol))&&n.host===r.host&&l.activeElement===s&&(d.top.location.href=t.value))}},d.addEventListener(\"message\",d.wp.receiveEmbedMessage,!1),l.addEventListener(\"DOMContentLoaded\",function(){for(var e,t,s=l.querySelectorAll(\"iframe.wp-embedded-content\"),r=0;r<s.length;r++)(t=(e=s[r]).getAttribute(\"data-secret\"))||(t=Math.random().toString(36).substring(2,12),e.src+=\"#?secret=\"+t,e.setAttribute(\"data-secret\",t)),e.contentWindow.postMessage({message:\"ready\",secret:t},\"*\")},!1)))}(window,document);\n\/* ]]> *\/\n<\/script>\n","thumbnail_url":"https:\/\/lightweb.dev\/l\/svm-temp\/wp-content\/uploads\/2022\/06\/loreen-kommer-till-pride-i-torremolinos.png","thumbnail_width":700,"thumbnail_height":420,"description":"Upp emot 50.000 bes\u00f6kare v\u00e4ntas till Pridefestivalen i Torremolinos som startar ikv\u00e4ll torsdag och h\u00e5ller p\u00e5 till s\u00f6ndag. Loreen fr\u00e5n Sverige upptr\u00e4der p\u00e5 Plaza de la Nogalera p\u00e5 fredag kv\u00e4ll klockan 20.30 d\u00e4r shower, uppt\u00e5g och underh\u00e5llning p\u00e5g\u00e5r fr\u00e5n ikv\u00e4ll till l\u00f6rdag. P\u00e5 s\u00f6ndag flyttas Pride till Bajondillostranden under dagtid. Det blir den femte upplagan [&hellip;]"}

Upp emot 50.000 besökare väntas till Pridefestivalen i Torremolinos som startar ikväll torsdag och håller på till söndag. Loreen från Sverige uppträder på Plaza de la Nogalera på fredag kväll klockan 20.30 där shower, upptåg och underhållning pågår från ikväll till lördag. På söndag flyttas Pride till Bajondillostranden under dagtid. Det blir den femte upplagan [&hellip;]
