{"version":"1.0","provider_name":"Svenska Magasinet","provider_url":"https:\/\/lightweb.dev\/l\/svm-temp","author_name":"Redaktionen SvM","author_url":"https:\/\/lightweb.dev\/l\/svm-temp\/reporter\/redaktionen\/","title":"M\u00e1lagabo simmade mellan Mallorca och Menorca","type":"rich","width":600,"height":338,"html":"<blockquote class=\"wp-embedded-content\" data-secret=\"m2b1tXMQCW\"><a href=\"https:\/\/lightweb.dev\/l\/svm-temp\/nyheter\/malagabo-simmade-mellan-mallorca-och-menorca\/\">M\u00e1lagabo simmade mellan Mallorca och Menorca<\/a><\/blockquote><iframe sandbox=\"allow-scripts\" security=\"restricted\" src=\"https:\/\/lightweb.dev\/l\/svm-temp\/nyheter\/malagabo-simmade-mellan-mallorca-och-menorca\/embed\/#?secret=m2b1tXMQCW\" width=\"600\" height=\"338\" title=\"\u201dM\u00e1lagabo simmade mellan Mallorca och Menorca\u201d &ndash; Svenska Magasinet\" data-secret=\"m2b1tXMQCW\" frameborder=\"0\" marginwidth=\"0\" marginheight=\"0\" scrolling=\"no\" class=\"wp-embedded-content\"><\/iframe><script type=\"text\/javascript\">\n\/* <![CDATA[ *\/\n\/*! This file is auto-generated *\/\n!function(d,l){\"use strict\";l.querySelector&&d.addEventListener&&\"undefined\"!=typeof URL&&(d.wp=d.wp||{},d.wp.receiveEmbedMessage||(d.wp.receiveEmbedMessage=function(e){var t=e.data;if((t||t.secret||t.message||t.value)&&!\/[^a-zA-Z0-9]\/.test(t.secret)){for(var s,r,n,a=l.querySelectorAll('iframe[data-secret=\"'+t.secret+'\"]'),o=l.querySelectorAll('blockquote[data-secret=\"'+t.secret+'\"]'),c=new RegExp(\"^https?:$\",\"i\"),i=0;i<o.length;i++)o[i].style.display=\"none\";for(i=0;i<a.length;i++)s=a[i],e.source===s.contentWindow&&(s.removeAttribute(\"style\"),\"height\"===t.message?(1e3<(r=parseInt(t.value,10))?r=1e3:~~r<200&&(r=200),s.height=r):\"link\"===t.message&&(r=new URL(s.getAttribute(\"src\")),n=new URL(t.value),c.test(n.protocol))&&n.host===r.host&&l.activeElement===s&&(d.top.location.href=t.value))}},d.addEventListener(\"message\",d.wp.receiveEmbedMessage,!1),l.addEventListener(\"DOMContentLoaded\",function(){for(var e,t,s=l.querySelectorAll(\"iframe.wp-embedded-content\"),r=0;r<s.length;r++)(t=(e=s[r]).getAttribute(\"data-secret\"))||(t=Math.random().toString(36).substring(2,12),e.src+=\"#?secret=\"+t,e.setAttribute(\"data-secret\",t)),e.contentWindow.postMessage({message:\"ready\",secret:t},\"*\")},!1)))}(window,document);\n\/* ]]> *\/\n<\/script>\n","thumbnail_url":"https:\/\/lightweb.dev\/l\/svm-temp\/wp-content\/uploads\/2022\/06\/malagabo-simmade-mellan-mallorca-och-menorca.png","thumbnail_width":355,"thumbnail_height":200,"description":"37 kilometer \u00e4r det mellan Mallorca och Menorca som ing\u00e5r i \u00f6gruppen Balearerna. 41-\u00e5rige Christian Jongeneel fr\u00e5n M\u00e1laga simmade str\u00e4ckan under g\u00e5rdagen p\u00e5 nio timmar och 24 minuter. Han blev den elfte simmaren som \u00e4r registrerad och med den b\u00e4sta tiden. Han klev ned i havet vid Cap de Freu p\u00e5 nord\u00f6stra Mallorca och kom [&hellip;]"}

Málagabo simmade mellan Mallorca och Menorca

<blockquote class="wp-embedded-content" data-secret="m2b1tXMQCW"><a href="https://lightweb.dev/l/svm-temp/nyheter/malagabo-simmade-mellan-mallorca-och-menorca/">Málagabo simmade mellan Mallorca och Menorca</a></blockquote><iframe sandbox="allow-scripts" security="restricted" src="https://lightweb.dev/l/svm-temp/nyheter/malagabo-simmade-mellan-mallorca-och-menorca/embed/#?secret=m2b1tXMQCW" width="600" height="338" title="”Málagabo simmade mellan Mallorca och Menorca” &ndash; Svenska Magasinet" data-secret="m2b1tXMQCW" frameborder="0" marginwidth="0" marginheight="0" scrolling="no" class="wp-embedded-content"></iframe><script type="text/javascript">
/* <![CDATA[ */
/*! This file is auto-generated */
!function(d,l){"use strict";l.querySelector&&d.addEventListener&&"undefined"!=typeof URL&&(d.wp=d.wp||{},d.wp.receiveEmbedMessage||(d.wp.receiveEmbedMessage=function(e){var t=e.data;if((t||t.secret||t.message||t.value)&&!/[^a-zA-Z0-9]/.test(t.secret)){for(var s,r,n,a=l.querySelectorAll('iframe[data-secret="'+t.secret+'"]'),o=l.querySelectorAll('blockquote[data-secret="'+t.secret+'"]'),c=new RegExp("^https?:$","i"),i=0;i<o.length;i++)o[i].style.display="none";for(i=0;i<a.length;i++)s=a[i],e.source===s.contentWindow&&(s.removeAttribute("style"),"height"===t.message?(1e3<(r=parseInt(t.value,10))?r=1e3:~~r<200&&(r=200),s.height=r):"link"===t.message&&(r=new URL(s.getAttribute("src")),n=new URL(t.value),c.test(n.protocol))&&n.host===r.host&&l.activeElement===s&&(d.top.location.href=t.value))}},d.addEventListener("message",d.wp.receiveEmbedMessage,!1),l.addEventListener("DOMContentLoaded",function(){for(var e,t,s=l.querySelectorAll("iframe.wp-embedded-content"),r=0;r<s.length;r++)(t=(e=s[r]).getAttribute("data-secret"))||(t=Math.random().toString(36).substring(2,12),e.src+="#?secret="+t,e.setAttribute("data-secret",t)),e.contentWindow.postMessage({message:"ready",secret:t},"*")},!1)))}(window,document);
/* ]]> */
</script>

37 kilometer är det mellan Mallorca och Menorca som ingår i ögruppen Balearerna. 41-årige Christian Jongeneel från Málaga simmade sträckan under gårdagen på nio timmar och 24 minuter. Han blev den elfte simmaren som är registrerad och med den bästa tiden. Han klev ned i havet vid Cap de Freu på nordöstra Mallorca och kom [&hellip;]
