{"version":"1.0","provider_name":"Svenska Magasinet","provider_url":"https:\/\/lightweb.dev\/l\/svm-temp","author_name":"Robbie Eriksson","author_url":"https:\/\/lightweb.dev\/l\/svm-temp\/reporter\/robbie-eriksson\/","title":"M\u00e1lagas journalistf\u00f6rbund hj\u00e4lper jordb\u00e4vningsdrabbade barn","type":"rich","width":600,"height":338,"html":"<blockquote class=\"wp-embedded-content\" data-secret=\"sCNqcI0vMm\"><a href=\"https:\/\/lightweb.dev\/l\/svm-temp\/nyheter\/malagas-pressassociation-hjalper-jordbavningsdrabbade-barn\/\">M\u00e1lagas journalistf\u00f6rbund hj\u00e4lper jordb\u00e4vningsdrabbade barn<\/a><\/blockquote><iframe sandbox=\"allow-scripts\" security=\"restricted\" src=\"https:\/\/lightweb.dev\/l\/svm-temp\/nyheter\/malagas-pressassociation-hjalper-jordbavningsdrabbade-barn\/embed\/#?secret=sCNqcI0vMm\" width=\"600\" height=\"338\" title=\"\u201dM\u00e1lagas journalistf\u00f6rbund hj\u00e4lper jordb\u00e4vningsdrabbade barn\u201d &ndash; Svenska Magasinet\" data-secret=\"sCNqcI0vMm\" frameborder=\"0\" marginwidth=\"0\" marginheight=\"0\" scrolling=\"no\" class=\"wp-embedded-content\"><\/iframe><script type=\"text\/javascript\">\n\/* <![CDATA[ *\/\n\/*! This file is auto-generated *\/\n!function(d,l){\"use strict\";l.querySelector&&d.addEventListener&&\"undefined\"!=typeof URL&&(d.wp=d.wp||{},d.wp.receiveEmbedMessage||(d.wp.receiveEmbedMessage=function(e){var t=e.data;if((t||t.secret||t.message||t.value)&&!\/[^a-zA-Z0-9]\/.test(t.secret)){for(var s,r,n,a=l.querySelectorAll('iframe[data-secret=\"'+t.secret+'\"]'),o=l.querySelectorAll('blockquote[data-secret=\"'+t.secret+'\"]'),c=new RegExp(\"^https?:$\",\"i\"),i=0;i<o.length;i++)o[i].style.display=\"none\";for(i=0;i<a.length;i++)s=a[i],e.source===s.contentWindow&&(s.removeAttribute(\"style\"),\"height\"===t.message?(1e3<(r=parseInt(t.value,10))?r=1e3:~~r<200&&(r=200),s.height=r):\"link\"===t.message&&(r=new URL(s.getAttribute(\"src\")),n=new URL(t.value),c.test(n.protocol))&&n.host===r.host&&l.activeElement===s&&(d.top.location.href=t.value))}},d.addEventListener(\"message\",d.wp.receiveEmbedMessage,!1),l.addEventListener(\"DOMContentLoaded\",function(){for(var e,t,s=l.querySelectorAll(\"iframe.wp-embedded-content\"),r=0;r<s.length;r++)(t=(e=s[r]).getAttribute(\"data-secret\"))||(t=Math.random().toString(36).substring(2,12),e.src+=\"#?secret=\"+t,e.setAttribute(\"data-secret\",t)),e.contentWindow.postMessage({message:\"ready\",secret:t},\"*\")},!1)))}(window,document);\n\/* ]]> *\/\n<\/script>\n","thumbnail_url":"https:\/\/lightweb.dev\/l\/svm-temp\/wp-content\/uploads\/2023\/07\/DIPLOMA-Asoc-Prensa-Malaga-2023_page-0001-696x482-1.jpg","thumbnail_width":696,"thumbnail_height":482,"description":"I v\u00e5ras anordnades den sj\u00e4tte upplagan av M\u00e1lagas presslopp som st\u00f6d f\u00f6r pressfriheten. Delar av int\u00e4kterna g\u00e5r varje \u00e5r till v\u00e4lg\u00f6rande \u00e4ndam\u00e5l..."}

Málagas journalistförbund hjälper jordbävningsdrabbade barn

<blockquote class="wp-embedded-content" data-secret="sCNqcI0vMm"><a href="https://lightweb.dev/l/svm-temp/nyheter/malagas-pressassociation-hjalper-jordbavningsdrabbade-barn/">Málagas journalistförbund hjälper jordbävningsdrabbade barn</a></blockquote><iframe sandbox="allow-scripts" security="restricted" src="https://lightweb.dev/l/svm-temp/nyheter/malagas-pressassociation-hjalper-jordbavningsdrabbade-barn/embed/#?secret=sCNqcI0vMm" width="600" height="338" title="”Málagas journalistförbund hjälper jordbävningsdrabbade barn” &ndash; Svenska Magasinet" data-secret="sCNqcI0vMm" frameborder="0" marginwidth="0" marginheight="0" scrolling="no" class="wp-embedded-content"></iframe><script type="text/javascript">
/* <![CDATA[ */
/*! This file is auto-generated */
!function(d,l){"use strict";l.querySelector&&d.addEventListener&&"undefined"!=typeof URL&&(d.wp=d.wp||{},d.wp.receiveEmbedMessage||(d.wp.receiveEmbedMessage=function(e){var t=e.data;if((t||t.secret||t.message||t.value)&&!/[^a-zA-Z0-9]/.test(t.secret)){for(var s,r,n,a=l.querySelectorAll('iframe[data-secret="'+t.secret+'"]'),o=l.querySelectorAll('blockquote[data-secret="'+t.secret+'"]'),c=new RegExp("^https?:$","i"),i=0;i<o.length;i++)o[i].style.display="none";for(i=0;i<a.length;i++)s=a[i],e.source===s.contentWindow&&(s.removeAttribute("style"),"height"===t.message?(1e3<(r=parseInt(t.value,10))?r=1e3:~~r<200&&(r=200),s.height=r):"link"===t.message&&(r=new URL(s.getAttribute("src")),n=new URL(t.value),c.test(n.protocol))&&n.host===r.host&&l.activeElement===s&&(d.top.location.href=t.value))}},d.addEventListener("message",d.wp.receiveEmbedMessage,!1),l.addEventListener("DOMContentLoaded",function(){for(var e,t,s=l.querySelectorAll("iframe.wp-embedded-content"),r=0;r<s.length;r++)(t=(e=s[r]).getAttribute("data-secret"))||(t=Math.random().toString(36).substring(2,12),e.src+="#?secret="+t,e.setAttribute("data-secret",t)),e.contentWindow.postMessage({message:"ready",secret:t},"*")},!1)))}(window,document);
/* ]]> */
</script>

I våras anordnades den sjätte upplagan av Málagas presslopp som stöd för pressfriheten. Delar av intäkterna går varje år till välgörande ändamål...
