{"version":"1.0","provider_name":"Svenska Magasinet","provider_url":"https:\/\/lightweb.dev\/l\/svm-temp","author_name":"Redaktionen SvM","author_url":"https:\/\/lightweb.dev\/l\/svm-temp\/reporter\/redaktionen\/","title":"Malm\u00f6 ska l\u00e4ra sig av Bilbao","type":"rich","width":600,"height":338,"html":"<blockquote class=\"wp-embedded-content\" data-secret=\"L069KxCsWn\"><a href=\"https:\/\/lightweb.dev\/l\/svm-temp\/nyheter\/malmo-ska-lara-sig-av-bilbao\/\">Malm\u00f6 ska l\u00e4ra sig av Bilbao<\/a><\/blockquote><iframe sandbox=\"allow-scripts\" security=\"restricted\" src=\"https:\/\/lightweb.dev\/l\/svm-temp\/nyheter\/malmo-ska-lara-sig-av-bilbao\/embed\/#?secret=L069KxCsWn\" width=\"600\" height=\"338\" title=\"\u201dMalm\u00f6 ska l\u00e4ra sig av Bilbao\u201d &ndash; Svenska Magasinet\" data-secret=\"L069KxCsWn\" frameborder=\"0\" marginwidth=\"0\" marginheight=\"0\" scrolling=\"no\" class=\"wp-embedded-content\"><\/iframe><script type=\"text\/javascript\">\n\/* <![CDATA[ *\/\n\/*! This file is auto-generated *\/\n!function(d,l){\"use strict\";l.querySelector&&d.addEventListener&&\"undefined\"!=typeof URL&&(d.wp=d.wp||{},d.wp.receiveEmbedMessage||(d.wp.receiveEmbedMessage=function(e){var t=e.data;if((t||t.secret||t.message||t.value)&&!\/[^a-zA-Z0-9]\/.test(t.secret)){for(var s,r,n,a=l.querySelectorAll('iframe[data-secret=\"'+t.secret+'\"]'),o=l.querySelectorAll('blockquote[data-secret=\"'+t.secret+'\"]'),c=new RegExp(\"^https?:$\",\"i\"),i=0;i<o.length;i++)o[i].style.display=\"none\";for(i=0;i<a.length;i++)s=a[i],e.source===s.contentWindow&&(s.removeAttribute(\"style\"),\"height\"===t.message?(1e3<(r=parseInt(t.value,10))?r=1e3:~~r<200&&(r=200),s.height=r):\"link\"===t.message&&(r=new URL(s.getAttribute(\"src\")),n=new URL(t.value),c.test(n.protocol))&&n.host===r.host&&l.activeElement===s&&(d.top.location.href=t.value))}},d.addEventListener(\"message\",d.wp.receiveEmbedMessage,!1),l.addEventListener(\"DOMContentLoaded\",function(){for(var e,t,s=l.querySelectorAll(\"iframe.wp-embedded-content\"),r=0;r<s.length;r++)(t=(e=s[r]).getAttribute(\"data-secret\"))||(t=Math.random().toString(36).substring(2,12),e.src+=\"#?secret=\"+t,e.setAttribute(\"data-secret\",t)),e.contentWindow.postMessage({message:\"ready\",secret:t},\"*\")},!1)))}(window,document);\n\/* ]]> *\/\n<\/script>\n","thumbnail_url":"https:\/\/lightweb.dev\/l\/svm-temp\/wp-content\/uploads\/2022\/06\/malmo-ska-lara-sig-av-bilbao.png","thumbnail_width":385,"thumbnail_height":200,"description":"Ett tjugotal representanter fr\u00e5n Malm\u00f6 stad bes\u00f6ker just nu nordspanska Bilbao f\u00f6r att studera kommunens sociala handlingsprogram n\u00e4r det g\u00e4ller att bek\u00e4mpa k\u00f6nsrelaterat v\u00e5ld, bostadspolitik, stadsplanering och den ekonomiska omvandling som gjorts i Bilbao. Under onsdagen och torsdagen kommer man att m\u00f6ta socialn\u00e4mndens ordf\u00f6rande Francisco Dehesa samt Amaia Domingo inom j\u00e4mst\u00e4lldhet och den bostadsansvariga Isabel [&hellip;]"}

Malmö ska lära sig av Bilbao

<blockquote class="wp-embedded-content" data-secret="L069KxCsWn"><a href="https://lightweb.dev/l/svm-temp/nyheter/malmo-ska-lara-sig-av-bilbao/">Malmö ska lära sig av Bilbao</a></blockquote><iframe sandbox="allow-scripts" security="restricted" src="https://lightweb.dev/l/svm-temp/nyheter/malmo-ska-lara-sig-av-bilbao/embed/#?secret=L069KxCsWn" width="600" height="338" title="”Malmö ska lära sig av Bilbao” &ndash; Svenska Magasinet" data-secret="L069KxCsWn" frameborder="0" marginwidth="0" marginheight="0" scrolling="no" class="wp-embedded-content"></iframe><script type="text/javascript">
/* <![CDATA[ */
/*! This file is auto-generated */
!function(d,l){"use strict";l.querySelector&&d.addEventListener&&"undefined"!=typeof URL&&(d.wp=d.wp||{},d.wp.receiveEmbedMessage||(d.wp.receiveEmbedMessage=function(e){var t=e.data;if((t||t.secret||t.message||t.value)&&!/[^a-zA-Z0-9]/.test(t.secret)){for(var s,r,n,a=l.querySelectorAll('iframe[data-secret="'+t.secret+'"]'),o=l.querySelectorAll('blockquote[data-secret="'+t.secret+'"]'),c=new RegExp("^https?:$","i"),i=0;i<o.length;i++)o[i].style.display="none";for(i=0;i<a.length;i++)s=a[i],e.source===s.contentWindow&&(s.removeAttribute("style"),"height"===t.message?(1e3<(r=parseInt(t.value,10))?r=1e3:~~r<200&&(r=200),s.height=r):"link"===t.message&&(r=new URL(s.getAttribute("src")),n=new URL(t.value),c.test(n.protocol))&&n.host===r.host&&l.activeElement===s&&(d.top.location.href=t.value))}},d.addEventListener("message",d.wp.receiveEmbedMessage,!1),l.addEventListener("DOMContentLoaded",function(){for(var e,t,s=l.querySelectorAll("iframe.wp-embedded-content"),r=0;r<s.length;r++)(t=(e=s[r]).getAttribute("data-secret"))||(t=Math.random().toString(36).substring(2,12),e.src+="#?secret="+t,e.setAttribute("data-secret",t)),e.contentWindow.postMessage({message:"ready",secret:t},"*")},!1)))}(window,document);
/* ]]> */
</script>

Ett tjugotal representanter från Malmö stad besöker just nu nordspanska Bilbao för att studera kommunens sociala handlingsprogram när det gäller att bekämpa könsrelaterat våld, bostadspolitik, stadsplanering och den ekonomiska omvandling som gjorts i Bilbao. Under onsdagen och torsdagen kommer man att möta socialnämndens ordförande Francisco Dehesa samt Amaia Domingo inom jämställdhet och den bostadsansvariga Isabel [&hellip;]
