{"version":"1.0","provider_name":"Svenska Magasinet","provider_url":"https:\/\/lightweb.dev\/l\/svm-temp","author_name":"Redaktionen SvM","author_url":"https:\/\/lightweb.dev\/l\/svm-temp\/reporter\/redaktionen\/","title":"Marbella satsar p\u00e5 kitesurfing","type":"rich","width":600,"height":338,"html":"<blockquote class=\"wp-embedded-content\" data-secret=\"Jrbt1trsmT\"><a href=\"https:\/\/lightweb.dev\/l\/svm-temp\/nyheter\/marbella-satsar-pa-kitesurfing\/\">Marbella satsar p\u00e5 kitesurfing<\/a><\/blockquote><iframe sandbox=\"allow-scripts\" security=\"restricted\" src=\"https:\/\/lightweb.dev\/l\/svm-temp\/nyheter\/marbella-satsar-pa-kitesurfing\/embed\/#?secret=Jrbt1trsmT\" width=\"600\" height=\"338\" title=\"\u201dMarbella satsar p\u00e5 kitesurfing\u201d &ndash; Svenska Magasinet\" data-secret=\"Jrbt1trsmT\" frameborder=\"0\" marginwidth=\"0\" marginheight=\"0\" scrolling=\"no\" class=\"wp-embedded-content\"><\/iframe><script type=\"text\/javascript\">\n\/* <![CDATA[ *\/\n\/*! This file is auto-generated *\/\n!function(d,l){\"use strict\";l.querySelector&&d.addEventListener&&\"undefined\"!=typeof URL&&(d.wp=d.wp||{},d.wp.receiveEmbedMessage||(d.wp.receiveEmbedMessage=function(e){var t=e.data;if((t||t.secret||t.message||t.value)&&!\/[^a-zA-Z0-9]\/.test(t.secret)){for(var s,r,n,a=l.querySelectorAll('iframe[data-secret=\"'+t.secret+'\"]'),o=l.querySelectorAll('blockquote[data-secret=\"'+t.secret+'\"]'),c=new RegExp(\"^https?:$\",\"i\"),i=0;i<o.length;i++)o[i].style.display=\"none\";for(i=0;i<a.length;i++)s=a[i],e.source===s.contentWindow&&(s.removeAttribute(\"style\"),\"height\"===t.message?(1e3<(r=parseInt(t.value,10))?r=1e3:~~r<200&&(r=200),s.height=r):\"link\"===t.message&&(r=new URL(s.getAttribute(\"src\")),n=new URL(t.value),c.test(n.protocol))&&n.host===r.host&&l.activeElement===s&&(d.top.location.href=t.value))}},d.addEventListener(\"message\",d.wp.receiveEmbedMessage,!1),l.addEventListener(\"DOMContentLoaded\",function(){for(var e,t,s=l.querySelectorAll(\"iframe.wp-embedded-content\"),r=0;r<s.length;r++)(t=(e=s[r]).getAttribute(\"data-secret\"))||(t=Math.random().toString(36).substring(2,12),e.src+=\"#?secret=\"+t,e.setAttribute(\"data-secret\",t)),e.contentWindow.postMessage({message:\"ready\",secret:t},\"*\")},!1)))}(window,document);\n\/* ]]> *\/\n<\/script>\n","thumbnail_url":"https:\/\/lightweb.dev\/l\/svm-temp\/wp-content\/uploads\/2022\/06\/marbella-satsar-pa-kitesurfing.png","thumbnail_width":700,"thumbnail_height":420,"description":"Marbella Kite Club har f\u00e5tt kommunens godk\u00e4nnande f\u00f6r att anv\u00e4nda ett 300 meter l\u00e5ngt strandomr\u00e5de f\u00f6r kitesurfing. Hittills har de varit h\u00e4nvisade till ett mindre l\u00e4mpligt omr\u00e5de vid Rio Real men det nya omr\u00e5det blir mellan Chiringuito Palm Beach och parkeringen vid Calle Realejo, dvs mellan Elviria och Marbella centrum. Nu fattas bara att de [&hellip;]"}

Marbella satsar på kitesurfing

<blockquote class="wp-embedded-content" data-secret="Jrbt1trsmT"><a href="https://lightweb.dev/l/svm-temp/nyheter/marbella-satsar-pa-kitesurfing/">Marbella satsar på kitesurfing</a></blockquote><iframe sandbox="allow-scripts" security="restricted" src="https://lightweb.dev/l/svm-temp/nyheter/marbella-satsar-pa-kitesurfing/embed/#?secret=Jrbt1trsmT" width="600" height="338" title="”Marbella satsar på kitesurfing” &ndash; Svenska Magasinet" data-secret="Jrbt1trsmT" frameborder="0" marginwidth="0" marginheight="0" scrolling="no" class="wp-embedded-content"></iframe><script type="text/javascript">
/* <![CDATA[ */
/*! This file is auto-generated */
!function(d,l){"use strict";l.querySelector&&d.addEventListener&&"undefined"!=typeof URL&&(d.wp=d.wp||{},d.wp.receiveEmbedMessage||(d.wp.receiveEmbedMessage=function(e){var t=e.data;if((t||t.secret||t.message||t.value)&&!/[^a-zA-Z0-9]/.test(t.secret)){for(var s,r,n,a=l.querySelectorAll('iframe[data-secret="'+t.secret+'"]'),o=l.querySelectorAll('blockquote[data-secret="'+t.secret+'"]'),c=new RegExp("^https?:$","i"),i=0;i<o.length;i++)o[i].style.display="none";for(i=0;i<a.length;i++)s=a[i],e.source===s.contentWindow&&(s.removeAttribute("style"),"height"===t.message?(1e3<(r=parseInt(t.value,10))?r=1e3:~~r<200&&(r=200),s.height=r):"link"===t.message&&(r=new URL(s.getAttribute("src")),n=new URL(t.value),c.test(n.protocol))&&n.host===r.host&&l.activeElement===s&&(d.top.location.href=t.value))}},d.addEventListener("message",d.wp.receiveEmbedMessage,!1),l.addEventListener("DOMContentLoaded",function(){for(var e,t,s=l.querySelectorAll("iframe.wp-embedded-content"),r=0;r<s.length;r++)(t=(e=s[r]).getAttribute("data-secret"))||(t=Math.random().toString(36).substring(2,12),e.src+="#?secret="+t,e.setAttribute("data-secret",t)),e.contentWindow.postMessage({message:"ready",secret:t},"*")},!1)))}(window,document);
/* ]]> */
</script>

Marbella Kite Club har fått kommunens godkännande för att använda ett 300 meter långt strandområde för kitesurfing. Hittills har de varit hänvisade till ett mindre lämpligt område vid Rio Real men det nya området blir mellan Chiringuito Palm Beach och parkeringen vid Calle Realejo, dvs mellan Elviria och Marbella centrum. Nu fattas bara att de [&hellip;]
