{"version":"1.0","provider_name":"Svenska Magasinet","provider_url":"https:\/\/lightweb.dev\/l\/svm-temp","author_name":"Redaktionen SvM","author_url":"https:\/\/lightweb.dev\/l\/svm-temp\/reporter\/redaktionen\/","title":"Marocko bromsar \u00e5terf\u00f6randet av illegala invandrare","type":"rich","width":600,"height":338,"html":"<blockquote class=\"wp-embedded-content\" data-secret=\"V8Gv6nxALG\"><a href=\"https:\/\/lightweb.dev\/l\/svm-temp\/nyheter\/marocko-bromsar-aterforandet-av-illegala-invandrare\/\">Marocko bromsar \u00e5terf\u00f6randet av illegala invandrare<\/a><\/blockquote><iframe sandbox=\"allow-scripts\" security=\"restricted\" src=\"https:\/\/lightweb.dev\/l\/svm-temp\/nyheter\/marocko-bromsar-aterforandet-av-illegala-invandrare\/embed\/#?secret=V8Gv6nxALG\" width=\"600\" height=\"338\" title=\"\u201dMarocko bromsar \u00e5terf\u00f6randet av illegala invandrare\u201d &ndash; Svenska Magasinet\" data-secret=\"V8Gv6nxALG\" frameborder=\"0\" marginwidth=\"0\" marginheight=\"0\" scrolling=\"no\" class=\"wp-embedded-content\"><\/iframe><script type=\"text\/javascript\">\n\/* <![CDATA[ *\/\n\/*! This file is auto-generated *\/\n!function(d,l){\"use strict\";l.querySelector&&d.addEventListener&&\"undefined\"!=typeof URL&&(d.wp=d.wp||{},d.wp.receiveEmbedMessage||(d.wp.receiveEmbedMessage=function(e){var t=e.data;if((t||t.secret||t.message||t.value)&&!\/[^a-zA-Z0-9]\/.test(t.secret)){for(var s,r,n,a=l.querySelectorAll('iframe[data-secret=\"'+t.secret+'\"]'),o=l.querySelectorAll('blockquote[data-secret=\"'+t.secret+'\"]'),c=new RegExp(\"^https?:$\",\"i\"),i=0;i<o.length;i++)o[i].style.display=\"none\";for(i=0;i<a.length;i++)s=a[i],e.source===s.contentWindow&&(s.removeAttribute(\"style\"),\"height\"===t.message?(1e3<(r=parseInt(t.value,10))?r=1e3:~~r<200&&(r=200),s.height=r):\"link\"===t.message&&(r=new URL(s.getAttribute(\"src\")),n=new URL(t.value),c.test(n.protocol))&&n.host===r.host&&l.activeElement===s&&(d.top.location.href=t.value))}},d.addEventListener(\"message\",d.wp.receiveEmbedMessage,!1),l.addEventListener(\"DOMContentLoaded\",function(){for(var e,t,s=l.querySelectorAll(\"iframe.wp-embedded-content\"),r=0;r<s.length;r++)(t=(e=s[r]).getAttribute(\"data-secret\"))||(t=Math.random().toString(36).substring(2,12),e.src+=\"#?secret=\"+t,e.setAttribute(\"data-secret\",t)),e.contentWindow.postMessage({message:\"ready\",secret:t},\"*\")},!1)))}(window,document);\n\/* ]]> *\/\n<\/script>\n","thumbnail_url":"https:\/\/lightweb.dev\/l\/svm-temp\/wp-content\/uploads\/2022\/06\/marocko-bromsar-aterforandet-av-illegala-invandrare.png","thumbnail_width":500,"thumbnail_height":301,"description":"Grannlandet Marocko begr\u00e4nsar nu \u00e5terf\u00f6randet av illegala immigranter fr\u00e5n de spanska enklaverna Ceuta och Melilla till bara tio stycken per dag och gr\u00e4nsstation. Det \u00e4r inte f\u00f6rsta g\u00e5ngen som Marocko \u00e4ndrar sina kriterier i hanteringen av \u00e5ters\u00e4ndningen av immigranter. Vad som g\u00e4llde innan denna f\u00f6r\u00e4ndringen var 25 per dag n\u00e5got som av de spanska myndigheterna [&hellip;]"}

Marocko bromsar återförandet av illegala invandrare

<blockquote class="wp-embedded-content" data-secret="V8Gv6nxALG"><a href="https://lightweb.dev/l/svm-temp/nyheter/marocko-bromsar-aterforandet-av-illegala-invandrare/">Marocko bromsar återförandet av illegala invandrare</a></blockquote><iframe sandbox="allow-scripts" security="restricted" src="https://lightweb.dev/l/svm-temp/nyheter/marocko-bromsar-aterforandet-av-illegala-invandrare/embed/#?secret=V8Gv6nxALG" width="600" height="338" title="”Marocko bromsar återförandet av illegala invandrare” &ndash; Svenska Magasinet" data-secret="V8Gv6nxALG" frameborder="0" marginwidth="0" marginheight="0" scrolling="no" class="wp-embedded-content"></iframe><script type="text/javascript">
/* <![CDATA[ */
/*! This file is auto-generated */
!function(d,l){"use strict";l.querySelector&&d.addEventListener&&"undefined"!=typeof URL&&(d.wp=d.wp||{},d.wp.receiveEmbedMessage||(d.wp.receiveEmbedMessage=function(e){var t=e.data;if((t||t.secret||t.message||t.value)&&!/[^a-zA-Z0-9]/.test(t.secret)){for(var s,r,n,a=l.querySelectorAll('iframe[data-secret="'+t.secret+'"]'),o=l.querySelectorAll('blockquote[data-secret="'+t.secret+'"]'),c=new RegExp("^https?:$","i"),i=0;i<o.length;i++)o[i].style.display="none";for(i=0;i<a.length;i++)s=a[i],e.source===s.contentWindow&&(s.removeAttribute("style"),"height"===t.message?(1e3<(r=parseInt(t.value,10))?r=1e3:~~r<200&&(r=200),s.height=r):"link"===t.message&&(r=new URL(s.getAttribute("src")),n=new URL(t.value),c.test(n.protocol))&&n.host===r.host&&l.activeElement===s&&(d.top.location.href=t.value))}},d.addEventListener("message",d.wp.receiveEmbedMessage,!1),l.addEventListener("DOMContentLoaded",function(){for(var e,t,s=l.querySelectorAll("iframe.wp-embedded-content"),r=0;r<s.length;r++)(t=(e=s[r]).getAttribute("data-secret"))||(t=Math.random().toString(36).substring(2,12),e.src+="#?secret="+t,e.setAttribute("data-secret",t)),e.contentWindow.postMessage({message:"ready",secret:t},"*")},!1)))}(window,document);
/* ]]> */
</script>

Grannlandet Marocko begränsar nu återförandet av illegala immigranter från de spanska enklaverna Ceuta och Melilla till bara tio stycken per dag och gränsstation. Det är inte första gången som Marocko ändrar sina kriterier i hanteringen av återsändningen av immigranter. Vad som gällde innan denna förändringen var 25 per dag något som av de spanska myndigheterna [&hellip;]
