{"version":"1.0","provider_name":"Svenska Magasinet","provider_url":"https:\/\/lightweb.dev\/l\/svm-temp","author_name":"Ola Josefsson","author_url":"https:\/\/lightweb.dev\/l\/svm-temp\/reporter\/ola-josefsson\/","title":"Navarra, Aragonien och La Rioja katastrofzoner","type":"rich","width":600,"height":338,"html":"<blockquote class=\"wp-embedded-content\" data-secret=\"RW3Bkjr38p\"><a href=\"https:\/\/lightweb.dev\/l\/svm-temp\/nyheter\/navarra-aragonien-och-la-rioja-katastrofzoner\/\">Navarra, Aragonien och La Rioja katastrofzoner<\/a><\/blockquote><iframe sandbox=\"allow-scripts\" security=\"restricted\" src=\"https:\/\/lightweb.dev\/l\/svm-temp\/nyheter\/navarra-aragonien-och-la-rioja-katastrofzoner\/embed\/#?secret=RW3Bkjr38p\" width=\"600\" height=\"338\" title=\"\u201dNavarra, Aragonien och La Rioja katastrofzoner\u201d &ndash; Svenska Magasinet\" data-secret=\"RW3Bkjr38p\" frameborder=\"0\" marginwidth=\"0\" marginheight=\"0\" scrolling=\"no\" class=\"wp-embedded-content\"><\/iframe><script type=\"text\/javascript\">\n\/* <![CDATA[ *\/\n\/*! This file is auto-generated *\/\n!function(d,l){\"use strict\";l.querySelector&&d.addEventListener&&\"undefined\"!=typeof URL&&(d.wp=d.wp||{},d.wp.receiveEmbedMessage||(d.wp.receiveEmbedMessage=function(e){var t=e.data;if((t||t.secret||t.message||t.value)&&!\/[^a-zA-Z0-9]\/.test(t.secret)){for(var s,r,n,a=l.querySelectorAll('iframe[data-secret=\"'+t.secret+'\"]'),o=l.querySelectorAll('blockquote[data-secret=\"'+t.secret+'\"]'),c=new RegExp(\"^https?:$\",\"i\"),i=0;i<o.length;i++)o[i].style.display=\"none\";for(i=0;i<a.length;i++)s=a[i],e.source===s.contentWindow&&(s.removeAttribute(\"style\"),\"height\"===t.message?(1e3<(r=parseInt(t.value,10))?r=1e3:~~r<200&&(r=200),s.height=r):\"link\"===t.message&&(r=new URL(s.getAttribute(\"src\")),n=new URL(t.value),c.test(n.protocol))&&n.host===r.host&&l.activeElement===s&&(d.top.location.href=t.value))}},d.addEventListener(\"message\",d.wp.receiveEmbedMessage,!1),l.addEventListener(\"DOMContentLoaded\",function(){for(var e,t,s=l.querySelectorAll(\"iframe.wp-embedded-content\"),r=0;r<s.length;r++)(t=(e=s[r]).getAttribute(\"data-secret\"))||(t=Math.random().toString(36).substring(2,12),e.src+=\"#?secret=\"+t,e.setAttribute(\"data-secret\",t)),e.contentWindow.postMessage({message:\"ready\",secret:t},\"*\")},!1)))}(window,document);\n\/* ]]> *\/\n<\/script>\n","thumbnail_url":"https:\/\/lightweb.dev\/l\/svm-temp\/wp-content\/uploads\/2022\/04\/navarra-aragonien-och-la-rioja-katastrofzoner.png","thumbnail_width":500,"thumbnail_height":300,"description":"\u00d6versv\u00e4mningarna i norra Spanien hotar nu \u00e4ven staden Zaragoza d\u00e4r Ebrofloden passerar. Enbart i Navarra har \u00f6versv\u00e4mningarna efter ov\u00e4dret Barra drabbat 15.000 hektar. Landets regeringschef Pedro S\u00e1nchez meddelar att ministerr\u00e5det kommer att utlysa de tre regionerna Navarra, Aragonien och La Rioja som katastrofzoner. Hittills har tv\u00e5 personer avlidit i samband med ov\u00e4dret i norra Spanien [&hellip;]"}

Översvämningarna i norra Spanien hotar nu även staden Zaragoza där Ebrofloden passerar. Enbart i Navarra har översvämningarna efter ovädret Barra drabbat 15.000 hektar. Landets regeringschef Pedro Sánchez meddelar att ministerrådet kommer att utlysa de tre regionerna Navarra, Aragonien och La Rioja som katastrofzoner. Hittills har två personer avlidit i samband med ovädret i norra Spanien [&hellip;]
