{"version":"1.0","provider_name":"Svenska Magasinet","provider_url":"https:\/\/lightweb.dev\/l\/svm-temp","author_name":"Redaktionen SvM","author_url":"https:\/\/lightweb.dev\/l\/svm-temp\/reporter\/redaktionen\/","title":"Nordiska turister \u00f6kar med 21 procent","type":"rich","width":600,"height":338,"html":"<blockquote class=\"wp-embedded-content\" data-secret=\"bt8quQqkft\"><a href=\"https:\/\/lightweb.dev\/l\/svm-temp\/nyheter\/nordiska-turister-okar-med-21-procent\/\">Nordiska turister \u00f6kar med 21 procent<\/a><\/blockquote><iframe sandbox=\"allow-scripts\" security=\"restricted\" src=\"https:\/\/lightweb.dev\/l\/svm-temp\/nyheter\/nordiska-turister-okar-med-21-procent\/embed\/#?secret=bt8quQqkft\" width=\"600\" height=\"338\" title=\"\u201dNordiska turister \u00f6kar med 21 procent\u201d &ndash; Svenska Magasinet\" data-secret=\"bt8quQqkft\" frameborder=\"0\" marginwidth=\"0\" marginheight=\"0\" scrolling=\"no\" class=\"wp-embedded-content\"><\/iframe><script type=\"text\/javascript\">\n\/* <![CDATA[ *\/\n\/*! This file is auto-generated *\/\n!function(d,l){\"use strict\";l.querySelector&&d.addEventListener&&\"undefined\"!=typeof URL&&(d.wp=d.wp||{},d.wp.receiveEmbedMessage||(d.wp.receiveEmbedMessage=function(e){var t=e.data;if((t||t.secret||t.message||t.value)&&!\/[^a-zA-Z0-9]\/.test(t.secret)){for(var s,r,n,a=l.querySelectorAll('iframe[data-secret=\"'+t.secret+'\"]'),o=l.querySelectorAll('blockquote[data-secret=\"'+t.secret+'\"]'),c=new RegExp(\"^https?:$\",\"i\"),i=0;i<o.length;i++)o[i].style.display=\"none\";for(i=0;i<a.length;i++)s=a[i],e.source===s.contentWindow&&(s.removeAttribute(\"style\"),\"height\"===t.message?(1e3<(r=parseInt(t.value,10))?r=1e3:~~r<200&&(r=200),s.height=r):\"link\"===t.message&&(r=new URL(s.getAttribute(\"src\")),n=new URL(t.value),c.test(n.protocol))&&n.host===r.host&&l.activeElement===s&&(d.top.location.href=t.value))}},d.addEventListener(\"message\",d.wp.receiveEmbedMessage,!1),l.addEventListener(\"DOMContentLoaded\",function(){for(var e,t,s=l.querySelectorAll(\"iframe.wp-embedded-content\"),r=0;r<s.length;r++)(t=(e=s[r]).getAttribute(\"data-secret\"))||(t=Math.random().toString(36).substring(2,12),e.src+=\"#?secret=\"+t,e.setAttribute(\"data-secret\",t)),e.contentWindow.postMessage({message:\"ready\",secret:t},\"*\")},!1)))}(window,document);\n\/* ]]> *\/\n<\/script>\n","thumbnail_url":"https:\/\/lightweb.dev\/l\/svm-temp\/wp-content\/uploads\/2022\/06\/nordiska-turister-okar-med-21-procent.png","thumbnail_width":301,"thumbnail_height":200,"description":"Antalet nordiska turister fortsatte att \u00f6ka i september. Enligt uppgifter fr\u00e5n Frontur \u00f6kade antalet utl\u00e4ndska turister i Andalusien med 2,7 procent under september. Andalusien \u00e4r den tredje mest bes\u00f6kta regionen. Det \u00e4r resen\u00e4rer fr\u00e5n Norden, Tyskland och Belgien som bidrar till den positiva \u00f6kningen \u00e4ven om antalet resen\u00e4rer fr\u00e5n Storbritannien \u00e4r st\u00f6rst. Antalet resen\u00e4rer fr\u00e5n [&hellip;]"}

Nordiska turister ökar med 21 procent

<blockquote class="wp-embedded-content" data-secret="bt8quQqkft"><a href="https://lightweb.dev/l/svm-temp/nyheter/nordiska-turister-okar-med-21-procent/">Nordiska turister ökar med 21 procent</a></blockquote><iframe sandbox="allow-scripts" security="restricted" src="https://lightweb.dev/l/svm-temp/nyheter/nordiska-turister-okar-med-21-procent/embed/#?secret=bt8quQqkft" width="600" height="338" title="”Nordiska turister ökar med 21 procent” &ndash; Svenska Magasinet" data-secret="bt8quQqkft" frameborder="0" marginwidth="0" marginheight="0" scrolling="no" class="wp-embedded-content"></iframe><script type="text/javascript">
/* <![CDATA[ */
/*! This file is auto-generated */
!function(d,l){"use strict";l.querySelector&&d.addEventListener&&"undefined"!=typeof URL&&(d.wp=d.wp||{},d.wp.receiveEmbedMessage||(d.wp.receiveEmbedMessage=function(e){var t=e.data;if((t||t.secret||t.message||t.value)&&!/[^a-zA-Z0-9]/.test(t.secret)){for(var s,r,n,a=l.querySelectorAll('iframe[data-secret="'+t.secret+'"]'),o=l.querySelectorAll('blockquote[data-secret="'+t.secret+'"]'),c=new RegExp("^https?:$","i"),i=0;i<o.length;i++)o[i].style.display="none";for(i=0;i<a.length;i++)s=a[i],e.source===s.contentWindow&&(s.removeAttribute("style"),"height"===t.message?(1e3<(r=parseInt(t.value,10))?r=1e3:~~r<200&&(r=200),s.height=r):"link"===t.message&&(r=new URL(s.getAttribute("src")),n=new URL(t.value),c.test(n.protocol))&&n.host===r.host&&l.activeElement===s&&(d.top.location.href=t.value))}},d.addEventListener("message",d.wp.receiveEmbedMessage,!1),l.addEventListener("DOMContentLoaded",function(){for(var e,t,s=l.querySelectorAll("iframe.wp-embedded-content"),r=0;r<s.length;r++)(t=(e=s[r]).getAttribute("data-secret"))||(t=Math.random().toString(36).substring(2,12),e.src+="#?secret="+t,e.setAttribute("data-secret",t)),e.contentWindow.postMessage({message:"ready",secret:t},"*")},!1)))}(window,document);
/* ]]> */
</script>

Antalet nordiska turister fortsatte att öka i september. Enligt uppgifter från Frontur ökade antalet utländska turister i Andalusien med 2,7 procent under september. Andalusien är den tredje mest besökta regionen. Det är resenärer från Norden, Tyskland och Belgien som bidrar till den positiva ökningen även om antalet resenärer från Storbritannien är störst. Antalet resenärer från [&hellip;]
