{"version":"1.0","provider_name":"Svenska Magasinet","provider_url":"https:\/\/lightweb.dev\/l\/svm-temp","author_name":"Ola Josefsson","author_url":"https:\/\/lightweb.dev\/l\/svm-temp\/reporter\/ola-josefsson\/","title":"Ny Ikeabutik i Marbella","type":"rich","width":600,"height":338,"html":"<blockquote class=\"wp-embedded-content\" data-secret=\"ma8WjYYHxu\"><a href=\"https:\/\/lightweb.dev\/l\/svm-temp\/nyheter\/ny-ikeabutik-i-marbella\/\">Ny Ikeabutik i Marbella<\/a><\/blockquote><iframe sandbox=\"allow-scripts\" security=\"restricted\" src=\"https:\/\/lightweb.dev\/l\/svm-temp\/nyheter\/ny-ikeabutik-i-marbella\/embed\/#?secret=ma8WjYYHxu\" width=\"600\" height=\"338\" title=\"\u201dNy Ikeabutik i Marbella\u201d &ndash; Svenska Magasinet\" data-secret=\"ma8WjYYHxu\" frameborder=\"0\" marginwidth=\"0\" marginheight=\"0\" scrolling=\"no\" class=\"wp-embedded-content\"><\/iframe><script type=\"text\/javascript\">\n\/* <![CDATA[ *\/\n\/*! This file is auto-generated *\/\n!function(d,l){\"use strict\";l.querySelector&&d.addEventListener&&\"undefined\"!=typeof URL&&(d.wp=d.wp||{},d.wp.receiveEmbedMessage||(d.wp.receiveEmbedMessage=function(e){var t=e.data;if((t||t.secret||t.message||t.value)&&!\/[^a-zA-Z0-9]\/.test(t.secret)){for(var s,r,n,a=l.querySelectorAll('iframe[data-secret=\"'+t.secret+'\"]'),o=l.querySelectorAll('blockquote[data-secret=\"'+t.secret+'\"]'),c=new RegExp(\"^https?:$\",\"i\"),i=0;i<o.length;i++)o[i].style.display=\"none\";for(i=0;i<a.length;i++)s=a[i],e.source===s.contentWindow&&(s.removeAttribute(\"style\"),\"height\"===t.message?(1e3<(r=parseInt(t.value,10))?r=1e3:~~r<200&&(r=200),s.height=r):\"link\"===t.message&&(r=new URL(s.getAttribute(\"src\")),n=new URL(t.value),c.test(n.protocol))&&n.host===r.host&&l.activeElement===s&&(d.top.location.href=t.value))}},d.addEventListener(\"message\",d.wp.receiveEmbedMessage,!1),l.addEventListener(\"DOMContentLoaded\",function(){for(var e,t,s=l.querySelectorAll(\"iframe.wp-embedded-content\"),r=0;r<s.length;r++)(t=(e=s[r]).getAttribute(\"data-secret\"))||(t=Math.random().toString(36).substring(2,12),e.src+=\"#?secret=\"+t,e.setAttribute(\"data-secret\",t)),e.contentWindow.postMessage({message:\"ready\",secret:t},\"*\")},!1)))}(window,document);\n\/* ]]> *\/\n<\/script>\n","thumbnail_url":"https:\/\/lightweb.dev\/l\/svm-temp\/wp-content\/uploads\/2022\/04\/ny-ikeabutik-i-marbella.png","thumbnail_width":500,"thumbnail_height":300,"description":"Ikea har \u00f6ppnat designbutik i k\u00f6pcentret La Ca\u00f1ada i Marbella. Butiken ska i f\u00f6rsta hand ha service f\u00f6r best\u00e4llning och r\u00e5dgivning inom design av k\u00f6k. F\u00f6rutom butiken p\u00e5 113 kvadratmeter finns ytterligare en butik p\u00e5 300 kvadratmeter f\u00f6r h\u00e4mtning av best\u00e4llda varor. Som Svenska Magasinet ber\u00e4ttade redan den 21 september har Ikeas planer varit att [&hellip;]"}

Ikea har öppnat designbutik i köpcentret La Cañada i Marbella. Butiken ska i första hand ha service för beställning och rådgivning inom design av kök. Förutom butiken på 113 kvadratmeter finns ytterligare en butik på 300 kvadratmeter för hämtning av beställda varor. Som Svenska Magasinet berättade redan den 21 september har Ikeas planer varit att [&hellip;]
