{"version":"1.0","provider_name":"Svenska Magasinet","provider_url":"https:\/\/lightweb.dev\/l\/svm-temp","author_name":"Redaktionen SvM","author_url":"https:\/\/lightweb.dev\/l\/svm-temp\/reporter\/redaktionen\/","title":"Pampigt nationaldagsfirande i Madrid","type":"rich","width":600,"height":338,"html":"<blockquote class=\"wp-embedded-content\" data-secret=\"ZqPcUTwWh8\"><a href=\"https:\/\/lightweb.dev\/l\/svm-temp\/nyheter\/pampigt-nationaldagsfirande-i-madrid\/\">Pampigt nationaldagsfirande i Madrid<\/a><\/blockquote><iframe sandbox=\"allow-scripts\" security=\"restricted\" src=\"https:\/\/lightweb.dev\/l\/svm-temp\/nyheter\/pampigt-nationaldagsfirande-i-madrid\/embed\/#?secret=ZqPcUTwWh8\" width=\"600\" height=\"338\" title=\"\u201dPampigt nationaldagsfirande i Madrid\u201d &ndash; Svenska Magasinet\" data-secret=\"ZqPcUTwWh8\" frameborder=\"0\" marginwidth=\"0\" marginheight=\"0\" scrolling=\"no\" class=\"wp-embedded-content\"><\/iframe><script type=\"text\/javascript\">\n\/* <![CDATA[ *\/\n\/*! This file is auto-generated *\/\n!function(d,l){\"use strict\";l.querySelector&&d.addEventListener&&\"undefined\"!=typeof URL&&(d.wp=d.wp||{},d.wp.receiveEmbedMessage||(d.wp.receiveEmbedMessage=function(e){var t=e.data;if((t||t.secret||t.message||t.value)&&!\/[^a-zA-Z0-9]\/.test(t.secret)){for(var s,r,n,a=l.querySelectorAll('iframe[data-secret=\"'+t.secret+'\"]'),o=l.querySelectorAll('blockquote[data-secret=\"'+t.secret+'\"]'),c=new RegExp(\"^https?:$\",\"i\"),i=0;i<o.length;i++)o[i].style.display=\"none\";for(i=0;i<a.length;i++)s=a[i],e.source===s.contentWindow&&(s.removeAttribute(\"style\"),\"height\"===t.message?(1e3<(r=parseInt(t.value,10))?r=1e3:~~r<200&&(r=200),s.height=r):\"link\"===t.message&&(r=new URL(s.getAttribute(\"src\")),n=new URL(t.value),c.test(n.protocol))&&n.host===r.host&&l.activeElement===s&&(d.top.location.href=t.value))}},d.addEventListener(\"message\",d.wp.receiveEmbedMessage,!1),l.addEventListener(\"DOMContentLoaded\",function(){for(var e,t,s=l.querySelectorAll(\"iframe.wp-embedded-content\"),r=0;r<s.length;r++)(t=(e=s[r]).getAttribute(\"data-secret\"))||(t=Math.random().toString(36).substring(2,12),e.src+=\"#?secret=\"+t,e.setAttribute(\"data-secret\",t)),e.contentWindow.postMessage({message:\"ready\",secret:t},\"*\")},!1)))}(window,document);\n\/* ]]> *\/\n<\/script>\n","thumbnail_url":"https:\/\/lightweb.dev\/l\/svm-temp\/wp-content\/uploads\/2022\/06\/pampigt-nationaldagsfirande-i-madrid.png","thumbnail_width":326,"thumbnail_height":200,"description":"Spanska kungaparet medverkade traditionsenligt vid nationaldagsfirandet under \u201dD\u00eda de la Fiesta Nacional\u201d vid plaza de C\u00e1novas del Castillo i Madrid p\u00e5 m\u00e5ndagen. Borgm\u00e4staren Manuela Carmena, regeringschefen Mariano Rajoy tillsammans med \u00f6vriga ministrar medverkade utom finansministern Luis de Guindos. Uppskattningsvis 3.400 milit\u00e4rer och gendarmer ur Guardias civile, 400 fler \u00e4n ifjol plus 48 motorfordon och 53 [&hellip;]"}

Spanska kungaparet medverkade traditionsenligt vid nationaldagsfirandet under ”Día de la Fiesta Nacional” vid plaza de Cánovas del Castillo i Madrid på måndagen. Borgmästaren Manuela Carmena, regeringschefen Mariano Rajoy tillsammans med övriga ministrar medverkade utom finansministern Luis de Guindos. Uppskattningsvis 3.400 militärer och gendarmer ur Guardias civile, 400 fler än ifjol plus 48 motorfordon och 53 [&hellip;]
