{"version":"1.0","provider_name":"Svenska Magasinet","provider_url":"https:\/\/lightweb.dev\/l\/svm-temp","author_name":"Redaktionen SvM","author_url":"https:\/\/lightweb.dev\/l\/svm-temp\/reporter\/redaktionen\/","title":"Provinsstyrelsen ska sp\u00e5ra vattenl\u00e4ckor och bedr\u00e4gerier","type":"rich","width":600,"height":338,"html":"<blockquote class=\"wp-embedded-content\" data-secret=\"AFG2R6I296\"><a href=\"https:\/\/lightweb.dev\/l\/svm-temp\/nyheter\/provinsstyrelsen-ska-spara-vattenlackor-och-bedragerier\/\">Provinsstyrelsen ska sp\u00e5ra vattenl\u00e4ckor och bedr\u00e4gerier<\/a><\/blockquote><iframe sandbox=\"allow-scripts\" security=\"restricted\" src=\"https:\/\/lightweb.dev\/l\/svm-temp\/nyheter\/provinsstyrelsen-ska-spara-vattenlackor-och-bedragerier\/embed\/#?secret=AFG2R6I296\" width=\"600\" height=\"338\" title=\"\u201dProvinsstyrelsen ska sp\u00e5ra vattenl\u00e4ckor och bedr\u00e4gerier\u201d &ndash; Svenska Magasinet\" data-secret=\"AFG2R6I296\" frameborder=\"0\" marginwidth=\"0\" marginheight=\"0\" scrolling=\"no\" class=\"wp-embedded-content\"><\/iframe><script type=\"text\/javascript\">\n\/* <![CDATA[ *\/\n\/*! This file is auto-generated *\/\n!function(d,l){\"use strict\";l.querySelector&&d.addEventListener&&\"undefined\"!=typeof URL&&(d.wp=d.wp||{},d.wp.receiveEmbedMessage||(d.wp.receiveEmbedMessage=function(e){var t=e.data;if((t||t.secret||t.message||t.value)&&!\/[^a-zA-Z0-9]\/.test(t.secret)){for(var s,r,n,a=l.querySelectorAll('iframe[data-secret=\"'+t.secret+'\"]'),o=l.querySelectorAll('blockquote[data-secret=\"'+t.secret+'\"]'),c=new RegExp(\"^https?:$\",\"i\"),i=0;i<o.length;i++)o[i].style.display=\"none\";for(i=0;i<a.length;i++)s=a[i],e.source===s.contentWindow&&(s.removeAttribute(\"style\"),\"height\"===t.message?(1e3<(r=parseInt(t.value,10))?r=1e3:~~r<200&&(r=200),s.height=r):\"link\"===t.message&&(r=new URL(s.getAttribute(\"src\")),n=new URL(t.value),c.test(n.protocol))&&n.host===r.host&&l.activeElement===s&&(d.top.location.href=t.value))}},d.addEventListener(\"message\",d.wp.receiveEmbedMessage,!1),l.addEventListener(\"DOMContentLoaded\",function(){for(var e,t,s=l.querySelectorAll(\"iframe.wp-embedded-content\"),r=0;r<s.length;r++)(t=(e=s[r]).getAttribute(\"data-secret\"))||(t=Math.random().toString(36).substring(2,12),e.src+=\"#?secret=\"+t,e.setAttribute(\"data-secret\",t)),e.contentWindow.postMessage({message:\"ready\",secret:t},\"*\")},!1)))}(window,document);\n\/* ]]> *\/\n<\/script>\n","thumbnail_url":"https:\/\/lightweb.dev\/l\/svm-temp\/wp-content\/uploads\/2022\/05\/provinsstyrelsen-ska-spara-vattenlackor-och-bedragerier.png","thumbnail_width":500,"thumbnail_height":300,"description":"Enligt unders\u00f6kningar faktureras det i snitt f\u00f6r mellan 130 till 250 liter vatten per inv\u00e5nare och dag. Men vattenf\u00f6rbrukningen ligger p\u00e5 800 liter vatten per inv\u00e5nare och dag. Provinsstyrelsen satsar en miljon euro f\u00f6r att unders\u00f6ka 800 kilometer vattenledningsr\u00f6r. Vattenbrist \u00e4r ett av de stora problemen som Solkusten brottas med. Senaste tiden har det regnat, [&hellip;]"}

Provinsstyrelsen ska spåra vattenläckor och bedrägerier

<blockquote class="wp-embedded-content" data-secret="AFG2R6I296"><a href="https://lightweb.dev/l/svm-temp/nyheter/provinsstyrelsen-ska-spara-vattenlackor-och-bedragerier/">Provinsstyrelsen ska spåra vattenläckor och bedrägerier</a></blockquote><iframe sandbox="allow-scripts" security="restricted" src="https://lightweb.dev/l/svm-temp/nyheter/provinsstyrelsen-ska-spara-vattenlackor-och-bedragerier/embed/#?secret=AFG2R6I296" width="600" height="338" title="”Provinsstyrelsen ska spåra vattenläckor och bedrägerier” &ndash; Svenska Magasinet" data-secret="AFG2R6I296" frameborder="0" marginwidth="0" marginheight="0" scrolling="no" class="wp-embedded-content"></iframe><script type="text/javascript">
/* <![CDATA[ */
/*! This file is auto-generated */
!function(d,l){"use strict";l.querySelector&&d.addEventListener&&"undefined"!=typeof URL&&(d.wp=d.wp||{},d.wp.receiveEmbedMessage||(d.wp.receiveEmbedMessage=function(e){var t=e.data;if((t||t.secret||t.message||t.value)&&!/[^a-zA-Z0-9]/.test(t.secret)){for(var s,r,n,a=l.querySelectorAll('iframe[data-secret="'+t.secret+'"]'),o=l.querySelectorAll('blockquote[data-secret="'+t.secret+'"]'),c=new RegExp("^https?:$","i"),i=0;i<o.length;i++)o[i].style.display="none";for(i=0;i<a.length;i++)s=a[i],e.source===s.contentWindow&&(s.removeAttribute("style"),"height"===t.message?(1e3<(r=parseInt(t.value,10))?r=1e3:~~r<200&&(r=200),s.height=r):"link"===t.message&&(r=new URL(s.getAttribute("src")),n=new URL(t.value),c.test(n.protocol))&&n.host===r.host&&l.activeElement===s&&(d.top.location.href=t.value))}},d.addEventListener("message",d.wp.receiveEmbedMessage,!1),l.addEventListener("DOMContentLoaded",function(){for(var e,t,s=l.querySelectorAll("iframe.wp-embedded-content"),r=0;r<s.length;r++)(t=(e=s[r]).getAttribute("data-secret"))||(t=Math.random().toString(36).substring(2,12),e.src+="#?secret="+t,e.setAttribute("data-secret",t)),e.contentWindow.postMessage({message:"ready",secret:t},"*")},!1)))}(window,document);
/* ]]> */
</script>

Enligt undersökningar faktureras det i snitt för mellan 130 till 250 liter vatten per invånare och dag. Men vattenförbrukningen ligger på 800 liter vatten per invånare och dag. Provinsstyrelsen satsar en miljon euro för att undersöka 800 kilometer vattenledningsrör. Vattenbrist är ett av de stora problemen som Solkusten brottas med. Senaste tiden har det regnat, [&hellip;]
